INSERT INTO `s0xl4_ucm_history` (`version_id`, `ucm_item_id`, `ucm_type_id`, `version_note`, `save_date`, `editor_user_id`, `character_count`, `sha1_hash`, `version_data`, `keep_forever`) VALUES
(380, 1, 1, '', '2020-06-15 08:20:59', 226, 6131, '0f9645172d50f709cc2e34d165e70f0a2bd7dd05', '{\"id\":1,\"asset_id\":\"63\",\"title\":\"\\u0627\\u0637\\u0644\\u0627\\u0639\\u0627\\u062a \\u0634\\u062e\\u0635\\u06cc\",\"alias\":\"2019-05-21-04-57-06\",\"introtext\":\"<p><span style=\\\"font-family: \'comic sans ms\', sans-serif;\\\"><img style=\\\"float: right;\\\" src=\\\"images\\/mokhtari.jpg\\\" alt=\\\"mokhtari\\\" width=\\\"150\\\" height=\\\"200\\\" \\/><\\/span><\\/p>\\r\\n<h2 style=\\\"text-align: justify;\\\">&nbsp; &nbsp; \\u062f\\u06a9\\u062a\\u0631 \\u0632\\u0647\\u0631\\u0627 \\u0645\\u062e\\u062a\\u0627\\u0631\\u06cc<\\/h2>\\r\\n<h3>&nbsp;&nbsp; &nbsp; \\u0627\\u0633\\u062a\\u0627\\u062f\\u06cc\\u0627\\u0631 \\u06af\\u0631\\u0648\\u0647 \\u0632\\u0645\\u06cc\\u0646 \\u0634\\u0646\\u0627\\u0633\\u06cc - \\u0698\\u0626\\u0648\\u0634\\u06cc\\u0645\\u06cc<\\/h3>\\r\\n<h3>&nbsp; &nbsp; &nbsp;\\u062f\\u0627\\u0646\\u0634\\u06a9\\u062f\\u0647 \\u0639\\u0644\\u0648\\u0645\\u060c \\u062f\\u0627\\u0646\\u0634\\u06af\\u0627\\u0647 \\u0646\\u06cc\\u0634\\u0627\\u0628\\u0648\\u0631<\\/h3>\\r\\n<h3>&nbsp;&nbsp; &nbsp; \\u067e\\u0633\\u062a \\u0627\\u0644\\u06a9\\u062a\\u0631\\u0648\\u0646\\u06cc\\u06a9: <span style=\\\"font-family: \'times new roman\', times; font-size: 12pt;\\\"><a href=\\\"mailto:zahra.mokhtari@neyshabur.ac.ir\\\">zahra.mokhtari@neyshabur.ac.ir<\\/a><\\/span><\\/h3>\\r\\n<h3>&nbsp; &nbsp; &nbsp;\\u062a\\u0644\\u0641\\u0646 \\u062a\\u0645\\u0627\\u0633:&nbsp; &nbsp;&nbsp;&nbsp;&nbsp;5143305756 98+<\\/h3>\\r\\n<h3>&nbsp; &nbsp; &nbsp;\\u0641\\u0627\\u06a9\\u0633:&nbsp; &nbsp; &nbsp; &nbsp; &nbsp; &nbsp; 5143305234 98+<\\/h3>\\r\\n<h3>&nbsp; &nbsp; &nbsp;<a href=\\\"images\\/CV.pdf\\\" target=\\\"_blank\\\">CV<\\/a><\\/h3>\\r\\n<p>&nbsp;<\\/p>\\r\\n<p>&nbsp;<\\/p>\\r\\n<h2>\\u0632\\u0645\\u06cc\\u0646\\u0647 \\u0647\\u0627\\u06cc \\u0645\\u0648\\u0631\\u062f \\u0639\\u0644\\u0627\\u0642\\u0647<\\/h2>\\r\\n<ul>\\r\\n<li>\\u0634\\u0646\\u0627\\u0633\\u0627\\u06cc\\u06cc \\u067e\\u062a\\u0627\\u0646\\u0633\\u06cc\\u0644 \\u0647\\u0627\\u06cc \\u0645\\u0639\\u062f\\u0646\\u06cc \\u0648 \\u0646\\u0648\\u0627\\u062d\\u06cc \\u0627\\u0645\\u06cc\\u062f \\u0628\\u062e\\u0634 \\u0628\\u0627 \\u062a\\u06a9\\u06cc\\u0647 \\u0628\\u0631 \\u0631\\u0648\\u0634\\u200c\\u0647\\u0627\\u06cc \\u0646\\u0648\\u06cc\\u0646 \\u062f\\u0631 \\u0627\\u06a9\\u062a\\u0634\\u0627\\u0641\\u0627\\u062a \\u0698\\u0626\\u0648\\u0634\\u06cc\\u0645\\u06cc\\u0627\\u06cc\\u06cc<\\/li>\\r\\n<li>\\u0645\\u0637\\u0627\\u0644\\u0639\\u0627\\u062a \\u0645\\u0631\\u0628\\u0648\\u0637 \\u0628\\u0647 \\u06af\\u0648\\u0647\\u0631\\u0633\\u0646\\u06af\\u0647\\u0627<\\/li>\\r\\n<li>\\u062a\\u06a9\\u0646\\u06cc\\u06a9\\u0647\\u0627\\u06cc \\u0633\\u0646\\u062c\\u0634 \\u0627\\u0632 \\u062f\\u0648\\u0631<span style=\\\"font-size: 12pt;\\\"><span style=\\\"font-family: \'times new roman\', times;\\\"> (Remote sensing)<\\/span> <\\/span>\\u0648 \\u067e\\u0631\\u062f\\u0627\\u0632\\u0634 \\u062a\\u0635\\u0627\\u0648\\u06cc\\u0631 \\u0645\\u0627\\u0647\\u0648\\u0627\\u0631\\u0647\\u200c\\u0627\\u06cc <span style=\\\"font-family: \'times new roman\', times; font-size: 12pt;\\\">ETM<sup>+<\\/sup>\\u060c Landsat 8 \\u0648 ASTER<\\/span><\\/li>\\r\\n<li>\\u0645\\u062f\\u0644\\u200c\\u0633\\u0627\\u0632\\u06cc \\u0641\\u0631\\u0627\\u06a9\\u062a\\u0627\\u0644 \\u0648 \\u0645\\u0648\\u0644\\u062a\\u06cc\\u200c\\u0641\\u0631\\u0627\\u06a9\\u062a\\u0627\\u0644 \\u0628\\u0631\\u0627\\u06cc \\u062a\\u0639\\u06cc\\u06cc\\u0646 \\u062f\\u0642\\u06cc\\u0642 \\u0645\\u0646\\u0627\\u0637\\u0642 \\u062d\\u0627\\u0648\\u06cc \\u0622\\u0646\\u0648\\u0645\\u0627\\u0644\\u06cc<\\/li>\\r\\n<li>\\u0698\\u0626\\u0648\\u0634\\u06cc\\u0645\\u06cc \\u0627\\u06cc\\u0632\\u0648\\u062a\\u0648\\u067e\\u200c\\u0647\\u0627\\u06cc \\u067e\\u0627\\u06cc\\u062f\\u0627\\u0631 \\u0648 \\u0646\\u0627\\u067e\\u0627\\u06cc\\u062f\\u0627\\u0631<\\/li>\\r\\n<li>\\u0645\\u0637\\u0627\\u0644\\u0639\\u0627\\u062a \\u0645\\u0631\\u0628\\u0648\\u0637 \\u0628\\u0647 \\u0633\\u06cc\\u0627\\u0644\\u0627\\u062a\\u200c\\u062f\\u0631\\u06af\\u06cc\\u0631 \\u0648 \\u0644\\u06cc\\u0632\\u0631 \\u0631\\u0627\\u0645\\u0627\\u0646 \\u0627\\u0633\\u067e\\u06a9\\u062a\\u0631\\u0648\\u0633\\u06a9\\u0648\\u067e\\u06cc<\\/li>\\r\\n<li>\\u0645\\u0637\\u0627\\u0644\\u0639\\u0627\\u062a \\u0645\\u0631\\u0628\\u0648\\u0637 \\u0628\\u0647 \\u0622\\u0628\\u0647\\u0627\\u06cc \\u0632\\u06cc\\u0631\\u0632\\u0645\\u06cc\\u0646\\u06cc\\u060c \\u0647\\u06cc\\u062f\\u0631\\u0648\\u0698\\u0626\\u0648\\u0634\\u06cc\\u0645\\u06cc (\\u0628\\u0631\\u0631\\u0633\\u06cc \\u06a9\\u06cc\\u0641\\u06cc\\u062a \\u0645\\u0646\\u0627\\u0628\\u0639 \\u0622\\u0628) \\u0648 \\u0698\\u0626\\u0648\\u0634\\u06cc\\u0645\\u06cc \\u0632\\u06cc\\u0633\\u062a \\u0645\\u062d\\u06cc\\u0637\\u06cc<\\/li>\\r\\n<li>\\u0632\\u0645\\u06cc\\u0646 \\u0634\\u0646\\u0627\\u0633\\u06cc \\u0639\\u0645\\u0648\\u0645\\u06cc \\u0648 \\u0639\\u0645\\u0644\\u06cc\\u0627\\u062a \\u0635\\u062d\\u0631\\u0627\\u06cc\\u06cc<\\/li>\\r\\n<li>\\u0633\\u064a\\u0633\\u062a\\u0645 \\u0627\\u0637\\u0644\\u0627\\u0639\\u0627\\u062a \\u062c\\u063a\\u0631\\u0627\\u0641\\u064a\\u0627\\u064a\\u064a (GIS) \\u0648 \\u0646\\u0642\\u0634\\u0647\\u200c\\u0628\\u0631\\u062f\\u0627\\u0631\\u06cc<\\/li>\\r\\n<\\/ul>\",\"fulltext\":\"\",\"state\":1,\"catid\":\"8\",\"created\":\"2019-04-22 08:07:44\",\"created_by\":\"223\",\"created_by_alias\":\"\",\"modified\":\"2020-06-15 08:20:59\",\"modified_by\":\"226\",\"checked_out\":\"226\",\"checked_out_time\":\"2020-06-15 08:20:38\",\"publish_up\":\"2019-04-22 08:07:44\",\"publish_down\":\"0000-00-00 00:00:00\",\"images\":\"{\\\"image_intro\\\":\\\"\\\",\\\"float_intro\\\":\\\"\\\",\\\"image_intro_alt\\\":\\\"\\\",\\\"image_intro_caption\\\":\\\"\\\",\\\"image_fulltext\\\":\\\"\\\",\\\"float_fulltext\\\":\\\"\\\",\\\"image_fulltext_alt\\\":\\\"\\\",\\\"image_fulltext_caption\\\":\\\"\\\"}\",\"urls\":\"{\\\"urla\\\":false,\\\"urlatext\\\":\\\"\\\",\\\"targeta\\\":\\\"\\\",\\\"urlb\\\":false,\\\"urlbtext\\\":\\\"\\\",\\\"targetb\\\":\\\"\\\",\\\"urlc\\\":false,\\\"urlctext\\\":\\\"\\\",\\\"targetc\\\":\\\"\\\"}\",\"attribs\":\"{\\\"article_layout\\\":\\\"\\\",\\\"show_title\\\":\\\"\\\",\\\"link_titles\\\":\\\"\\\",\\\"show_tags\\\":\\\"\\\",\\\"show_intro\\\":\\\"\\\",\\\"info_block_position\\\":\\\"\\\",\\\"info_block_show_title\\\":\\\"\\\",\\\"show_category\\\":\\\"\\\",\\\"link_category\\\":\\\"\\\",\\\"show_parent_category\\\":\\\"\\\",\\\"link_parent_category\\\":\\\"\\\",\\\"show_associations\\\":\\\"\\\",\\\"show_author\\\":\\\"\\\",\\\"link_author\\\":\\\"\\\",\\\"show_create_date\\\":\\\"\\\",\\\"show_modify_date\\\":\\\"\\\",\\\"show_publish_date\\\":\\\"\\\",\\\"show_item_navigation\\\":\\\"\\\",\\\"show_icons\\\":\\\"\\\",\\\"show_print_icon\\\":\\\"\\\",\\\"show_email_icon\\\":\\\"\\\",\\\"show_vote\\\":\\\"\\\",\\\"show_hits\\\":\\\"\\\",\\\"show_noauth\\\":\\\"\\\",\\\"urls_position\\\":\\\"\\\",\\\"alternative_readmore\\\":\\\"\\\",\\\"article_page_title\\\":\\\"\\\"}\",\"version\":101,\"ordering\":\"13\",\"metakey\":\"\",\"metadesc\":\"\",\"access\":\"1\",\"hits\":\"1909\",\"metadata\":\"{\\\"robots\\\":\\\"\\\",\\\"author\\\":\\\"\\\",\\\"rights\\\":\\\"\\\",\\\"xreference\\\":\\\"\\\"}\",\"featured\":\"0\",\"language\":\"fa-IR\",\"xreference\":\"\",\"note\":\"\"}', 0),
(381, 1, 1, '', '2020-06-15 08:23:42', 226, 6129, 'c24ca32b623818a3f838ece0d612e1d30382cdab', '{\"id\":1,\"asset_id\":\"63\",\"title\":\"\\u0627\\u0637\\u0644\\u0627\\u0639\\u0627\\u062a \\u0634\\u062e\\u0635\\u06cc\",\"alias\":\"2019-05-21-04-57-06\",\"introtext\":\"<p><span style=\\\"font-family: \'comic sans ms\', sans-serif;\\\"><img style=\\\"float: right;\\\" src=\\\"images\\/mokhtari.jpg\\\" alt=\\\"mokhtari\\\" width=\\\"150\\\" height=\\\"200\\\" \\/><\\/span><\\/p>\\r\\n<h2 style=\\\"text-align: justify;\\\">&nbsp; &nbsp; \\u062f\\u06a9\\u062a\\u0631 \\u0632\\u0647\\u0631\\u0627 \\u0645\\u062e\\u062a\\u0627\\u0631\\u06cc<\\/h2>\\r\\n<h3>&nbsp;&nbsp; &nbsp; \\u0627\\u0633\\u062a\\u0627\\u062f\\u06cc\\u0627\\u0631 \\u06af\\u0631\\u0648\\u0647 \\u0632\\u0645\\u06cc\\u0646 \\u0634\\u0646\\u0627\\u0633\\u06cc - \\u0698\\u0626\\u0648\\u0634\\u06cc\\u0645\\u06cc<\\/h3>\\r\\n<h3>&nbsp; &nbsp; &nbsp;\\u062f\\u0627\\u0646\\u0634\\u06a9\\u062f\\u0647 \\u0639\\u0644\\u0648\\u0645\\u060c \\u062f\\u0627\\u0646\\u0634\\u06af\\u0627\\u0647 \\u0646\\u06cc\\u0634\\u0627\\u0628\\u0648\\u0631<\\/h3>\\r\\n<h3>&nbsp;&nbsp; &nbsp; \\u067e\\u0633\\u062a \\u0627\\u0644\\u06a9\\u062a\\u0631\\u0648\\u0646\\u06cc\\u06a9: <span style=\\\"font-family: \'times new roman\', times; font-size: 12pt;\\\"><a href=\\\"mailto:zahra.mokhtari@neyshabur.ac.ir\\\">zahra.mokhtari@neyshabur.ac.ir<\\/a><\\/span><\\/h3>\\r\\n<h3>&nbsp; &nbsp; &nbsp;\\u062a\\u0644\\u0641\\u0646 \\u062a\\u0645\\u0627\\u0633:&nbsp; &nbsp;&nbsp;&nbsp;&nbsp;5143305756 98+<\\/h3>\\r\\n<h3>&nbsp; &nbsp; &nbsp;\\u0641\\u0627\\u06a9\\u0633:&nbsp; &nbsp; &nbsp; &nbsp; &nbsp; &nbsp; 5143305234 98+<\\/h3>\\r\\n<h3>&nbsp; &nbsp; &nbsp;<a href=\\\"images\\/CV.pdf\\\" target=\\\"_blank\\\">CV<\\/a><\\/h3>\\r\\n<p>&nbsp;<\\/p>\\r\\n<p>&nbsp;<\\/p>\\r\\n<h2>\\u0632\\u0645\\u06cc\\u0646\\u0647 \\u0647\\u0627\\u06cc&nbsp;\\u062a\\u062d\\u0642\\u06cc\\u0642\\u0627\\u062a\\u06cc<\\/h2>\\r\\n<ul>\\r\\n<li>\\u0634\\u0646\\u0627\\u0633\\u0627\\u06cc\\u06cc \\u067e\\u062a\\u0627\\u0646\\u0633\\u06cc\\u0644 \\u0647\\u0627\\u06cc \\u0645\\u0639\\u062f\\u0646\\u06cc \\u0648 \\u0646\\u0648\\u0627\\u062d\\u06cc \\u0627\\u0645\\u06cc\\u062f \\u0628\\u062e\\u0634 \\u0628\\u0627 \\u062a\\u06a9\\u06cc\\u0647 \\u0628\\u0631 \\u0631\\u0648\\u0634\\u200c\\u0647\\u0627\\u06cc \\u0646\\u0648\\u06cc\\u0646 \\u062f\\u0631 \\u0627\\u06a9\\u062a\\u0634\\u0627\\u0641\\u0627\\u062a \\u0698\\u0626\\u0648\\u0634\\u06cc\\u0645\\u06cc\\u0627\\u06cc\\u06cc<\\/li>\\r\\n<li>\\u0645\\u0637\\u0627\\u0644\\u0639\\u0627\\u062a \\u0645\\u0631\\u0628\\u0648\\u0637 \\u0628\\u0647 \\u06af\\u0648\\u0647\\u0631\\u0633\\u0646\\u06af\\u0647\\u0627<\\/li>\\r\\n<li>\\u062a\\u06a9\\u0646\\u06cc\\u06a9\\u0647\\u0627\\u06cc \\u0633\\u0646\\u062c\\u0634 \\u0627\\u0632 \\u062f\\u0648\\u0631<span style=\\\"font-size: 12pt;\\\"><span style=\\\"font-family: \'times new roman\', times;\\\"> (Remote sensing)<\\/span> <\\/span>\\u0648 \\u067e\\u0631\\u062f\\u0627\\u0632\\u0634 \\u062a\\u0635\\u0627\\u0648\\u06cc\\u0631 \\u0645\\u0627\\u0647\\u0648\\u0627\\u0631\\u0647\\u200c\\u0627\\u06cc <span style=\\\"font-family: \'times new roman\', times; font-size: 12pt;\\\">ETM<sup>+<\\/sup>\\u060c Landsat 8 \\u0648 ASTER<\\/span><\\/li>\\r\\n<li>\\u0645\\u062f\\u0644\\u200c\\u0633\\u0627\\u0632\\u06cc \\u0641\\u0631\\u0627\\u06a9\\u062a\\u0627\\u0644 \\u0648 \\u0645\\u0648\\u0644\\u062a\\u06cc\\u200c\\u0641\\u0631\\u0627\\u06a9\\u062a\\u0627\\u0644 \\u0628\\u0631\\u0627\\u06cc \\u062a\\u0639\\u06cc\\u06cc\\u0646 \\u062f\\u0642\\u06cc\\u0642 \\u0645\\u0646\\u0627\\u0637\\u0642 \\u062d\\u0627\\u0648\\u06cc \\u0622\\u0646\\u0648\\u0645\\u0627\\u0644\\u06cc<\\/li>\\r\\n<li>\\u0698\\u0626\\u0648\\u0634\\u06cc\\u0645\\u06cc \\u0627\\u06cc\\u0632\\u0648\\u062a\\u0648\\u067e\\u200c\\u0647\\u0627\\u06cc \\u067e\\u0627\\u06cc\\u062f\\u0627\\u0631 \\u0648 \\u0646\\u0627\\u067e\\u0627\\u06cc\\u062f\\u0627\\u0631<\\/li>\\r\\n<li>\\u0645\\u0637\\u0627\\u0644\\u0639\\u0627\\u062a \\u0645\\u0631\\u0628\\u0648\\u0637 \\u0628\\u0647 \\u0633\\u06cc\\u0627\\u0644\\u0627\\u062a\\u200c\\u062f\\u0631\\u06af\\u06cc\\u0631 \\u0648 \\u0644\\u06cc\\u0632\\u0631 \\u0631\\u0627\\u0645\\u0627\\u0646 \\u0627\\u0633\\u067e\\u06a9\\u062a\\u0631\\u0648\\u0633\\u06a9\\u0648\\u067e\\u06cc<\\/li>\\r\\n<li>\\u0645\\u0637\\u0627\\u0644\\u0639\\u0627\\u062a \\u0645\\u0631\\u0628\\u0648\\u0637 \\u0628\\u0647 \\u0622\\u0628\\u0647\\u0627\\u06cc \\u0632\\u06cc\\u0631\\u0632\\u0645\\u06cc\\u0646\\u06cc\\u060c \\u0647\\u06cc\\u062f\\u0631\\u0648\\u0698\\u0626\\u0648\\u0634\\u06cc\\u0645\\u06cc (\\u0628\\u0631\\u0631\\u0633\\u06cc \\u06a9\\u06cc\\u0641\\u06cc\\u062a \\u0645\\u0646\\u0627\\u0628\\u0639 \\u0622\\u0628) \\u0648 \\u0698\\u0626\\u0648\\u0634\\u06cc\\u0645\\u06cc \\u0632\\u06cc\\u0633\\u062a \\u0645\\u062d\\u06cc\\u0637\\u06cc<\\/li>\\r\\n<li>\\u0632\\u0645\\u06cc\\u0646 \\u0634\\u0646\\u0627\\u0633\\u06cc \\u0639\\u0645\\u0648\\u0645\\u06cc \\u0648 \\u0639\\u0645\\u0644\\u06cc\\u0627\\u062a \\u0635\\u062d\\u0631\\u0627\\u06cc\\u06cc<\\/li>\\r\\n<li>\\u0633\\u064a\\u0633\\u062a\\u0645 \\u0627\\u0637\\u0644\\u0627\\u0639\\u0627\\u062a \\u062c\\u063a\\u0631\\u0627\\u0641\\u064a\\u0627\\u064a\\u064a (GIS) \\u0648 \\u0646\\u0642\\u0634\\u0647\\u200c\\u0628\\u0631\\u062f\\u0627\\u0631\\u06cc<\\/li>\\r\\n<\\/ul>\",\"fulltext\":\"\",\"state\":1,\"catid\":\"8\",\"created\":\"2019-04-22 08:07:44\",\"created_by\":\"223\",\"created_by_alias\":\"\",\"modified\":\"2020-06-15 08:23:42\",\"modified_by\":\"226\",\"checked_out\":\"226\",\"checked_out_time\":\"2020-06-15 08:20:59\",\"publish_up\":\"2019-04-22 08:07:44\",\"publish_down\":\"0000-00-00 00:00:00\",\"images\":\"{\\\"image_intro\\\":\\\"\\\",\\\"float_intro\\\":\\\"\\\",\\\"image_intro_alt\\\":\\\"\\\",\\\"image_intro_caption\\\":\\\"\\\",\\\"image_fulltext\\\":\\\"\\\",\\\"float_fulltext\\\":\\\"\\\",\\\"image_fulltext_alt\\\":\\\"\\\",\\\"image_fulltext_caption\\\":\\\"\\\"}\",\"urls\":\"{\\\"urla\\\":false,\\\"urlatext\\\":\\\"\\\",\\\"targeta\\\":\\\"\\\",\\\"urlb\\\":false,\\\"urlbtext\\\":\\\"\\\",\\\"targetb\\\":\\\"\\\",\\\"urlc\\\":false,\\\"urlctext\\\":\\\"\\\",\\\"targetc\\\":\\\"\\\"}\",\"attribs\":\"{\\\"article_layout\\\":\\\"\\\",\\\"show_title\\\":\\\"\\\",\\\"link_titles\\\":\\\"\\\",\\\"show_tags\\\":\\\"\\\",\\\"show_intro\\\":\\\"\\\",\\\"info_block_position\\\":\\\"\\\",\\\"info_block_show_title\\\":\\\"\\\",\\\"show_category\\\":\\\"\\\",\\\"link_category\\\":\\\"\\\",\\\"show_parent_category\\\":\\\"\\\",\\\"link_parent_category\\\":\\\"\\\",\\\"show_associations\\\":\\\"\\\",\\\"show_author\\\":\\\"\\\",\\\"link_author\\\":\\\"\\\",\\\"show_create_date\\\":\\\"\\\",\\\"show_modify_date\\\":\\\"\\\",\\\"show_publish_date\\\":\\\"\\\",\\\"show_item_navigation\\\":\\\"\\\",\\\"show_icons\\\":\\\"\\\",\\\"show_print_icon\\\":\\\"\\\",\\\"show_email_icon\\\":\\\"\\\",\\\"show_vote\\\":\\\"\\\",\\\"show_hits\\\":\\\"\\\",\\\"show_noauth\\\":\\\"\\\",\\\"urls_position\\\":\\\"\\\",\\\"alternative_readmore\\\":\\\"\\\",\\\"article_page_title\\\":\\\"\\\"}\",\"version\":102,\"ordering\":\"13\",\"metakey\":\"\",\"metadesc\":\"\",\"access\":\"1\",\"hits\":\"1910\",\"metadata\":\"{\\\"robots\\\":\\\"\\\",\\\"author\\\":\\\"\\\",\\\"rights\\\":\\\"\\\",\\\"xreference\\\":\\\"\\\"}\",\"featured\":\"0\",\"language\":\"fa-IR\",\"xreference\":\"\",\"note\":\"\"}', 0),
(382, 3, 1, '', '2020-06-15 08:28:53', 226, 4786, 'f914956329174879fa42c3e087508ca7e3370430', '{\"id\":3,\"asset_id\":\"77\",\"title\":\"About Me\",\"alias\":\"home-page\",\"introtext\":\"<p><img style=\\\"float: left;\\\" src=\\\"images\\/mokhtari.jpg\\\" alt=\\\"mokhtari\\\" width=\\\"150\\\" height=\\\"200\\\" \\/><\\/p>\\r\\n<p dir=\\\"ltr\\\"><span style=\\\"font-family: \'times new roman\', times; font-size: 14pt;\\\">&nbsp;<strong>Dr&nbsp;<span style=\\\"color: #000000;\\\"><em>Zahra Mokhtari<\\/em><\\/span><\\/strong><\\/span><\\/p>\\r\\n<p dir=\\\"ltr\\\"><span style=\\\"font-family: \'times new roman\', times; font-size: 14pt;\\\"><span style=\\\"color: #000000;\\\">&nbsp;Assistant professor (Geology-Geochemistry)<\\/span><\\/span><\\/p>\\r\\n<p dir=\\\"ltr\\\"><span style=\\\"font-size: 14pt;\\\"><span style=\\\"font-family: \'times new roman\', times;\\\">&nbsp;Department of Geology,&nbsp;<span style=\\\"color: #000000;\\\">Faculty of Science,<\\/span><\\/span><span style=\\\"font-family: \'times new roman\', times;\\\">University of Neyshabur.<\\/span><\\/span><\\/p>\\r\\n<p dir=\\\"ltr\\\" style=\\\"text-align: left; padding-left: 30px;\\\"><span style=\\\"font-family: \'times new roman\', times; font-size: 14pt;\\\"> <strong>&nbsp; Email:<\\/strong><span style=\\\"font-family: \'times new roman\', times;\\\"><\\/span> zahra.mokhtari@neyshabur.ac.ir&nbsp;&nbsp;<\\/span><\\/p>\\r\\n<p dir=\\\"ltr\\\" style=\\\"text-align: left; padding-left: 30px;\\\"><span style=\\\"font-family: \'times new roman\', times; font-size: 14pt;\\\"><strong>&nbsp; &nbsp; &nbsp; &nbsp;Phone:<\\/strong>&nbsp;+98 5143305756<\\/span><\\/p>\\r\\n<p dir=\\\"ltr\\\" style=\\\"text-align: left; padding-left: 30px;\\\"><span style=\\\"font-family: \'times new roman\', times; font-size: 14pt;\\\"><strong>&nbsp; &nbsp; &nbsp; &nbsp; Fax:<\\/strong>&nbsp;+98 5143305234<\\/span><\\/p>\\r\\n<h4><span style=\\\"font-family: \'times new roman\', times; font-size: 14pt;\\\"><\\/span><\\/h4>\\r\\n<p>&nbsp;&nbsp;&nbsp;<\\/p>\\r\\n<p style=\\\"text-align: left;\\\"><a href=\\\"images\\/CV.pdf\\\" target=\\\"_blank\\\"><strong><strong>&nbsp;&nbsp;&nbsp;&nbsp;&nbsp;&nbsp;<span style=\\\"font-family: \'times new roman\', times;\\\">&nbsp;&nbsp;&nbsp;&nbsp;<span class=\\\"wf_file_text\\\">CV.pdf<\\/span><\\/span><\\/strong><\\/strong><\\/a><\\/p>\\r\\n<h2 style=\\\"text-align: left;\\\"><span style=\\\"font-family: \'times new roman\', times;\\\"><strong>:Research Fields<\\/strong><\\/span><\\/h2>\\r\\n<p style=\\\"text-align: left;\\\"><span style=\\\"font-family: \'times new roman\', times;\\\">Geochemical&nbsp;explorations<\\/span><br \\/><span style=\\\"font-family: \'times new roman\', times;\\\">Gemology<\\/span><br \\/><span style=\\\"font-family: \'times new roman\', times;\\\">Remote sensing techniques and image processing<\\/span><br \\/><span style=\\\"font-family: \'times new roman\', times;\\\">Fractal and multifactorial modeling<\\/span><br \\/><span style=\\\"font-family: \'times new roman\', times;\\\">Geochemistry of stable and radioactive isotopes<\\/span><br \\/><span style=\\\"font-family: \'times new roman\', times;\\\"><b>fluid inclusion and&nbsp;<\\/b> laser Raman spectroscopic<\\/span><br \\/><span style=\\\"font-family: \'times new roman\', times;\\\"> Groundwater, hydrogeochemistry and environmental geochemistry<\\/span><br \\/><span style=\\\"font-family: \'times new roman\', times;\\\">General Geology and Field Operations<\\/span><br \\/><span style=\\\"font-family: \'times new roman\', times;\\\">Geographic Information System (GIS) and <\\/span>mapping<\\/p>\",\"fulltext\":\"\",\"state\":1,\"catid\":\"8\",\"created\":\"2019-05-02 04:01:46\",\"created_by\":\"223\",\"created_by_alias\":\"\",\"modified\":\"2020-06-15 08:28:53\",\"modified_by\":\"226\",\"checked_out\":\"226\",\"checked_out_time\":\"2020-06-15 08:23:51\",\"publish_up\":\"2019-05-02 04:01:46\",\"publish_down\":\"0000-00-00 00:00:00\",\"images\":\"{\\\"image_intro\\\":\\\"\\\",\\\"float_intro\\\":\\\"\\\",\\\"image_intro_alt\\\":\\\"\\\",\\\"image_intro_caption\\\":\\\"\\\",\\\"image_fulltext\\\":\\\"\\\",\\\"float_fulltext\\\":\\\"\\\",\\\"image_fulltext_alt\\\":\\\"\\\",\\\"image_fulltext_caption\\\":\\\"\\\"}\",\"urls\":\"{\\\"urla\\\":false,\\\"urlatext\\\":\\\"\\\",\\\"targeta\\\":\\\"\\\",\\\"urlb\\\":false,\\\"urlbtext\\\":\\\"\\\",\\\"targetb\\\":\\\"\\\",\\\"urlc\\\":false,\\\"urlctext\\\":\\\"\\\",\\\"targetc\\\":\\\"\\\"}\",\"attribs\":\"{\\\"article_layout\\\":\\\"\\\",\\\"show_title\\\":\\\"\\\",\\\"link_titles\\\":\\\"\\\",\\\"show_tags\\\":\\\"\\\",\\\"show_intro\\\":\\\"\\\",\\\"info_block_position\\\":\\\"\\\",\\\"info_block_show_title\\\":\\\"\\\",\\\"show_category\\\":\\\"\\\",\\\"link_category\\\":\\\"\\\",\\\"show_parent_category\\\":\\\"\\\",\\\"link_parent_category\\\":\\\"\\\",\\\"show_associations\\\":\\\"\\\",\\\"show_author\\\":\\\"\\\",\\\"link_author\\\":\\\"\\\",\\\"show_create_date\\\":\\\"\\\",\\\"show_modify_date\\\":\\\"\\\",\\\"show_publish_date\\\":\\\"\\\",\\\"show_item_navigation\\\":\\\"\\\",\\\"show_icons\\\":\\\"\\\",\\\"show_print_icon\\\":\\\"\\\",\\\"show_email_icon\\\":\\\"\\\",\\\"show_vote\\\":\\\"\\\",\\\"show_hits\\\":\\\"\\\",\\\"show_noauth\\\":\\\"\\\",\\\"urls_position\\\":\\\"\\\",\\\"alternative_readmore\\\":\\\"\\\",\\\"article_page_title\\\":\\\"\\\"}\",\"version\":153,\"ordering\":\"12\",\"metakey\":\"\",\"metadesc\":\"\",\"access\":\"1\",\"hits\":\"5074\",\"metadata\":\"{\\\"robots\\\":\\\"\\\",\\\"author\\\":\\\"\\\",\\\"rights\\\":\\\"\\\",\\\"xreference\\\":\\\"\\\"}\",\"featured\":\"0\",\"language\":\"en-GB\",\"xreference\":\"\",\"note\":\"\"}', 0),
(383, 3, 1, '', '2020-06-15 08:29:45', 226, 4980, 'dc3dd7ba03d6a10d5f0ceb76c47107e4a3670c6c', '{\"id\":3,\"asset_id\":\"77\",\"title\":\"About Me\",\"alias\":\"home-page\",\"introtext\":\"<p><img style=\\\"float: left;\\\" src=\\\"images\\/mokhtari.jpg\\\" alt=\\\"mokhtari\\\" width=\\\"150\\\" height=\\\"200\\\" \\/><\\/p>\\r\\n<p dir=\\\"ltr\\\"><span style=\\\"font-family: \'times new roman\', times; font-size: 14pt;\\\">&nbsp;<strong>Dr&nbsp;<span style=\\\"color: #000000;\\\"><em>Zahra Mokhtari<\\/em><\\/span><\\/strong><\\/span><\\/p>\\r\\n<p dir=\\\"ltr\\\"><span style=\\\"font-family: \'times new roman\', times; font-size: 14pt;\\\"><span style=\\\"color: #000000;\\\">&nbsp;Assistant professor (Geology-Geochemistry)<\\/span><\\/span><\\/p>\\r\\n<p dir=\\\"ltr\\\"><span style=\\\"font-size: 14pt;\\\"><span style=\\\"font-family: \'times new roman\', times;\\\">&nbsp;Department of Geology,&nbsp;<span style=\\\"color: #000000;\\\">Faculty of Science,<\\/span><\\/span><span style=\\\"font-family: \'times new roman\', times;\\\">University of Neyshabur.<\\/span><\\/span><\\/p>\\r\\n<p dir=\\\"ltr\\\" style=\\\"text-align: left; padding-left: 30px;\\\"><span style=\\\"font-family: \'times new roman\', times; font-size: 14pt;\\\"> <strong>&nbsp; Email:<\\/strong><span style=\\\"font-family: \'times new roman\', times;\\\"><\\/span> zahra.mokhtari@neyshabur.ac.ir&nbsp;&nbsp;<\\/span><\\/p>\\r\\n<p dir=\\\"ltr\\\" style=\\\"text-align: left; padding-left: 30px;\\\"><span style=\\\"font-family: \'times new roman\', times; font-size: 14pt;\\\"><strong>&nbsp; &nbsp; &nbsp; &nbsp;Phone:<\\/strong>&nbsp;+98 5143305756<\\/span><\\/p>\\r\\n<p dir=\\\"ltr\\\" style=\\\"text-align: left; padding-left: 30px;\\\"><span style=\\\"font-family: \'times new roman\', times; font-size: 14pt;\\\"><strong>&nbsp; &nbsp; &nbsp; &nbsp; Fax:<\\/strong>&nbsp;+98 5143305234<\\/span><\\/p>\\r\\n<h4><span style=\\\"font-family: \'times new roman\', times; font-size: 14pt;\\\"><\\/span><\\/h4>\\r\\n<p>&nbsp;&nbsp;&nbsp;<\\/p>\\r\\n<p style=\\\"text-align: left;\\\"><a href=\\\"images\\/CV.pdf\\\" target=\\\"_blank\\\"><strong><strong>&nbsp;&nbsp;&nbsp;&nbsp;&nbsp;&nbsp;<span style=\\\"font-family: \'times new roman\', times;\\\">&nbsp;&nbsp;&nbsp;&nbsp;<span class=\\\"wf_file_text\\\">CV.pdf<\\/span><\\/span><\\/strong><\\/strong><\\/a><\\/p>\\r\\n<h2 style=\\\"text-align: left;\\\"><span style=\\\"font-family: \'times new roman\', times; font-size: 12pt;\\\"><strong>:Research Fields<\\/strong><\\/span><\\/h2>\\r\\n<p style=\\\"text-align: left;\\\"><span style=\\\"font-family: \'times new roman\', times; font-size: 12pt;\\\">Geochemical&nbsp;explorations<\\/span><br \\/><span style=\\\"font-family: \'times new roman\', times; font-size: 12pt;\\\">Gemology<\\/span><br \\/><span style=\\\"font-family: \'times new roman\', times; font-size: 12pt;\\\">Remote sensing techniques and image processing<\\/span><br \\/><span style=\\\"font-family: \'times new roman\', times; font-size: 12pt;\\\">Fractal and multifactorial modeling<\\/span><br \\/><span style=\\\"font-family: \'times new roman\', times; font-size: 12pt;\\\">Geochemistry of stable and radioactive isotopes<\\/span><br \\/><span style=\\\"font-family: \'times new roman\', times; font-size: 12pt;\\\"><b>fluid inclusion and&nbsp;<\\/b> laser Raman spectroscopic<\\/span><br \\/><span style=\\\"font-family: \'times new roman\', times; font-size: 12pt;\\\"> Groundwater, hydrogeochemistry and environmental geochemistry<\\/span><br \\/><span style=\\\"font-family: \'times new roman\', times; font-size: 12pt;\\\">General Geology and Field Operations<\\/span><br \\/><span style=\\\"font-size: 12pt;\\\"><span style=\\\"font-family: \'times new roman\', times;\\\">Geographic Information System (GIS) and <\\/span>mapping<\\/span><\\/p>\",\"fulltext\":\"\",\"state\":1,\"catid\":\"8\",\"created\":\"2019-05-02 04:01:46\",\"created_by\":\"223\",\"created_by_alias\":\"\",\"modified\":\"2020-06-15 08:29:45\",\"modified_by\":\"226\",\"checked_out\":\"226\",\"checked_out_time\":\"2020-06-15 08:28:53\",\"publish_up\":\"2019-05-02 04:01:46\",\"publish_down\":\"0000-00-00 00:00:00\",\"images\":\"{\\\"image_intro\\\":\\\"\\\",\\\"float_intro\\\":\\\"\\\",\\\"image_intro_alt\\\":\\\"\\\",\\\"image_intro_caption\\\":\\\"\\\",\\\"image_fulltext\\\":\\\"\\\",\\\"float_fulltext\\\":\\\"\\\",\\\"image_fulltext_alt\\\":\\\"\\\",\\\"image_fulltext_caption\\\":\\\"\\\"}\",\"urls\":\"{\\\"urla\\\":false,\\\"urlatext\\\":\\\"\\\",\\\"targeta\\\":\\\"\\\",\\\"urlb\\\":false,\\\"urlbtext\\\":\\\"\\\",\\\"targetb\\\":\\\"\\\",\\\"urlc\\\":false,\\\"urlctext\\\":\\\"\\\",\\\"targetc\\\":\\\"\\\"}\",\"attribs\":\"{\\\"article_layout\\\":\\\"\\\",\\\"show_title\\\":\\\"\\\",\\\"link_titles\\\":\\\"\\\",\\\"show_tags\\\":\\\"\\\",\\\"show_intro\\\":\\\"\\\",\\\"info_block_position\\\":\\\"\\\",\\\"info_block_show_title\\\":\\\"\\\",\\\"show_category\\\":\\\"\\\",\\\"link_category\\\":\\\"\\\",\\\"show_parent_category\\\":\\\"\\\",\\\"link_parent_category\\\":\\\"\\\",\\\"show_associations\\\":\\\"\\\",\\\"show_author\\\":\\\"\\\",\\\"link_author\\\":\\\"\\\",\\\"show_create_date\\\":\\\"\\\",\\\"show_modify_date\\\":\\\"\\\",\\\"show_publish_date\\\":\\\"\\\",\\\"show_item_navigation\\\":\\\"\\\",\\\"show_icons\\\":\\\"\\\",\\\"show_print_icon\\\":\\\"\\\",\\\"show_email_icon\\\":\\\"\\\",\\\"show_vote\\\":\\\"\\\",\\\"show_hits\\\":\\\"\\\",\\\"show_noauth\\\":\\\"\\\",\\\"urls_position\\\":\\\"\\\",\\\"alternative_readmore\\\":\\\"\\\",\\\"article_page_title\\\":\\\"\\\"}\",\"version\":154,\"ordering\":\"12\",\"metakey\":\"\",\"metadesc\":\"\",\"access\":\"1\",\"hits\":\"5075\",\"metadata\":\"{\\\"robots\\\":\\\"\\\",\\\"author\\\":\\\"\\\",\\\"rights\\\":\\\"\\\",\\\"xreference\\\":\\\"\\\"}\",\"featured\":\"0\",\"language\":\"en-GB\",\"xreference\":\"\",\"note\":\"\"}', 0),
(384, 3, 1, '', '2020-06-15 08:30:41', 226, 5003, 'ddd5423914551f4d861f079acbd96b4687976e86', '{\"id\":3,\"asset_id\":\"77\",\"title\":\"About Me\",\"alias\":\"home-page\",\"introtext\":\"<p><img style=\\\"float: left;\\\" src=\\\"images\\/mokhtari.jpg\\\" alt=\\\"mokhtari\\\" width=\\\"150\\\" height=\\\"200\\\" \\/><\\/p>\\r\\n<p dir=\\\"ltr\\\"><span style=\\\"font-family: \'times new roman\', times; font-size: 14pt;\\\">&nbsp;<strong>Dr&nbsp;<span style=\\\"color: #000000;\\\"><em>Zahra Mokhtari<\\/em><\\/span><\\/strong><\\/span><\\/p>\\r\\n<p dir=\\\"ltr\\\"><span style=\\\"font-family: \'times new roman\', times; font-size: 14pt;\\\"><span style=\\\"color: #000000;\\\">&nbsp;Assistant professor (Geology-Geochemistry)<\\/span><\\/span><\\/p>\\r\\n<p dir=\\\"ltr\\\"><span style=\\\"font-size: 14pt;\\\"><span style=\\\"font-family: \'times new roman\', times;\\\">&nbsp;Department of Geology,&nbsp;<span style=\\\"color: #000000;\\\">Faculty of Science,<\\/span><\\/span><span style=\\\"font-family: \'times new roman\', times;\\\">University of Neyshabur.<\\/span><\\/span><\\/p>\\r\\n<p dir=\\\"ltr\\\" style=\\\"text-align: left; padding-left: 30px;\\\"><span style=\\\"font-family: \'times new roman\', times; font-size: 14pt;\\\"> <strong>&nbsp; Email:<\\/strong><span style=\\\"font-family: \'times new roman\', times;\\\"><\\/span> zahra.mokhtari@neyshabur.ac.ir&nbsp;&nbsp;<\\/span><\\/p>\\r\\n<p dir=\\\"ltr\\\" style=\\\"text-align: left; padding-left: 30px;\\\"><span style=\\\"font-family: \'times new roman\', times; font-size: 14pt;\\\"><strong>&nbsp; &nbsp; &nbsp; &nbsp;Phone:<\\/strong>&nbsp;+98 5143305756<\\/span><\\/p>\\r\\n<p dir=\\\"ltr\\\" style=\\\"text-align: left; padding-left: 30px;\\\"><span style=\\\"font-family: \'times new roman\', times; font-size: 14pt;\\\"><strong>&nbsp; &nbsp; &nbsp; &nbsp; Fax:<\\/strong>&nbsp;+98 5143305234<\\/span><\\/p>\\r\\n<h4><span style=\\\"font-family: \'times new roman\', times; font-size: 14pt;\\\"><\\/span><\\/h4>\\r\\n<p>&nbsp;&nbsp;&nbsp;<\\/p>\\r\\n<p>&nbsp;<\\/p>\\r\\n<p style=\\\"text-align: left;\\\"><a href=\\\"images\\/CV.pdf\\\" target=\\\"_blank\\\"><strong><strong>&nbsp;&nbsp;&nbsp;&nbsp;&nbsp;&nbsp;<span style=\\\"font-family: \'times new roman\', times;\\\">&nbsp;&nbsp;&nbsp;&nbsp;<span class=\\\"wf_file_text\\\">CV.pdf<\\/span><\\/span><\\/strong><\\/strong><\\/a><\\/p>\\r\\n<h2 style=\\\"text-align: left;\\\"><span style=\\\"font-family: \'times new roman\', times; font-size: 12pt;\\\"><strong>Resarch Feilds:&nbsp;<\\/strong><\\/span><\\/h2>\\r\\n<p style=\\\"text-align: left;\\\"><span style=\\\"font-family: \'times new roman\', times; font-size: 12pt;\\\">Geochemical&nbsp;explorations<\\/span><br \\/><span style=\\\"font-family: \'times new roman\', times; font-size: 12pt;\\\">Gemology<\\/span><br \\/><span style=\\\"font-family: \'times new roman\', times; font-size: 12pt;\\\">Remote sensing techniques and image processing<\\/span><br \\/><span style=\\\"font-family: \'times new roman\', times; font-size: 12pt;\\\">Fractal and multifactorial modeling<\\/span><br \\/><span style=\\\"font-family: \'times new roman\', times; font-size: 12pt;\\\">Geochemistry of stable and radioactive isotopes<\\/span><br \\/><span style=\\\"font-family: \'times new roman\', times; font-size: 12pt;\\\"><b>fluid inclusion and&nbsp;<\\/b> laser Raman spectroscopic<\\/span><br \\/><span style=\\\"font-family: \'times new roman\', times; font-size: 12pt;\\\"> Groundwater, hydrogeochemistry and environmental geochemistry<\\/span><br \\/><span style=\\\"font-family: \'times new roman\', times; font-size: 12pt;\\\">General Geology and Field Operations<\\/span><br \\/><span style=\\\"font-size: 12pt;\\\"><span style=\\\"font-family: \'times new roman\', times;\\\">Geographic Information System (GIS) and mapping<\\/span><\\/span><\\/p>\",\"fulltext\":\"\",\"state\":1,\"catid\":\"8\",\"created\":\"2019-05-02 04:01:46\",\"created_by\":\"223\",\"created_by_alias\":\"\",\"modified\":\"2020-06-15 08:30:41\",\"modified_by\":\"226\",\"checked_out\":\"226\",\"checked_out_time\":\"2020-06-15 08:29:45\",\"publish_up\":\"2019-05-02 04:01:46\",\"publish_down\":\"0000-00-00 00:00:00\",\"images\":\"{\\\"image_intro\\\":\\\"\\\",\\\"float_intro\\\":\\\"\\\",\\\"image_intro_alt\\\":\\\"\\\",\\\"image_intro_caption\\\":\\\"\\\",\\\"image_fulltext\\\":\\\"\\\",\\\"float_fulltext\\\":\\\"\\\",\\\"image_fulltext_alt\\\":\\\"\\\",\\\"image_fulltext_caption\\\":\\\"\\\"}\",\"urls\":\"{\\\"urla\\\":false,\\\"urlatext\\\":\\\"\\\",\\\"targeta\\\":\\\"\\\",\\\"urlb\\\":false,\\\"urlbtext\\\":\\\"\\\",\\\"targetb\\\":\\\"\\\",\\\"urlc\\\":false,\\\"urlctext\\\":\\\"\\\",\\\"targetc\\\":\\\"\\\"}\",\"attribs\":\"{\\\"article_layout\\\":\\\"\\\",\\\"show_title\\\":\\\"\\\",\\\"link_titles\\\":\\\"\\\",\\\"show_tags\\\":\\\"\\\",\\\"show_intro\\\":\\\"\\\",\\\"info_block_position\\\":\\\"\\\",\\\"info_block_show_title\\\":\\\"\\\",\\\"show_category\\\":\\\"\\\",\\\"link_category\\\":\\\"\\\",\\\"show_parent_category\\\":\\\"\\\",\\\"link_parent_category\\\":\\\"\\\",\\\"show_associations\\\":\\\"\\\",\\\"show_author\\\":\\\"\\\",\\\"link_author\\\":\\\"\\\",\\\"show_create_date\\\":\\\"\\\",\\\"show_modify_date\\\":\\\"\\\",\\\"show_publish_date\\\":\\\"\\\",\\\"show_item_navigation\\\":\\\"\\\",\\\"show_icons\\\":\\\"\\\",\\\"show_print_icon\\\":\\\"\\\",\\\"show_email_icon\\\":\\\"\\\",\\\"show_vote\\\":\\\"\\\",\\\"show_hits\\\":\\\"\\\",\\\"show_noauth\\\":\\\"\\\",\\\"urls_position\\\":\\\"\\\",\\\"alternative_readmore\\\":\\\"\\\",\\\"article_page_title\\\":\\\"\\\"}\",\"version\":155,\"ordering\":\"12\",\"metakey\":\"\",\"metadesc\":\"\",\"access\":\"1\",\"hits\":\"5076\",\"metadata\":\"{\\\"robots\\\":\\\"\\\",\\\"author\\\":\\\"\\\",\\\"rights\\\":\\\"\\\",\\\"xreference\\\":\\\"\\\"}\",\"featured\":\"0\",\"language\":\"en-GB\",\"xreference\":\"\",\"note\":\"\"}', 0),
(385, 3, 1, '', '2020-06-15 08:31:38', 226, 5004, '4ddbc4540b296e9be3695ae128308c755928372e', '{\"id\":3,\"asset_id\":\"77\",\"title\":\"About Me\",\"alias\":\"home-page\",\"introtext\":\"<p><img style=\\\"float: left;\\\" src=\\\"images\\/mokhtari.jpg\\\" alt=\\\"mokhtari\\\" width=\\\"150\\\" height=\\\"200\\\" \\/><\\/p>\\r\\n<p dir=\\\"ltr\\\"><span style=\\\"font-family: \'times new roman\', times; font-size: 14pt;\\\">&nbsp;<strong>Dr&nbsp;<span style=\\\"color: #000000;\\\"><em>Zahra Mokhtari<\\/em><\\/span><\\/strong><\\/span><\\/p>\\r\\n<p dir=\\\"ltr\\\"><span style=\\\"font-family: \'times new roman\', times; font-size: 14pt;\\\"><span style=\\\"color: #000000;\\\">&nbsp;Assistant professor (Geology-Geochemistry)<\\/span><\\/span><\\/p>\\r\\n<p dir=\\\"ltr\\\"><span style=\\\"font-size: 14pt;\\\"><span style=\\\"font-family: \'times new roman\', times;\\\">&nbsp;Department of Geology,&nbsp;<span style=\\\"color: #000000;\\\">Faculty of Science,<\\/span><\\/span><span style=\\\"font-family: \'times new roman\', times;\\\">University of Neyshabur.<\\/span><\\/span><\\/p>\\r\\n<p dir=\\\"ltr\\\" style=\\\"text-align: left; padding-left: 30px;\\\"><span style=\\\"font-family: \'times new roman\', times; font-size: 14pt;\\\"> <strong>&nbsp; Email:<\\/strong><span style=\\\"font-family: \'times new roman\', times;\\\"><\\/span> zahra.mokhtari@neyshabur.ac.ir&nbsp;&nbsp;<\\/span><\\/p>\\r\\n<p dir=\\\"ltr\\\" style=\\\"text-align: left; padding-left: 30px;\\\"><span style=\\\"font-family: \'times new roman\', times; font-size: 14pt;\\\"><strong>&nbsp; &nbsp; &nbsp; &nbsp;Phone:<\\/strong>&nbsp;+98 5143305756<\\/span><\\/p>\\r\\n<p dir=\\\"ltr\\\" style=\\\"text-align: left; padding-left: 30px;\\\"><span style=\\\"font-family: \'times new roman\', times; font-size: 14pt;\\\"><strong>&nbsp; &nbsp; &nbsp; &nbsp; Fax:<\\/strong>&nbsp;+98 5143305234<\\/span><\\/p>\\r\\n<h4><span style=\\\"font-family: \'times new roman\', times; font-size: 14pt;\\\"><\\/span><\\/h4>\\r\\n<p>&nbsp;&nbsp;&nbsp;<\\/p>\\r\\n<p>&nbsp;<\\/p>\\r\\n<p style=\\\"text-align: left;\\\"><a href=\\\"images\\/CV.pdf\\\" target=\\\"_blank\\\"><strong><strong>&nbsp;&nbsp;&nbsp;&nbsp;&nbsp;&nbsp;<span style=\\\"font-family: \'times new roman\', times;\\\">&nbsp;&nbsp;&nbsp;&nbsp;<span class=\\\"wf_file_text\\\">CV.pdf<\\/span><\\/span><\\/strong><\\/strong><\\/a><\\/p>\\r\\n<h2 style=\\\"text-align: left;\\\"><span style=\\\"font-family: \'times new roman\', times; font-size: 12pt;\\\"><strong>Research Fields:&nbsp;<\\/strong><\\/span><\\/h2>\\r\\n<p style=\\\"text-align: left;\\\"><span style=\\\"font-family: \'times new roman\', times; font-size: 12pt;\\\">Geochemical&nbsp;explorations<\\/span><br \\/><span style=\\\"font-family: \'times new roman\', times; font-size: 12pt;\\\">Gemology<\\/span><br \\/><span style=\\\"font-family: \'times new roman\', times; font-size: 12pt;\\\">Remote sensing techniques and image processing<\\/span><br \\/><span style=\\\"font-family: \'times new roman\', times; font-size: 12pt;\\\">Fractal and multifactorial modeling<\\/span><br \\/><span style=\\\"font-family: \'times new roman\', times; font-size: 12pt;\\\">Geochemistry of stable and radioactive isotopes<\\/span><br \\/><span style=\\\"font-family: \'times new roman\', times; font-size: 12pt;\\\"><b>fluid inclusion and&nbsp;<\\/b> laser Raman spectroscopic<\\/span><br \\/><span style=\\\"font-family: \'times new roman\', times; font-size: 12pt;\\\"> Groundwater, hydrogeochemistry and environmental geochemistry<\\/span><br \\/><span style=\\\"font-family: \'times new roman\', times; font-size: 12pt;\\\">General Geology and Field Operations<\\/span><br \\/><span style=\\\"font-size: 12pt;\\\"><span style=\\\"font-family: \'times new roman\', times;\\\">Geographic Information System (GIS) and mapping<\\/span><\\/span><\\/p>\",\"fulltext\":\"\",\"state\":1,\"catid\":\"8\",\"created\":\"2019-05-02 04:01:46\",\"created_by\":\"223\",\"created_by_alias\":\"\",\"modified\":\"2020-06-15 08:31:38\",\"modified_by\":\"226\",\"checked_out\":\"226\",\"checked_out_time\":\"2020-06-15 08:30:41\",\"publish_up\":\"2019-05-02 04:01:46\",\"publish_down\":\"0000-00-00 00:00:00\",\"images\":\"{\\\"image_intro\\\":\\\"\\\",\\\"float_intro\\\":\\\"\\\",\\\"image_intro_alt\\\":\\\"\\\",\\\"image_intro_caption\\\":\\\"\\\",\\\"image_fulltext\\\":\\\"\\\",\\\"float_fulltext\\\":\\\"\\\",\\\"image_fulltext_alt\\\":\\\"\\\",\\\"image_fulltext_caption\\\":\\\"\\\"}\",\"urls\":\"{\\\"urla\\\":false,\\\"urlatext\\\":\\\"\\\",\\\"targeta\\\":\\\"\\\",\\\"urlb\\\":false,\\\"urlbtext\\\":\\\"\\\",\\\"targetb\\\":\\\"\\\",\\\"urlc\\\":false,\\\"urlctext\\\":\\\"\\\",\\\"targetc\\\":\\\"\\\"}\",\"attribs\":\"{\\\"article_layout\\\":\\\"\\\",\\\"show_title\\\":\\\"\\\",\\\"link_titles\\\":\\\"\\\",\\\"show_tags\\\":\\\"\\\",\\\"show_intro\\\":\\\"\\\",\\\"info_block_position\\\":\\\"\\\",\\\"info_block_show_title\\\":\\\"\\\",\\\"show_category\\\":\\\"\\\",\\\"link_category\\\":\\\"\\\",\\\"show_parent_category\\\":\\\"\\\",\\\"link_parent_category\\\":\\\"\\\",\\\"show_associations\\\":\\\"\\\",\\\"show_author\\\":\\\"\\\",\\\"link_author\\\":\\\"\\\",\\\"show_create_date\\\":\\\"\\\",\\\"show_modify_date\\\":\\\"\\\",\\\"show_publish_date\\\":\\\"\\\",\\\"show_item_navigation\\\":\\\"\\\",\\\"show_icons\\\":\\\"\\\",\\\"show_print_icon\\\":\\\"\\\",\\\"show_email_icon\\\":\\\"\\\",\\\"show_vote\\\":\\\"\\\",\\\"show_hits\\\":\\\"\\\",\\\"show_noauth\\\":\\\"\\\",\\\"urls_position\\\":\\\"\\\",\\\"alternative_readmore\\\":\\\"\\\",\\\"article_page_title\\\":\\\"\\\"}\",\"version\":156,\"ordering\":\"12\",\"metakey\":\"\",\"metadesc\":\"\",\"access\":\"1\",\"hits\":\"5077\",\"metadata\":\"{\\\"robots\\\":\\\"\\\",\\\"author\\\":\\\"\\\",\\\"rights\\\":\\\"\\\",\\\"xreference\\\":\\\"\\\"}\",\"featured\":\"0\",\"language\":\"en-GB\",\"xreference\":\"\",\"note\":\"\"}', 0),
(386, 3, 1, '', '2020-06-15 08:31:57', 226, 4992, 'cee424bc1d6b4bcdcdf8bb806799994ace8a30ef', '{\"id\":3,\"asset_id\":\"77\",\"title\":\"About Me\",\"alias\":\"home-page\",\"introtext\":\"<p><img style=\\\"float: left;\\\" src=\\\"images\\/mokhtari.jpg\\\" alt=\\\"mokhtari\\\" width=\\\"150\\\" height=\\\"200\\\" \\/><\\/p>\\r\\n<p dir=\\\"ltr\\\"><span style=\\\"font-family: \'times new roman\', times; font-size: 14pt;\\\">&nbsp;<strong>Dr&nbsp;<span style=\\\"color: #000000;\\\"><em>Zahra Mokhtari<\\/em><\\/span><\\/strong><\\/span><\\/p>\\r\\n<p dir=\\\"ltr\\\"><span style=\\\"font-family: \'times new roman\', times; font-size: 14pt;\\\"><span style=\\\"color: #000000;\\\">&nbsp;Assistant professor (Geology-Geochemistry)<\\/span><\\/span><\\/p>\\r\\n<p dir=\\\"ltr\\\"><span style=\\\"font-size: 14pt;\\\"><span style=\\\"font-family: \'times new roman\', times;\\\">&nbsp;Department of Geology,&nbsp;<span style=\\\"color: #000000;\\\">Faculty of Science,<\\/span><\\/span><span style=\\\"font-family: \'times new roman\', times;\\\">University of Neyshabur.<\\/span><\\/span><\\/p>\\r\\n<p dir=\\\"ltr\\\" style=\\\"text-align: left; padding-left: 30px;\\\"><span style=\\\"font-family: \'times new roman\', times; font-size: 14pt;\\\"> <strong>&nbsp; Email:<\\/strong><span style=\\\"font-family: \'times new roman\', times;\\\"><\\/span> zahra.mokhtari@neyshabur.ac.ir&nbsp;&nbsp;<\\/span><\\/p>\\r\\n<p dir=\\\"ltr\\\" style=\\\"text-align: left; padding-left: 30px;\\\"><span style=\\\"font-family: \'times new roman\', times; font-size: 14pt;\\\"><strong>&nbsp; &nbsp; &nbsp; &nbsp;Phone:<\\/strong>&nbsp;+98 5143305756<\\/span><\\/p>\\r\\n<p dir=\\\"ltr\\\" style=\\\"text-align: left; padding-left: 30px;\\\"><span style=\\\"font-family: \'times new roman\', times; font-size: 14pt;\\\"><strong>&nbsp; &nbsp; &nbsp; &nbsp; Fax:<\\/strong>&nbsp;+98 5143305234<\\/span><\\/p>\\r\\n<h4><span style=\\\"font-family: \'times new roman\', times; font-size: 14pt;\\\"><\\/span><\\/h4>\\r\\n<p>&nbsp;&nbsp;&nbsp;&nbsp;<\\/p>\\r\\n<p style=\\\"text-align: left;\\\"><a href=\\\"images\\/CV.pdf\\\" target=\\\"_blank\\\"><strong><strong>&nbsp;&nbsp;&nbsp;&nbsp;&nbsp;&nbsp;<span style=\\\"font-family: \'times new roman\', times;\\\">&nbsp;&nbsp;&nbsp;&nbsp;<span class=\\\"wf_file_text\\\">CV.pdf<\\/span><\\/span><\\/strong><\\/strong><\\/a><\\/p>\\r\\n<h2 style=\\\"text-align: left;\\\"><span style=\\\"font-family: \'times new roman\', times; font-size: 12pt;\\\"><strong>Research Fields:&nbsp;<\\/strong><\\/span><\\/h2>\\r\\n<p style=\\\"text-align: left;\\\"><span style=\\\"font-family: \'times new roman\', times; font-size: 12pt;\\\">Geochemical&nbsp;explorations<\\/span><br \\/><span style=\\\"font-family: \'times new roman\', times; font-size: 12pt;\\\">Gemology<\\/span><br \\/><span style=\\\"font-family: \'times new roman\', times; font-size: 12pt;\\\">Remote sensing techniques and image processing<\\/span><br \\/><span style=\\\"font-family: \'times new roman\', times; font-size: 12pt;\\\">Fractal and multifactorial modeling<\\/span><br \\/><span style=\\\"font-family: \'times new roman\', times; font-size: 12pt;\\\">Geochemistry of stable and radioactive isotopes<\\/span><br \\/><span style=\\\"font-family: \'times new roman\', times; font-size: 12pt;\\\"><b>fluid inclusion and&nbsp;<\\/b> laser Raman spectroscopic<\\/span><br \\/><span style=\\\"font-family: \'times new roman\', times; font-size: 12pt;\\\"> Groundwater, hydrogeochemistry and environmental geochemistry<\\/span><br \\/><span style=\\\"font-family: \'times new roman\', times; font-size: 12pt;\\\">General Geology and Field Operations<\\/span><br \\/><span style=\\\"font-size: 12pt;\\\"><span style=\\\"font-family: \'times new roman\', times;\\\">Geographic Information System (GIS) and mapping<\\/span><\\/span><\\/p>\",\"fulltext\":\"\",\"state\":1,\"catid\":\"8\",\"created\":\"2019-05-02 04:01:46\",\"created_by\":\"223\",\"created_by_alias\":\"\",\"modified\":\"2020-06-15 08:31:57\",\"modified_by\":\"226\",\"checked_out\":\"226\",\"checked_out_time\":\"2020-06-15 08:31:38\",\"publish_up\":\"2019-05-02 04:01:46\",\"publish_down\":\"0000-00-00 00:00:00\",\"images\":\"{\\\"image_intro\\\":\\\"\\\",\\\"float_intro\\\":\\\"\\\",\\\"image_intro_alt\\\":\\\"\\\",\\\"image_intro_caption\\\":\\\"\\\",\\\"image_fulltext\\\":\\\"\\\",\\\"float_fulltext\\\":\\\"\\\",\\\"image_fulltext_alt\\\":\\\"\\\",\\\"image_fulltext_caption\\\":\\\"\\\"}\",\"urls\":\"{\\\"urla\\\":false,\\\"urlatext\\\":\\\"\\\",\\\"targeta\\\":\\\"\\\",\\\"urlb\\\":false,\\\"urlbtext\\\":\\\"\\\",\\\"targetb\\\":\\\"\\\",\\\"urlc\\\":false,\\\"urlctext\\\":\\\"\\\",\\\"targetc\\\":\\\"\\\"}\",\"attribs\":\"{\\\"article_layout\\\":\\\"\\\",\\\"show_title\\\":\\\"\\\",\\\"link_titles\\\":\\\"\\\",\\\"show_tags\\\":\\\"\\\",\\\"show_intro\\\":\\\"\\\",\\\"info_block_position\\\":\\\"\\\",\\\"info_block_show_title\\\":\\\"\\\",\\\"show_category\\\":\\\"\\\",\\\"link_category\\\":\\\"\\\",\\\"show_parent_category\\\":\\\"\\\",\\\"link_parent_category\\\":\\\"\\\",\\\"show_associations\\\":\\\"\\\",\\\"show_author\\\":\\\"\\\",\\\"link_author\\\":\\\"\\\",\\\"show_create_date\\\":\\\"\\\",\\\"show_modify_date\\\":\\\"\\\",\\\"show_publish_date\\\":\\\"\\\",\\\"show_item_navigation\\\":\\\"\\\",\\\"show_icons\\\":\\\"\\\",\\\"show_print_icon\\\":\\\"\\\",\\\"show_email_icon\\\":\\\"\\\",\\\"show_vote\\\":\\\"\\\",\\\"show_hits\\\":\\\"\\\",\\\"show_noauth\\\":\\\"\\\",\\\"urls_position\\\":\\\"\\\",\\\"alternative_readmore\\\":\\\"\\\",\\\"article_page_title\\\":\\\"\\\"}\",\"version\":157,\"ordering\":\"12\",\"metakey\":\"\",\"metadesc\":\"\",\"access\":\"1\",\"hits\":\"5077\",\"metadata\":\"{\\\"robots\\\":\\\"\\\",\\\"author\\\":\\\"\\\",\\\"rights\\\":\\\"\\\",\\\"xreference\\\":\\\"\\\"}\",\"featured\":\"0\",\"language\":\"en-GB\",\"xreference\":\"\",\"note\":\"\"}', 0);
INSERT INTO `s0xl4_ucm_history` (`version_id`, `ucm_item_id`, `ucm_type_id`, `version_note`, `save_date`, `editor_user_id`, `character_count`, `sha1_hash`, `version_data`, `keep_forever`) VALUES
(387, 3, 1, '', '2020-06-15 08:32:25', 226, 4984, '14ebfa73aab1f7fcdeb78ef49264029093e471a2', '{\"id\":3,\"asset_id\":\"77\",\"title\":\"About Me\",\"alias\":\"home-page\",\"introtext\":\"<p><img style=\\\"float: left;\\\" src=\\\"images\\/mokhtari.jpg\\\" alt=\\\"mokhtari\\\" width=\\\"150\\\" height=\\\"200\\\" \\/><\\/p>\\r\\n<p dir=\\\"ltr\\\"><span style=\\\"font-family: \'times new roman\', times; font-size: 14pt;\\\">&nbsp;<strong>Dr&nbsp;<span style=\\\"color: #000000;\\\"><em>Zahra Mokhtari<\\/em><\\/span><\\/strong><\\/span><\\/p>\\r\\n<p dir=\\\"ltr\\\"><span style=\\\"font-family: \'times new roman\', times; font-size: 14pt;\\\"><span style=\\\"color: #000000;\\\">&nbsp;Assistant professor (Geology-Geochemistry)<\\/span><\\/span><\\/p>\\r\\n<p dir=\\\"ltr\\\"><span style=\\\"font-size: 14pt;\\\"><span style=\\\"font-family: \'times new roman\', times;\\\">&nbsp;Department of Geology,&nbsp;<span style=\\\"color: #000000;\\\">Faculty of Science,<\\/span><\\/span><span style=\\\"font-family: \'times new roman\', times;\\\">University of Neyshabur.<\\/span><\\/span><\\/p>\\r\\n<p dir=\\\"ltr\\\" style=\\\"text-align: left; padding-left: 30px;\\\"><span style=\\\"font-family: \'times new roman\', times; font-size: 14pt;\\\"> <strong>&nbsp; Email:<\\/strong><span style=\\\"font-family: \'times new roman\', times;\\\"><\\/span> zahra.mokhtari@neyshabur.ac.ir&nbsp;&nbsp;<\\/span><\\/p>\\r\\n<p dir=\\\"ltr\\\" style=\\\"text-align: left; padding-left: 30px;\\\"><span style=\\\"font-family: \'times new roman\', times; font-size: 14pt;\\\"><strong>&nbsp; &nbsp; &nbsp; &nbsp;Phone:<\\/strong>&nbsp;+98 5143305756<\\/span><\\/p>\\r\\n<p dir=\\\"ltr\\\" style=\\\"text-align: left; padding-left: 30px;\\\"><span style=\\\"font-family: \'times new roman\', times; font-size: 14pt;\\\"><strong>&nbsp; &nbsp; &nbsp; &nbsp; Fax:<\\/strong>&nbsp;+98 5143305234<\\/span><\\/p>\\r\\n<h4><span style=\\\"font-family: \'times new roman\', times; font-size: 14pt;\\\"><\\/span><\\/h4>\\r\\n<p>&nbsp;&nbsp;&nbsp;&nbsp;<\\/p>\\r\\n<p style=\\\"text-align: left;\\\"><a href=\\\"images\\/CV.pdf\\\" target=\\\"_blank\\\"><strong><strong>&nbsp;&nbsp;&nbsp;&nbsp;&nbsp;&nbsp;<span style=\\\"font-family: \'times new roman\', times;\\\">&nbsp;&nbsp;&nbsp;&nbsp;<span class=\\\"wf_file_text\\\">CV.pdf<\\/span><\\/span><\\/strong><\\/strong><\\/a><\\/p>\\r\\n<h2 style=\\\"text-align: left;\\\"><span style=\\\"font-family: \'times new roman\', times; font-size: 12pt;\\\"><strong>Research Fields:&nbsp;<\\/strong><\\/span><\\/h2>\\r\\n<p style=\\\"text-align: left;\\\"><span style=\\\"font-family: \'times new roman\', times; font-size: 12pt;\\\">Geochemical&nbsp;explorations<\\/span><br \\/><span style=\\\"font-family: \'times new roman\', times; font-size: 12pt;\\\">Gemology<\\/span><br \\/><span style=\\\"font-family: \'times new roman\', times; font-size: 12pt;\\\">Remote sensing techniques and image processing<\\/span><br \\/><span style=\\\"font-family: \'times new roman\', times; font-size: 12pt;\\\">Fractal and multifactorial modeling<\\/span><br \\/><span style=\\\"font-family: \'times new roman\', times; font-size: 12pt;\\\">Geochemistry of stable and radioactive isotopes<\\/span><br \\/><span style=\\\"font-family: \'times new roman\', times; font-size: 12pt;\\\">fluid inclusion and&nbsp; laser Raman spectroscopic<\\/span><br \\/><span style=\\\"font-family: \'times new roman\', times; font-size: 12pt;\\\"> Groundwater, hydrogeochemistry and environmental geochemistry<\\/span><br \\/><span style=\\\"font-family: \'times new roman\', times; font-size: 12pt;\\\">General Geology and Field Operations<\\/span><br \\/><span style=\\\"font-size: 12pt;\\\"><span style=\\\"font-family: \'times new roman\', times;\\\">Geographic Information System (GIS) and mapping<\\/span><\\/span><\\/p>\",\"fulltext\":\"\",\"state\":1,\"catid\":\"8\",\"created\":\"2019-05-02 04:01:46\",\"created_by\":\"223\",\"created_by_alias\":\"\",\"modified\":\"2020-06-15 08:32:25\",\"modified_by\":\"226\",\"checked_out\":\"226\",\"checked_out_time\":\"2020-06-15 08:31:57\",\"publish_up\":\"2019-05-02 04:01:46\",\"publish_down\":\"0000-00-00 00:00:00\",\"images\":\"{\\\"image_intro\\\":\\\"\\\",\\\"float_intro\\\":\\\"\\\",\\\"image_intro_alt\\\":\\\"\\\",\\\"image_intro_caption\\\":\\\"\\\",\\\"image_fulltext\\\":\\\"\\\",\\\"float_fulltext\\\":\\\"\\\",\\\"image_fulltext_alt\\\":\\\"\\\",\\\"image_fulltext_caption\\\":\\\"\\\"}\",\"urls\":\"{\\\"urla\\\":false,\\\"urlatext\\\":\\\"\\\",\\\"targeta\\\":\\\"\\\",\\\"urlb\\\":false,\\\"urlbtext\\\":\\\"\\\",\\\"targetb\\\":\\\"\\\",\\\"urlc\\\":false,\\\"urlctext\\\":\\\"\\\",\\\"targetc\\\":\\\"\\\"}\",\"attribs\":\"{\\\"article_layout\\\":\\\"\\\",\\\"show_title\\\":\\\"\\\",\\\"link_titles\\\":\\\"\\\",\\\"show_tags\\\":\\\"\\\",\\\"show_intro\\\":\\\"\\\",\\\"info_block_position\\\":\\\"\\\",\\\"info_block_show_title\\\":\\\"\\\",\\\"show_category\\\":\\\"\\\",\\\"link_category\\\":\\\"\\\",\\\"show_parent_category\\\":\\\"\\\",\\\"link_parent_category\\\":\\\"\\\",\\\"show_associations\\\":\\\"\\\",\\\"show_author\\\":\\\"\\\",\\\"link_author\\\":\\\"\\\",\\\"show_create_date\\\":\\\"\\\",\\\"show_modify_date\\\":\\\"\\\",\\\"show_publish_date\\\":\\\"\\\",\\\"show_item_navigation\\\":\\\"\\\",\\\"show_icons\\\":\\\"\\\",\\\"show_print_icon\\\":\\\"\\\",\\\"show_email_icon\\\":\\\"\\\",\\\"show_vote\\\":\\\"\\\",\\\"show_hits\\\":\\\"\\\",\\\"show_noauth\\\":\\\"\\\",\\\"urls_position\\\":\\\"\\\",\\\"alternative_readmore\\\":\\\"\\\",\\\"article_page_title\\\":\\\"\\\"}\",\"version\":158,\"ordering\":\"12\",\"metakey\":\"\",\"metadesc\":\"\",\"access\":\"1\",\"hits\":\"5078\",\"metadata\":\"{\\\"robots\\\":\\\"\\\",\\\"author\\\":\\\"\\\",\\\"rights\\\":\\\"\\\",\\\"xreference\\\":\\\"\\\"}\",\"featured\":\"0\",\"language\":\"en-GB\",\"xreference\":\"\",\"note\":\"\"}', 0),
(388, 1, 1, '', '2020-06-15 08:33:20', 226, 6130, '3c1abf005a564fcd0a7720ff1210f41575a22f52', '{\"id\":1,\"asset_id\":\"63\",\"title\":\"\\u0627\\u0637\\u0644\\u0627\\u0639\\u0627\\u062a \\u0634\\u062e\\u0635\\u06cc\",\"alias\":\"2019-05-21-04-57-06\",\"introtext\":\"<p><span style=\\\"font-family: \'comic sans ms\', sans-serif;\\\"><img style=\\\"float: right;\\\" src=\\\"images\\/mokhtari.jpg\\\" alt=\\\"mokhtari\\\" width=\\\"150\\\" height=\\\"200\\\" \\/><\\/span><\\/p>\\r\\n<h2 style=\\\"text-align: justify;\\\">&nbsp; &nbsp; \\u062f\\u06a9\\u062a\\u0631 \\u0632\\u0647\\u0631\\u0627 \\u0645\\u062e\\u062a\\u0627\\u0631\\u06cc<\\/h2>\\r\\n<h3>&nbsp;&nbsp; &nbsp; \\u0627\\u0633\\u062a\\u0627\\u062f\\u06cc\\u0627\\u0631 \\u06af\\u0631\\u0648\\u0647 \\u0632\\u0645\\u06cc\\u0646 \\u0634\\u0646\\u0627\\u0633\\u06cc - \\u0698\\u0626\\u0648\\u0634\\u06cc\\u0645\\u06cc<\\/h3>\\r\\n<h3>&nbsp; &nbsp; &nbsp;\\u062f\\u0627\\u0646\\u0634\\u06a9\\u062f\\u0647 \\u0639\\u0644\\u0648\\u0645\\u060c \\u062f\\u0627\\u0646\\u0634\\u06af\\u0627\\u0647 \\u0646\\u06cc\\u0634\\u0627\\u0628\\u0648\\u0631<\\/h3>\\r\\n<h3>&nbsp;&nbsp; &nbsp; \\u067e\\u0633\\u062a \\u0627\\u0644\\u06a9\\u062a\\u0631\\u0648\\u0646\\u06cc\\u06a9: <span style=\\\"font-family: \'times new roman\', times; font-size: 12pt;\\\"><a href=\\\"mailto:zahra.mokhtari@neyshabur.ac.ir\\\">zahra.mokhtari@neyshabur.ac.ir<\\/a><\\/span><\\/h3>\\r\\n<h3>&nbsp; &nbsp; &nbsp;\\u062a\\u0644\\u0641\\u0646 \\u062a\\u0645\\u0627\\u0633:&nbsp; &nbsp;&nbsp;&nbsp;&nbsp;5143305756 98+<\\/h3>\\r\\n<h3>&nbsp; &nbsp; &nbsp;\\u0641\\u0627\\u06a9\\u0633:&nbsp; &nbsp; &nbsp; &nbsp; &nbsp; &nbsp; 5143305234 98+<\\/h3>\\r\\n<h3>&nbsp; &nbsp; &nbsp;<a href=\\\"images\\/CV.pdf\\\" target=\\\"_blank\\\">CV<\\/a><\\/h3>\\r\\n<p>&nbsp;<\\/p>\\r\\n<p>&nbsp;<\\/p>\\r\\n<h2>\\u0632\\u0645\\u06cc\\u0646\\u0647 \\u0647\\u0627\\u06cc&nbsp;\\u062a\\u062d\\u0642\\u06cc\\u0642\\u0627\\u062a\\u06cc:<\\/h2>\\r\\n<ul>\\r\\n<li>\\u0634\\u0646\\u0627\\u0633\\u0627\\u06cc\\u06cc \\u067e\\u062a\\u0627\\u0646\\u0633\\u06cc\\u0644 \\u0647\\u0627\\u06cc \\u0645\\u0639\\u062f\\u0646\\u06cc \\u0648 \\u0646\\u0648\\u0627\\u062d\\u06cc \\u0627\\u0645\\u06cc\\u062f \\u0628\\u062e\\u0634 \\u0628\\u0627 \\u062a\\u06a9\\u06cc\\u0647 \\u0628\\u0631 \\u0631\\u0648\\u0634\\u200c\\u0647\\u0627\\u06cc \\u0646\\u0648\\u06cc\\u0646 \\u062f\\u0631 \\u0627\\u06a9\\u062a\\u0634\\u0627\\u0641\\u0627\\u062a \\u0698\\u0626\\u0648\\u0634\\u06cc\\u0645\\u06cc\\u0627\\u06cc\\u06cc<\\/li>\\r\\n<li>\\u0645\\u0637\\u0627\\u0644\\u0639\\u0627\\u062a \\u0645\\u0631\\u0628\\u0648\\u0637 \\u0628\\u0647 \\u06af\\u0648\\u0647\\u0631\\u0633\\u0646\\u06af\\u0647\\u0627<\\/li>\\r\\n<li>\\u062a\\u06a9\\u0646\\u06cc\\u06a9\\u0647\\u0627\\u06cc \\u0633\\u0646\\u062c\\u0634 \\u0627\\u0632 \\u062f\\u0648\\u0631<span style=\\\"font-size: 12pt;\\\"><span style=\\\"font-family: \'times new roman\', times;\\\"> (Remote sensing)<\\/span> <\\/span>\\u0648 \\u067e\\u0631\\u062f\\u0627\\u0632\\u0634 \\u062a\\u0635\\u0627\\u0648\\u06cc\\u0631 \\u0645\\u0627\\u0647\\u0648\\u0627\\u0631\\u0647\\u200c\\u0627\\u06cc <span style=\\\"font-family: \'times new roman\', times; font-size: 12pt;\\\">ETM<sup>+<\\/sup>\\u060c Landsat 8 \\u0648 ASTER<\\/span><\\/li>\\r\\n<li>\\u0645\\u062f\\u0644\\u200c\\u0633\\u0627\\u0632\\u06cc \\u0641\\u0631\\u0627\\u06a9\\u062a\\u0627\\u0644 \\u0648 \\u0645\\u0648\\u0644\\u062a\\u06cc\\u200c\\u0641\\u0631\\u0627\\u06a9\\u062a\\u0627\\u0644 \\u0628\\u0631\\u0627\\u06cc \\u062a\\u0639\\u06cc\\u06cc\\u0646 \\u062f\\u0642\\u06cc\\u0642 \\u0645\\u0646\\u0627\\u0637\\u0642 \\u062d\\u0627\\u0648\\u06cc \\u0622\\u0646\\u0648\\u0645\\u0627\\u0644\\u06cc<\\/li>\\r\\n<li>\\u0698\\u0626\\u0648\\u0634\\u06cc\\u0645\\u06cc \\u0627\\u06cc\\u0632\\u0648\\u062a\\u0648\\u067e\\u200c\\u0647\\u0627\\u06cc \\u067e\\u0627\\u06cc\\u062f\\u0627\\u0631 \\u0648 \\u0646\\u0627\\u067e\\u0627\\u06cc\\u062f\\u0627\\u0631<\\/li>\\r\\n<li>\\u0645\\u0637\\u0627\\u0644\\u0639\\u0627\\u062a \\u0645\\u0631\\u0628\\u0648\\u0637 \\u0628\\u0647 \\u0633\\u06cc\\u0627\\u0644\\u0627\\u062a\\u200c\\u062f\\u0631\\u06af\\u06cc\\u0631 \\u0648 \\u0644\\u06cc\\u0632\\u0631 \\u0631\\u0627\\u0645\\u0627\\u0646 \\u0627\\u0633\\u067e\\u06a9\\u062a\\u0631\\u0648\\u0633\\u06a9\\u0648\\u067e\\u06cc<\\/li>\\r\\n<li>\\u0645\\u0637\\u0627\\u0644\\u0639\\u0627\\u062a \\u0645\\u0631\\u0628\\u0648\\u0637 \\u0628\\u0647 \\u0622\\u0628\\u0647\\u0627\\u06cc \\u0632\\u06cc\\u0631\\u0632\\u0645\\u06cc\\u0646\\u06cc\\u060c \\u0647\\u06cc\\u062f\\u0631\\u0648\\u0698\\u0626\\u0648\\u0634\\u06cc\\u0645\\u06cc (\\u0628\\u0631\\u0631\\u0633\\u06cc \\u06a9\\u06cc\\u0641\\u06cc\\u062a \\u0645\\u0646\\u0627\\u0628\\u0639 \\u0622\\u0628) \\u0648 \\u0698\\u0626\\u0648\\u0634\\u06cc\\u0645\\u06cc \\u0632\\u06cc\\u0633\\u062a \\u0645\\u062d\\u06cc\\u0637\\u06cc<\\/li>\\r\\n<li>\\u0632\\u0645\\u06cc\\u0646 \\u0634\\u0646\\u0627\\u0633\\u06cc \\u0639\\u0645\\u0648\\u0645\\u06cc \\u0648 \\u0639\\u0645\\u0644\\u06cc\\u0627\\u062a \\u0635\\u062d\\u0631\\u0627\\u06cc\\u06cc<\\/li>\\r\\n<li>\\u0633\\u064a\\u0633\\u062a\\u0645 \\u0627\\u0637\\u0644\\u0627\\u0639\\u0627\\u062a \\u062c\\u063a\\u0631\\u0627\\u0641\\u064a\\u0627\\u064a\\u064a (GIS) \\u0648 \\u0646\\u0642\\u0634\\u0647\\u200c\\u0628\\u0631\\u062f\\u0627\\u0631\\u06cc<\\/li>\\r\\n<\\/ul>\",\"fulltext\":\"\",\"state\":1,\"catid\":\"8\",\"created\":\"2019-04-22 08:07:44\",\"created_by\":\"223\",\"created_by_alias\":\"\",\"modified\":\"2020-06-15 08:33:20\",\"modified_by\":\"226\",\"checked_out\":\"226\",\"checked_out_time\":\"2020-06-15 08:33:06\",\"publish_up\":\"2019-04-22 08:07:44\",\"publish_down\":\"0000-00-00 00:00:00\",\"images\":\"{\\\"image_intro\\\":\\\"\\\",\\\"float_intro\\\":\\\"\\\",\\\"image_intro_alt\\\":\\\"\\\",\\\"image_intro_caption\\\":\\\"\\\",\\\"image_fulltext\\\":\\\"\\\",\\\"float_fulltext\\\":\\\"\\\",\\\"image_fulltext_alt\\\":\\\"\\\",\\\"image_fulltext_caption\\\":\\\"\\\"}\",\"urls\":\"{\\\"urla\\\":false,\\\"urlatext\\\":\\\"\\\",\\\"targeta\\\":\\\"\\\",\\\"urlb\\\":false,\\\"urlbtext\\\":\\\"\\\",\\\"targetb\\\":\\\"\\\",\\\"urlc\\\":false,\\\"urlctext\\\":\\\"\\\",\\\"targetc\\\":\\\"\\\"}\",\"attribs\":\"{\\\"article_layout\\\":\\\"\\\",\\\"show_title\\\":\\\"\\\",\\\"link_titles\\\":\\\"\\\",\\\"show_tags\\\":\\\"\\\",\\\"show_intro\\\":\\\"\\\",\\\"info_block_position\\\":\\\"\\\",\\\"info_block_show_title\\\":\\\"\\\",\\\"show_category\\\":\\\"\\\",\\\"link_category\\\":\\\"\\\",\\\"show_parent_category\\\":\\\"\\\",\\\"link_parent_category\\\":\\\"\\\",\\\"show_associations\\\":\\\"\\\",\\\"show_author\\\":\\\"\\\",\\\"link_author\\\":\\\"\\\",\\\"show_create_date\\\":\\\"\\\",\\\"show_modify_date\\\":\\\"\\\",\\\"show_publish_date\\\":\\\"\\\",\\\"show_item_navigation\\\":\\\"\\\",\\\"show_icons\\\":\\\"\\\",\\\"show_print_icon\\\":\\\"\\\",\\\"show_email_icon\\\":\\\"\\\",\\\"show_vote\\\":\\\"\\\",\\\"show_hits\\\":\\\"\\\",\\\"show_noauth\\\":\\\"\\\",\\\"urls_position\\\":\\\"\\\",\\\"alternative_readmore\\\":\\\"\\\",\\\"article_page_title\\\":\\\"\\\"}\",\"version\":103,\"ordering\":\"13\",\"metakey\":\"\",\"metadesc\":\"\",\"access\":\"1\",\"hits\":\"1910\",\"metadata\":\"{\\\"robots\\\":\\\"\\\",\\\"author\\\":\\\"\\\",\\\"rights\\\":\\\"\\\",\\\"xreference\\\":\\\"\\\"}\",\"featured\":\"0\",\"language\":\"fa-IR\",\"xreference\":\"\",\"note\":\"\"}', 0),
(389, 24, 1, '', '2020-09-22 05:22:39', 226, 4247, 'e63f2a87ebebd42b961cd6c6721124499fcf2845', '{\"id\":24,\"asset_id\":\"133\",\"title\":\"\\u0628\\u0631\\u0646\\u0627\\u0645\\u0647 \\u062d\\u0636\\u0648\\u0631\",\"alias\":\"2020-03-15-19-23-51\",\"introtext\":\"<table style=\\\"height: 300px; width: 694px;\\\">\\r\\n<tbody>\\r\\n<tr>\\r\\n<td>\\u0633\\u0627\\u0639\\u062a<\\/td>\\r\\n<td>8-10<\\/td>\\r\\n<td>10-12<\\/td>\\r\\n<td>12-14<\\/td>\\r\\n<td>14-16<\\/td>\\r\\n<\\/tr>\\r\\n<tr>\\r\\n<td>\\u0634\\u0646\\u0628\\u0647<\\/td>\\r\\n<td>\\u062f\\u0641\\u062a\\u0631 \\u0627\\u0631\\u062a\\u0628\\u0627\\u0637 \\u0628\\u0627 \\u0635\\u0639\\u062a \\u062f\\u0627\\u0646\\u0634\\u06af\\u0627\\u0647<\\/td>\\r\\n<td>\\u0641\\u062a\\u0631 \\u0627\\u0631\\u062a\\u0628\\u0627\\u0637 \\u0628\\u0627 \\u0635\\u0639\\u062a \\u062f\\u0627\\u0646\\u0634\\u06af\\u0627\\u0647<\\/td>\\r\\n<td>\\u0641\\u062a\\u0631 \\u0627\\u0631\\u062a\\u0628\\u0627\\u0637 \\u0628\\u0627 \\u0635\\u0639\\u062a \\u062f\\u0627\\u0646\\u0634\\u06af\\u0627\\u0647<\\/td>\\r\\n<td>&nbsp;<\\/td>\\r\\n<\\/tr>\\r\\n<tr>\\r\\n<td>\\u06cc\\u06a9 \\u0634\\u0646\\u0628\\u0647<\\/td>\\r\\n<td>\\u0641\\u062a\\u0631 \\u0627\\u0631\\u062a\\u0628\\u0627\\u0637 \\u0628\\u0627 \\u0635\\u0639\\u062a \\u062f\\u0627\\u0646\\u0634\\u06af\\u0627\\u0647<\\/td>\\r\\n<td>\\u0641\\u062a\\u0631 \\u0627\\u0631\\u062a\\u0628\\u0627\\u0637 \\u0628\\u0627 \\u0635\\u0639\\u062a \\u062f\\u0627\\u0646\\u0634\\u06af\\u0627\\u0647<\\/td>\\r\\n<td>\\u0641\\u0644\\u0632\\u06a9\\u0627\\u0631\\u06cc<\\/td>\\r\\n<td>&nbsp;<\\/td>\\r\\n<\\/tr>\\r\\n<tr>\\r\\n<td>\\u062f\\u0648\\u0634\\u0646\\u0628\\u0647<\\/td>\\r\\n<td>\\u0631\\u06cc\\u0627\\u0636\\u06cc \\u0648 \\u0622\\u0645\\u0627\\u0631 \\u062f\\u0631 \\u0639\\u0644\\u0648\\u0645 \\u0648\\u0631\\u0632\\u0634\\u06cc<\\/td>\\r\\n<td>\\u0641\\u062a\\u0631 \\u0627\\u0631\\u062a\\u0628\\u0627\\u0637 \\u0628\\u0627 \\u0635\\u0639\\u062a \\u062f\\u0627\\u0646\\u0634\\u06af\\u0627\\u0647<\\/td>\\r\\n<td>\\u0641\\u062a\\u0631 \\u0627\\u0631\\u062a\\u0628\\u0627\\u0637 \\u0628\\u0627 \\u0635\\u0639\\u062a \\u062f\\u0627\\u0646\\u0634\\u06af\\u0627\\u0647<\\/td>\\r\\n<td>&nbsp;<\\/td>\\r\\n<\\/tr>\\r\\n<tr>\\r\\n<td>\\u0633\\u0647 \\u0634\\u0646\\u0628\\u0647<\\/td>\\r\\n<td>\\u0641\\u062a\\u0631 \\u0627\\u0631\\u062a\\u0628\\u0627\\u0637 \\u0628\\u0627 \\u0635\\u0639\\u062a \\u062f\\u0627\\u0646\\u0634\\u06af\\u0627\\u0647<\\/td>\\r\\n<td>\\u0641\\u062a\\u0631 \\u0627\\u0631\\u062a\\u0628\\u0627\\u0637 \\u0628\\u0627 \\u0635\\u0639\\u062a \\u062f\\u0627\\u0646\\u0634\\u06af\\u0627\\u0647<\\/td>\\r\\n<td>\\u0641\\u062a\\u0631 \\u0627\\u0631\\u062a\\u0628\\u0627\\u0637 \\u0628\\u0627 \\u0635\\u0639\\u062a \\u062f\\u0627\\u0646\\u0634\\u06af\\u0627\\u0647<\\/td>\\r\\n<td>&nbsp;<\\/td>\\r\\n<\\/tr>\\r\\n<tr>\\r\\n<td>\\u0686\\u0647\\u0627\\u0631\\u0634\\u0646\\u0628\\u0647<\\/td>\\r\\n<td>\\u062f\\u0648\\u0631\\u06a9\\u0627\\u0631\\u06cc<\\/td>\\r\\n<td>\\u062f\\u0648\\u0631\\u06a9\\u0627\\u0631\\u06cc<\\/td>\\r\\n<td>&nbsp;<\\/td>\\r\\n<td>\\u0645\\u0628\\u0627\\u0646\\u06cc \\u06a9\\u0627\\u0631\\u0622\\u0641\\u0631\\u06cc\\u0646\\u06cc&nbsp;<\\/td>\\r\\n<\\/tr>\\r\\n<\\/tbody>\\r\\n<\\/table>\\r\\n<p>&nbsp;<\\/p>\",\"fulltext\":\"\",\"state\":1,\"catid\":\"9\",\"created\":\"2020-03-15 19:23:51\",\"created_by\":\"223\",\"created_by_alias\":\"\",\"modified\":\"2020-09-22 05:22:39\",\"modified_by\":\"226\",\"checked_out\":\"226\",\"checked_out_time\":\"2020-09-22 05:12:23\",\"publish_up\":\"2020-03-15 19:23:51\",\"publish_down\":\"0000-00-00 00:00:00\",\"images\":\"{\\\"image_intro\\\":\\\"\\\",\\\"float_intro\\\":\\\"\\\",\\\"image_intro_alt\\\":\\\"\\\",\\\"image_intro_caption\\\":\\\"\\\",\\\"image_fulltext\\\":\\\"\\\",\\\"float_fulltext\\\":\\\"\\\",\\\"image_fulltext_alt\\\":\\\"\\\",\\\"image_fulltext_caption\\\":\\\"\\\"}\",\"urls\":\"{\\\"urla\\\":false,\\\"urlatext\\\":\\\"\\\",\\\"targeta\\\":\\\"\\\",\\\"urlb\\\":false,\\\"urlbtext\\\":\\\"\\\",\\\"targetb\\\":\\\"\\\",\\\"urlc\\\":false,\\\"urlctext\\\":\\\"\\\",\\\"targetc\\\":\\\"\\\"}\",\"attribs\":\"{\\\"article_layout\\\":\\\"\\\",\\\"show_title\\\":\\\"\\\",\\\"link_titles\\\":\\\"\\\",\\\"show_tags\\\":\\\"\\\",\\\"show_intro\\\":\\\"\\\",\\\"info_block_position\\\":\\\"\\\",\\\"info_block_show_title\\\":\\\"\\\",\\\"show_category\\\":\\\"\\\",\\\"link_category\\\":\\\"\\\",\\\"show_parent_category\\\":\\\"\\\",\\\"link_parent_category\\\":\\\"\\\",\\\"show_associations\\\":\\\"\\\",\\\"show_author\\\":\\\"\\\",\\\"link_author\\\":\\\"\\\",\\\"show_create_date\\\":\\\"\\\",\\\"show_modify_date\\\":\\\"\\\",\\\"show_publish_date\\\":\\\"\\\",\\\"show_item_navigation\\\":\\\"\\\",\\\"show_icons\\\":\\\"\\\",\\\"show_print_icon\\\":\\\"\\\",\\\"show_email_icon\\\":\\\"\\\",\\\"show_vote\\\":\\\"\\\",\\\"show_hits\\\":\\\"\\\",\\\"show_noauth\\\":\\\"\\\",\\\"urls_position\\\":\\\"\\\",\\\"alternative_readmore\\\":\\\"\\\",\\\"article_page_title\\\":\\\"\\\"}\",\"version\":2,\"ordering\":\"2\",\"metakey\":\"\",\"metadesc\":\"\",\"access\":\"1\",\"hits\":\"9\",\"metadata\":\"{\\\"robots\\\":\\\"\\\",\\\"author\\\":\\\"\\\",\\\"rights\\\":\\\"\\\",\\\"xreference\\\":\\\"\\\"}\",\"featured\":\"0\",\"language\":\"fa-IR\",\"xreference\":\"\",\"note\":\"\"}', 0),
(390, 24, 1, '', '2020-09-22 05:22:51', 226, 4228, '60ede667eefcc76769737ac162d221f7e198d07c', '{\"id\":24,\"asset_id\":\"133\",\"title\":\"\\u0628\\u0631\\u0646\\u0627\\u0645\\u0647 \\u062d\\u0636\\u0648\\u0631\",\"alias\":\"2020-03-15-19-23-51\",\"introtext\":\"<table style=\\\"height: 300px; width: 694px;\\\">\\r\\n<tbody>\\r\\n<tr>\\r\\n<td>\\u0633\\u0627\\u0639\\u062a<\\/td>\\r\\n<td>8-10<\\/td>\\r\\n<td>10-12<\\/td>\\r\\n<td>12-14<\\/td>\\r\\n<td>14-16<\\/td>\\r\\n<\\/tr>\\r\\n<tr>\\r\\n<td>\\u0634\\u0646\\u0628\\u0647<\\/td>\\r\\n<td>\\u062f\\u0641\\u062a\\u0631 \\u0627\\u0631\\u062a\\u0628\\u0627\\u0637 \\u0628\\u0627 \\u0635\\u0639\\u062a \\u062f\\u0627\\u0646\\u0634\\u06af\\u0627\\u0647<\\/td>\\r\\n<td>\\u0641\\u062a\\u0631 \\u0627\\u0631\\u062a\\u0628\\u0627\\u0637 \\u0628\\u0627 \\u0635\\u0639\\u062a \\u062f\\u0627\\u0646\\u0634\\u06af\\u0627\\u0647<\\/td>\\r\\n<td>\\u0641\\u062a\\u0631 \\u0627\\u0631\\u062a\\u0628\\u0627\\u0637 \\u0628\\u0627 \\u0635\\u0639\\u062a \\u062f\\u0627\\u0646\\u0634\\u06af\\u0627\\u0647<\\/td>\\r\\n<td>&nbsp;<\\/td>\\r\\n<\\/tr>\\r\\n<tr>\\r\\n<td>\\u06cc\\u06a9 \\u0634\\u0646\\u0628\\u0647<\\/td>\\r\\n<td>\\u0641\\u062a\\u0631 \\u0627\\u0631\\u062a\\u0628\\u0627\\u0637 \\u0628\\u0627 \\u0635\\u0639\\u062a \\u062f\\u0627\\u0646\\u0634\\u06af\\u0627\\u0647<\\/td>\\r\\n<td>\\u0641\\u062a\\u0631 \\u0627\\u0631\\u062a\\u0628\\u0627\\u0637 \\u0628\\u0627 \\u0635\\u0639\\u062a \\u062f\\u0627\\u0646\\u0634\\u06af\\u0627\\u0647<\\/td>\\r\\n<td>\\u0641\\u0644\\u0632\\u06a9\\u0627\\u0631\\u06cc<\\/td>\\r\\n<td>&nbsp;<\\/td>\\r\\n<\\/tr>\\r\\n<tr>\\r\\n<td>\\u062f\\u0648\\u0634\\u0646\\u0628\\u0647<\\/td>\\r\\n<td>\\u0631\\u06cc\\u0627\\u0636\\u06cc \\u0648 \\u0622\\u0645\\u0627\\u0631 \\u062f\\u0631 \\u0639\\u0644\\u0648\\u0645 \\u0648\\u0631\\u0632\\u0634\\u06cc<\\/td>\\r\\n<td>\\u0641\\u062a\\u0631 \\u0627\\u0631\\u062a\\u0628\\u0627\\u0637 \\u0628\\u0627 \\u0635\\u0639\\u062a \\u062f\\u0627\\u0646\\u0634\\u06af\\u0627\\u0647<\\/td>\\r\\n<td>\\u0641\\u062a\\u0631 \\u0627\\u0631\\u062a\\u0628\\u0627\\u0637 \\u0628\\u0627 \\u0635\\u0639\\u062a \\u062f\\u0627\\u0646\\u0634\\u06af\\u0627\\u0647<\\/td>\\r\\n<td>&nbsp;<\\/td>\\r\\n<\\/tr>\\r\\n<tr>\\r\\n<td>\\u0633\\u0647 \\u0634\\u0646\\u0628\\u0647<\\/td>\\r\\n<td>\\u0641\\u062a\\u0631 \\u0627\\u0631\\u062a\\u0628\\u0627\\u0637 \\u0628\\u0627 \\u0635\\u0639\\u062a \\u062f\\u0627\\u0646\\u0634\\u06af\\u0627\\u0647<\\/td>\\r\\n<td>\\u0641\\u062a\\u0631 \\u0627\\u0631\\u062a\\u0628\\u0627\\u0637 \\u0628\\u0627 \\u0635\\u0639\\u062a \\u062f\\u0627\\u0646\\u0634\\u06af\\u0627\\u0647<\\/td>\\r\\n<td>\\u0641\\u062a\\u0631 \\u0627\\u0631\\u062a\\u0628\\u0627\\u0637 \\u0628\\u0627 \\u0635\\u0639\\u062a \\u062f\\u0627\\u0646\\u0634\\u06af\\u0627\\u0647<\\/td>\\r\\n<td>&nbsp;<\\/td>\\r\\n<\\/tr>\\r\\n<tr>\\r\\n<td>\\u0686\\u0647\\u0627\\u0631\\u0634\\u0646\\u0628\\u0647<\\/td>\\r\\n<td>\\u062f\\u0648\\u0631\\u06a9\\u0627\\u0631\\u06cc<\\/td>\\r\\n<td>\\u062f\\u0648\\u0631\\u06a9\\u0627\\u0631\\u06cc<\\/td>\\r\\n<td>&nbsp;<\\/td>\\r\\n<td>\\u0645\\u0628\\u0627\\u0646\\u06cc \\u06a9\\u0627\\u0631\\u0622\\u0641\\u0631\\u06cc\\u0646\\u06cc&nbsp;<\\/td>\\r\\n<\\/tr>\\r\\n<\\/tbody>\\r\\n<\\/table>\\r\\n<p>&nbsp;<\\/p>\",\"fulltext\":\"\",\"state\":0,\"catid\":\"9\",\"created\":\"2020-03-15 19:23:51\",\"created_by\":\"223\",\"created_by_alias\":\"\",\"modified\":\"2020-09-22 05:22:51\",\"modified_by\":\"226\",\"checked_out\":\"226\",\"checked_out_time\":\"2020-09-22 05:22:39\",\"publish_up\":\"2020-03-15 19:23:51\",\"publish_down\":\"\",\"images\":\"{\\\"image_intro\\\":\\\"\\\",\\\"float_intro\\\":\\\"\\\",\\\"image_intro_alt\\\":\\\"\\\",\\\"image_intro_caption\\\":\\\"\\\",\\\"image_fulltext\\\":\\\"\\\",\\\"float_fulltext\\\":\\\"\\\",\\\"image_fulltext_alt\\\":\\\"\\\",\\\"image_fulltext_caption\\\":\\\"\\\"}\",\"urls\":\"{\\\"urla\\\":false,\\\"urlatext\\\":\\\"\\\",\\\"targeta\\\":\\\"\\\",\\\"urlb\\\":false,\\\"urlbtext\\\":\\\"\\\",\\\"targetb\\\":\\\"\\\",\\\"urlc\\\":false,\\\"urlctext\\\":\\\"\\\",\\\"targetc\\\":\\\"\\\"}\",\"attribs\":\"{\\\"article_layout\\\":\\\"\\\",\\\"show_title\\\":\\\"\\\",\\\"link_titles\\\":\\\"\\\",\\\"show_tags\\\":\\\"\\\",\\\"show_intro\\\":\\\"\\\",\\\"info_block_position\\\":\\\"\\\",\\\"info_block_show_title\\\":\\\"\\\",\\\"show_category\\\":\\\"\\\",\\\"link_category\\\":\\\"\\\",\\\"show_parent_category\\\":\\\"\\\",\\\"link_parent_category\\\":\\\"\\\",\\\"show_associations\\\":\\\"\\\",\\\"show_author\\\":\\\"\\\",\\\"link_author\\\":\\\"\\\",\\\"show_create_date\\\":\\\"\\\",\\\"show_modify_date\\\":\\\"\\\",\\\"show_publish_date\\\":\\\"\\\",\\\"show_item_navigation\\\":\\\"\\\",\\\"show_icons\\\":\\\"\\\",\\\"show_print_icon\\\":\\\"\\\",\\\"show_email_icon\\\":\\\"\\\",\\\"show_vote\\\":\\\"\\\",\\\"show_hits\\\":\\\"\\\",\\\"show_noauth\\\":\\\"\\\",\\\"urls_position\\\":\\\"\\\",\\\"alternative_readmore\\\":\\\"\\\",\\\"article_page_title\\\":\\\"\\\"}\",\"version\":3,\"ordering\":\"2\",\"metakey\":\"\",\"metadesc\":\"\",\"access\":\"1\",\"hits\":\"9\",\"metadata\":\"{\\\"robots\\\":\\\"\\\",\\\"author\\\":\\\"\\\",\\\"rights\\\":\\\"\\\",\\\"xreference\\\":\\\"\\\"}\",\"featured\":\"0\",\"language\":\"fa-IR\",\"xreference\":\"\",\"note\":\"\"}', 0),
(391, 24, 1, '', '2020-09-22 05:23:03', 226, 4270, '0b62f5d3230300711a90d765b9aa54af0b510e95', '{\"id\":24,\"asset_id\":\"133\",\"title\":\"\\u0628\\u0631\\u0646\\u0627\\u0645\\u0647 \\u062d\\u0636\\u0648\\u0631\",\"alias\":\"2020-03-15-19-23-51\",\"introtext\":\"<table style=\\\"height: 300px; width: 694px;\\\">\\r\\n<tbody>\\r\\n<tr>\\r\\n<td>\\u0633\\u0627\\u0639\\u062a<\\/td>\\r\\n<td>8-10<\\/td>\\r\\n<td>10-12<\\/td>\\r\\n<td>12-14<\\/td>\\r\\n<td>14-16<\\/td>\\r\\n<\\/tr>\\r\\n<tr>\\r\\n<td>\\u0634\\u0646\\u0628\\u0647<\\/td>\\r\\n<td>\\u062f\\u0641\\u062a\\u0631 \\u0627\\u0631\\u062a\\u0628\\u0627\\u0637 \\u0628\\u0627 \\u0635\\u0639\\u062a \\u062f\\u0627\\u0646\\u0634\\u06af\\u0627\\u0647<\\/td>\\r\\n<td>\\u0641\\u062a\\u0631 \\u0627\\u0631\\u062a\\u0628\\u0627\\u0637 \\u0628\\u0627 \\u0635\\u0639\\u062a \\u062f\\u0627\\u0646\\u0634\\u06af\\u0627\\u0647<\\/td>\\r\\n<td>\\u0641\\u062a\\u0631 \\u0627\\u0631\\u062a\\u0628\\u0627\\u0637 \\u0628\\u0627 \\u0635\\u0639\\u062a \\u062f\\u0627\\u0646\\u0634\\u06af\\u0627\\u0647<\\/td>\\r\\n<td>&nbsp;<\\/td>\\r\\n<\\/tr>\\r\\n<tr>\\r\\n<td>\\u06cc\\u06a9 \\u0634\\u0646\\u0628\\u0647<\\/td>\\r\\n<td>\\u0641\\u062a\\u0631 \\u0627\\u0631\\u062a\\u0628\\u0627\\u0637 \\u0628\\u0627 \\u0635\\u0639\\u062a \\u062f\\u0627\\u0646\\u0634\\u06af\\u0627\\u0647<\\/td>\\r\\n<td>\\u0641\\u062a\\u0631 \\u0627\\u0631\\u062a\\u0628\\u0627\\u0637 \\u0628\\u0627 \\u0635\\u0639\\u062a \\u062f\\u0627\\u0646\\u0634\\u06af\\u0627\\u0647<\\/td>\\r\\n<td>\\u0641\\u0644\\u0632\\u06a9\\u0627\\u0631\\u06cc<\\/td>\\r\\n<td>&nbsp;<\\/td>\\r\\n<\\/tr>\\r\\n<tr>\\r\\n<td>\\u062f\\u0648\\u0634\\u0646\\u0628\\u0647<\\/td>\\r\\n<td>\\u0631\\u06cc\\u0627\\u0636\\u06cc \\u0648 \\u0622\\u0645\\u0627\\u0631 \\u062f\\u0631 \\u0639\\u0644\\u0648\\u0645 \\u0648\\u0631\\u0632\\u0634\\u06cc<\\/td>\\r\\n<td>\\u0641\\u062a\\u0631 \\u0627\\u0631\\u062a\\u0628\\u0627\\u0637 \\u0628\\u0627 \\u0635\\u0639\\u062a \\u062f\\u0627\\u0646\\u0634\\u06af\\u0627\\u0647<\\/td>\\r\\n<td>\\u0641\\u062a\\u0631 \\u0627\\u0631\\u062a\\u0628\\u0627\\u0637 \\u0628\\u0627 \\u0635\\u0639\\u062a \\u062f\\u0627\\u0646\\u0634\\u06af\\u0627\\u0647<\\/td>\\r\\n<td>&nbsp;<\\/td>\\r\\n<\\/tr>\\r\\n<tr>\\r\\n<td>\\u0633\\u0647 \\u0634\\u0646\\u0628\\u0647<\\/td>\\r\\n<td>\\u0641\\u062a\\u0631 \\u0627\\u0631\\u062a\\u0628\\u0627\\u0637 \\u0628\\u0627 \\u0635\\u0639\\u062a \\u062f\\u0627\\u0646\\u0634\\u06af\\u0627\\u0647<\\/td>\\r\\n<td>\\u0641\\u062a\\u0631 \\u0627\\u0631\\u062a\\u0628\\u0627\\u0637 \\u0628\\u0627 \\u0635\\u0639\\u062a \\u062f\\u0627\\u0646\\u0634\\u06af\\u0627\\u0647<\\/td>\\r\\n<td>\\u0641\\u062a\\u0631 \\u0627\\u0631\\u062a\\u0628\\u0627\\u0637 \\u0628\\u0627 \\u0635\\u0639\\u062a \\u062f\\u0627\\u0646\\u0634\\u06af\\u0627\\u0647<\\/td>\\r\\n<td>&nbsp;<\\/td>\\r\\n<\\/tr>\\r\\n<tr>\\r\\n<td>\\u0686\\u0647\\u0627\\u0631\\u0634\\u0646\\u0628\\u0647<\\/td>\\r\\n<td>\\u062f\\u0648\\u0631\\u06a9\\u0627\\u0631\\u06cc<\\/td>\\r\\n<td>\\u062f\\u0648\\u0631\\u06a9\\u0627\\u0631\\u06cc<\\/td>\\r\\n<td>&nbsp;\\u062f\\u0648\\u0631\\u06a9\\u0627\\u0631\\u06cc<\\/td>\\r\\n<td>\\u0645\\u0628\\u0627\\u0646\\u06cc \\u06a9\\u0627\\u0631\\u0622\\u0641\\u0631\\u06cc\\u0646\\u06cc&nbsp;<\\/td>\\r\\n<\\/tr>\\r\\n<\\/tbody>\\r\\n<\\/table>\\r\\n<p>&nbsp;<\\/p>\",\"fulltext\":\"\",\"state\":0,\"catid\":\"9\",\"created\":\"2020-03-15 19:23:51\",\"created_by\":\"223\",\"created_by_alias\":\"\",\"modified\":\"2020-09-22 05:23:03\",\"modified_by\":\"226\",\"checked_out\":\"226\",\"checked_out_time\":\"2020-09-22 05:22:51\",\"publish_up\":\"2020-03-15 19:23:51\",\"publish_down\":\"\",\"images\":\"{\\\"image_intro\\\":\\\"\\\",\\\"float_intro\\\":\\\"\\\",\\\"image_intro_alt\\\":\\\"\\\",\\\"image_intro_caption\\\":\\\"\\\",\\\"image_fulltext\\\":\\\"\\\",\\\"float_fulltext\\\":\\\"\\\",\\\"image_fulltext_alt\\\":\\\"\\\",\\\"image_fulltext_caption\\\":\\\"\\\"}\",\"urls\":\"{\\\"urla\\\":false,\\\"urlatext\\\":\\\"\\\",\\\"targeta\\\":\\\"\\\",\\\"urlb\\\":false,\\\"urlbtext\\\":\\\"\\\",\\\"targetb\\\":\\\"\\\",\\\"urlc\\\":false,\\\"urlctext\\\":\\\"\\\",\\\"targetc\\\":\\\"\\\"}\",\"attribs\":\"{\\\"article_layout\\\":\\\"\\\",\\\"show_title\\\":\\\"\\\",\\\"link_titles\\\":\\\"\\\",\\\"show_tags\\\":\\\"\\\",\\\"show_intro\\\":\\\"\\\",\\\"info_block_position\\\":\\\"\\\",\\\"info_block_show_title\\\":\\\"\\\",\\\"show_category\\\":\\\"\\\",\\\"link_category\\\":\\\"\\\",\\\"show_parent_category\\\":\\\"\\\",\\\"link_parent_category\\\":\\\"\\\",\\\"show_associations\\\":\\\"\\\",\\\"show_author\\\":\\\"\\\",\\\"link_author\\\":\\\"\\\",\\\"show_create_date\\\":\\\"\\\",\\\"show_modify_date\\\":\\\"\\\",\\\"show_publish_date\\\":\\\"\\\",\\\"show_item_navigation\\\":\\\"\\\",\\\"show_icons\\\":\\\"\\\",\\\"show_print_icon\\\":\\\"\\\",\\\"show_email_icon\\\":\\\"\\\",\\\"show_vote\\\":\\\"\\\",\\\"show_hits\\\":\\\"\\\",\\\"show_noauth\\\":\\\"\\\",\\\"urls_position\\\":\\\"\\\",\\\"alternative_readmore\\\":\\\"\\\",\\\"article_page_title\\\":\\\"\\\"}\",\"version\":4,\"ordering\":\"2\",\"metakey\":\"\",\"metadesc\":\"\",\"access\":\"1\",\"hits\":\"9\",\"metadata\":\"{\\\"robots\\\":\\\"\\\",\\\"author\\\":\\\"\\\",\\\"rights\\\":\\\"\\\",\\\"xreference\\\":\\\"\\\"}\",\"featured\":\"0\",\"language\":\"fa-IR\",\"xreference\":\"\",\"note\":\"\"}', 0),
(392, 24, 1, '', '2020-09-22 05:23:41', 226, 4330, '95f980ebea8073b4d75209a1c32cca9d3b349b0e', '{\"id\":24,\"asset_id\":\"133\",\"title\":\"\\u0628\\u0631\\u0646\\u0627\\u0645\\u0647 \\u062d\\u0636\\u0648\\u0631\",\"alias\":\"2020-03-15-19-23-51\",\"introtext\":\"<table style=\\\"height: 300px; width: 694px;\\\">\\r\\n<tbody>\\r\\n<tr>\\r\\n<td>\\u0633\\u0627\\u0639\\u062a<\\/td>\\r\\n<td>8-10<\\/td>\\r\\n<td>10-12<\\/td>\\r\\n<td>12-14<\\/td>\\r\\n<td>14-16<\\/td>\\r\\n<\\/tr>\\r\\n<tr>\\r\\n<td>\\u0634\\u0646\\u0628\\u0647<\\/td>\\r\\n<td>\\u062f\\u0641\\u062a\\u0631 \\u0627\\u0631\\u062a\\u0628\\u0627\\u0637 \\u0628\\u0627 \\u0635\\u0646\\u0639\\u062a \\u062f\\u0627\\u0646\\u0634\\u06af\\u0627\\u0647<\\/td>\\r\\n<td>\\u0641\\u062a\\u0631 \\u0627\\u0631\\u062a\\u0628\\u0627\\u0637 \\u0628\\u0627 \\u0635\\u0646\\u0639\\u062a \\u062f\\u0627\\u0646\\u0634\\u06af\\u0627\\u0647<\\/td>\\r\\n<td>\\u0641\\u062a\\u0631 \\u0627\\u0631\\u062a\\u0628\\u0627\\u0637 \\u0628\\u0627 \\u0635\\u0646\\u0639\\u062a \\u062f\\u0627\\u0646\\u0634\\u06af\\u0627\\u0647<\\/td>\\r\\n<td>&nbsp;<\\/td>\\r\\n<\\/tr>\\r\\n<tr>\\r\\n<td>\\u06cc\\u06a9 \\u0634\\u0646\\u0628\\u0647<\\/td>\\r\\n<td>\\u0641\\u062a\\u0631 \\u0627\\u0631\\u062a\\u0628\\u0627\\u0637 \\u0628\\u0627 \\u0635\\u0646\\u0639\\u062a \\u062f\\u0627\\u0646\\u0634\\u06af\\u0627\\u0647<\\/td>\\r\\n<td>\\u0641\\u062a\\u0631 \\u0627\\u0631\\u062a\\u0628\\u0627\\u0637 \\u0628\\u0627 \\u0635\\u0646\\u0639\\u062a \\u062f\\u0627\\u0646\\u0634\\u06af\\u0627\\u0647<\\/td>\\r\\n<td>\\u0641\\u0644\\u0632\\u06a9\\u0627\\u0631\\u06cc<\\/td>\\r\\n<td>&nbsp;<\\/td>\\r\\n<\\/tr>\\r\\n<tr>\\r\\n<td>\\u062f\\u0648\\u0634\\u0646\\u0628\\u0647<\\/td>\\r\\n<td>\\u0631\\u06cc\\u0627\\u0636\\u06cc \\u0648 \\u0622\\u0645\\u0627\\u0631 \\u062f\\u0631 \\u0639\\u0644\\u0648\\u0645 \\u0648\\u0631\\u0632\\u0634\\u06cc<\\/td>\\r\\n<td>\\u0641\\u062a\\u0631 \\u0627\\u0631\\u062a\\u0628\\u0627\\u0637 \\u0628\\u0627 \\u0635\\u0646\\u0639\\u062a \\u062f\\u0627\\u0646\\u0634\\u06af\\u0627\\u0647<\\/td>\\r\\n<td>\\u0641\\u062a\\u0631 \\u0627\\u0631\\u062a\\u0628\\u0627\\u0637 \\u0628\\u0627 \\u0635\\u0646\\u0639\\u062a \\u062f\\u0627\\u0646\\u0634\\u06af\\u0627\\u0647<\\/td>\\r\\n<td>&nbsp;<\\/td>\\r\\n<\\/tr>\\r\\n<tr>\\r\\n<td>\\u0633\\u0647 \\u0634\\u0646\\u0628\\u0647<\\/td>\\r\\n<td>\\u0641\\u062a\\u0631 \\u0627\\u0631\\u062a\\u0628\\u0627\\u0637 \\u0628\\u0627 \\u0635\\u0646\\u0639\\u062a \\u062f\\u0627\\u0646\\u0634\\u06af\\u0627\\u0647<\\/td>\\r\\n<td>\\u0641\\u062a\\u0631 \\u0627\\u0631\\u062a\\u0628\\u0627\\u0637 \\u0628\\u0627 \\u0635\\u0646\\u0639\\u062a \\u062f\\u0627\\u0646\\u0634\\u06af\\u0627\\u0647<\\/td>\\r\\n<td>\\u0641\\u062a\\u0631 \\u0627\\u0631\\u062a\\u0628\\u0627\\u0637 \\u0628\\u0627 \\u0635\\u0646\\u0639\\u062a \\u062f\\u0627\\u0646\\u0634\\u06af\\u0627\\u0647<\\/td>\\r\\n<td>&nbsp;<\\/td>\\r\\n<\\/tr>\\r\\n<tr>\\r\\n<td>\\u0686\\u0647\\u0627\\u0631\\u0634\\u0646\\u0628\\u0647<\\/td>\\r\\n<td>\\u062f\\u0648\\u0631\\u06a9\\u0627\\u0631\\u06cc<\\/td>\\r\\n<td>\\u062f\\u0648\\u0631\\u06a9\\u0627\\u0631\\u06cc<\\/td>\\r\\n<td>&nbsp;\\u062f\\u0648\\u0631\\u06a9\\u0627\\u0631\\u06cc<\\/td>\\r\\n<td>\\u0645\\u0628\\u0627\\u0646\\u06cc \\u06a9\\u0627\\u0631\\u0622\\u0641\\u0631\\u06cc\\u0646\\u06cc&nbsp;<\\/td>\\r\\n<\\/tr>\\r\\n<\\/tbody>\\r\\n<\\/table>\\r\\n<p>&nbsp;<\\/p>\",\"fulltext\":\"\",\"state\":0,\"catid\":\"9\",\"created\":\"2020-03-15 19:23:51\",\"created_by\":\"223\",\"created_by_alias\":\"\",\"modified\":\"2020-09-22 05:23:41\",\"modified_by\":\"226\",\"checked_out\":\"226\",\"checked_out_time\":\"2020-09-22 05:23:03\",\"publish_up\":\"2020-03-15 19:23:51\",\"publish_down\":\"\",\"images\":\"{\\\"image_intro\\\":\\\"\\\",\\\"float_intro\\\":\\\"\\\",\\\"image_intro_alt\\\":\\\"\\\",\\\"image_intro_caption\\\":\\\"\\\",\\\"image_fulltext\\\":\\\"\\\",\\\"float_fulltext\\\":\\\"\\\",\\\"image_fulltext_alt\\\":\\\"\\\",\\\"image_fulltext_caption\\\":\\\"\\\"}\",\"urls\":\"{\\\"urla\\\":false,\\\"urlatext\\\":\\\"\\\",\\\"targeta\\\":\\\"\\\",\\\"urlb\\\":false,\\\"urlbtext\\\":\\\"\\\",\\\"targetb\\\":\\\"\\\",\\\"urlc\\\":false,\\\"urlctext\\\":\\\"\\\",\\\"targetc\\\":\\\"\\\"}\",\"attribs\":\"{\\\"article_layout\\\":\\\"\\\",\\\"show_title\\\":\\\"\\\",\\\"link_titles\\\":\\\"\\\",\\\"show_tags\\\":\\\"\\\",\\\"show_intro\\\":\\\"\\\",\\\"info_block_position\\\":\\\"\\\",\\\"info_block_show_title\\\":\\\"\\\",\\\"show_category\\\":\\\"\\\",\\\"link_category\\\":\\\"\\\",\\\"show_parent_category\\\":\\\"\\\",\\\"link_parent_category\\\":\\\"\\\",\\\"show_associations\\\":\\\"\\\",\\\"show_author\\\":\\\"\\\",\\\"link_author\\\":\\\"\\\",\\\"show_create_date\\\":\\\"\\\",\\\"show_modify_date\\\":\\\"\\\",\\\"show_publish_date\\\":\\\"\\\",\\\"show_item_navigation\\\":\\\"\\\",\\\"show_icons\\\":\\\"\\\",\\\"show_print_icon\\\":\\\"\\\",\\\"show_email_icon\\\":\\\"\\\",\\\"show_vote\\\":\\\"\\\",\\\"show_hits\\\":\\\"\\\",\\\"show_noauth\\\":\\\"\\\",\\\"urls_position\\\":\\\"\\\",\\\"alternative_readmore\\\":\\\"\\\",\\\"article_page_title\\\":\\\"\\\"}\",\"version\":5,\"ordering\":\"2\",\"metakey\":\"\",\"metadesc\":\"\",\"access\":\"1\",\"hits\":\"9\",\"metadata\":\"{\\\"robots\\\":\\\"\\\",\\\"author\\\":\\\"\\\",\\\"rights\\\":\\\"\\\",\\\"xreference\\\":\\\"\\\"}\",\"featured\":\"0\",\"language\":\"fa-IR\",\"xreference\":\"\",\"note\":\"\"}', 0),
(393, 24, 1, '', '2020-09-22 05:37:10', 226, 4782, 'fabf1eb46bfbc8c310f745e966738868e1657d9a', '{\"id\":24,\"asset_id\":\"133\",\"title\":\"\\u0628\\u0631\\u0646\\u0627\\u0645\\u0647 \\u062d\\u0636\\u0648\\u0631\",\"alias\":\"2020-03-15-19-23-51\",\"introtext\":\"<table style=\\\"height: 300px; width: 694px;\\\">\\r\\n<tbody>\\r\\n<tr>\\r\\n<td>\\u0633\\u0627\\u0639\\u062a<\\/td>\\r\\n<td>8-10<\\/td>\\r\\n<td>10-12<\\/td>\\r\\n<td>12-14<\\/td>\\r\\n<td>14-16<\\/td>\\r\\n<td>16-18<\\/td>\\r\\n<td>18-20<\\/td>\\r\\n<\\/tr>\\r\\n<tr>\\r\\n<td>\\u0634\\u0646\\u0628\\u0647<\\/td>\\r\\n<td>\\u062f\\u0641\\u062a\\u0631 \\u0627\\u0631\\u062a\\u0628\\u0627\\u0637 \\u0628\\u0627 \\u0635\\u0646\\u0639\\u062a \\u062f\\u0627\\u0646\\u0634\\u06af\\u0627\\u0647<\\/td>\\r\\n<td>\\u0641\\u062a\\u0631 \\u0627\\u0631\\u062a\\u0628\\u0627\\u0637 \\u0628\\u0627 \\u0635\\u0646\\u0639\\u062a \\u062f\\u0627\\u0646\\u0634\\u06af\\u0627\\u0647<\\/td>\\r\\n<td>\\u0641\\u062a\\u0631 \\u0627\\u0631\\u062a\\u0628\\u0627\\u0637 \\u0628\\u0627 \\u0635\\u0646\\u0639\\u062a \\u062f\\u0627\\u0646\\u0634\\u06af\\u0627\\u0647<\\/td>\\r\\n<td>&nbsp;<\\/td>\\r\\n<td>&nbsp;<\\/td>\\r\\n<td>&nbsp;<\\/td>\\r\\n<\\/tr>\\r\\n<tr>\\r\\n<td>\\u06cc\\u06a9 \\u0634\\u0646\\u0628\\u0647<\\/td>\\r\\n<td>\\u0641\\u062a\\u0631 \\u0627\\u0631\\u062a\\u0628\\u0627\\u0637 \\u0628\\u0627 \\u0635\\u0646\\u0639\\u062a \\u062f\\u0627\\u0646\\u0634\\u06af\\u0627\\u0647<\\/td>\\r\\n<td>\\u0641\\u062a\\u0631 \\u0627\\u0631\\u062a\\u0628\\u0627\\u0637 \\u0628\\u0627 \\u0635\\u0646\\u0639\\u062a \\u062f\\u0627\\u0646\\u0634\\u06af\\u0627\\u0647<\\/td>\\r\\n<td>\\u0641\\u0644\\u0632\\u06a9\\u0627\\u0631\\u06cc<\\/td>\\r\\n<td>&nbsp;<\\/td>\\r\\n<td>&nbsp;<\\/td>\\r\\n<td>&nbsp;<\\/td>\\r\\n<\\/tr>\\r\\n<tr>\\r\\n<td>\\u062f\\u0648\\u0634\\u0646\\u0628\\u0647<\\/td>\\r\\n<td>\\u0631\\u06cc\\u0627\\u0636\\u06cc \\u0648 \\u0622\\u0645\\u0627\\u0631 \\u062f\\u0631 \\u0639\\u0644\\u0648\\u0645 \\u0648\\u0631\\u0632\\u0634\\u06cc<\\/td>\\r\\n<td>\\u0641\\u062a\\u0631 \\u0627\\u0631\\u062a\\u0628\\u0627\\u0637 \\u0628\\u0627 \\u0635\\u0646\\u0639\\u062a \\u062f\\u0627\\u0646\\u0634\\u06af\\u0627\\u0647<\\/td>\\r\\n<td>\\u0641\\u062a\\u0631 \\u0627\\u0631\\u062a\\u0628\\u0627\\u0637 \\u0628\\u0627 \\u0635\\u0646\\u0639\\u062a \\u062f\\u0627\\u0646\\u0634\\u06af\\u0627\\u0647<\\/td>\\r\\n<td>&nbsp;<\\/td>\\r\\n<td>&nbsp;<\\/td>\\r\\n<td>&nbsp;<\\/td>\\r\\n<\\/tr>\\r\\n<tr>\\r\\n<td>\\u0633\\u0647 \\u0634\\u0646\\u0628\\u0647<\\/td>\\r\\n<td>\\u0641\\u062a\\u0631 \\u0627\\u0631\\u062a\\u0628\\u0627\\u0637 \\u0628\\u0627 \\u0635\\u0646\\u0639\\u062a \\u062f\\u0627\\u0646\\u0634\\u06af\\u0627\\u0647<\\/td>\\r\\n<td>\\u0641\\u062a\\u0631 \\u0627\\u0631\\u062a\\u0628\\u0627\\u0637 \\u0628\\u0627 \\u0635\\u0646\\u0639\\u062a \\u062f\\u0627\\u0646\\u0634\\u06af\\u0627\\u0647<\\/td>\\r\\n<td>\\u0641\\u062a\\u0631 \\u0627\\u0631\\u062a\\u0628\\u0627\\u0637 \\u0628\\u0627 \\u0635\\u0646\\u0639\\u062a \\u062f\\u0627\\u0646\\u0634\\u06af\\u0627\\u0647<\\/td>\\r\\n<td>&nbsp;<\\/td>\\r\\n<td>&nbsp;<\\/td>\\r\\n<td>&nbsp;<\\/td>\\r\\n<\\/tr>\\r\\n<tr>\\r\\n<td>\\u0686\\u0647\\u0627\\u0631\\u0634\\u0646\\u0628\\u0647<\\/td>\\r\\n<td>\\u062f\\u0648\\u0631\\u06a9\\u0627\\u0631\\u06cc<\\/td>\\r\\n<td>\\u062f\\u0648\\u0631\\u06a9\\u0627\\u0631\\u06cc<\\/td>\\r\\n<td>&nbsp;\\u062f\\u0648\\u0631\\u06a9\\u0627\\u0631\\u06cc<\\/td>\\r\\n<td>\\u062f\\u0648\\u0631 \\u06a9\\u0627\\u0631\\u06cc<\\/td>\\r\\n<td>\\r\\n<p>\\u0645\\u0628\\u0627\\u0646\\u06cc \\u06a9\\u0627\\u0631\\u0622\\u0641\\u0631\\u06cc\\u0646\\u06cc&nbsp;<\\/p>\\r\\n<p>(\\u0647\\u0641\\u062a\\u0647 \\u0641\\u0631\\u062f)<\\/p>\\r\\n<\\/td>\\r\\n<td>\\u0645\\u0628\\u0627\\u0646\\u06cc \\u06a9\\u0627\\u0631\\u0622\\u0641\\u0631\\u06cc\\u0646\\u06cc&nbsp;<\\/td>\\r\\n<\\/tr>\\r\\n<\\/tbody>\\r\\n<\\/table>\\r\\n<p>&nbsp;<\\/p>\",\"fulltext\":\"\",\"state\":1,\"catid\":\"9\",\"created\":\"2020-03-15 19:23:51\",\"created_by\":\"223\",\"created_by_alias\":\"\",\"modified\":\"2020-09-22 05:37:10\",\"modified_by\":\"226\",\"checked_out\":\"226\",\"checked_out_time\":\"2020-09-22 05:34:32\",\"publish_up\":\"2020-03-15 19:23:51\",\"publish_down\":\"0000-00-00 00:00:00\",\"images\":\"{\\\"image_intro\\\":\\\"\\\",\\\"float_intro\\\":\\\"\\\",\\\"image_intro_alt\\\":\\\"\\\",\\\"image_intro_caption\\\":\\\"\\\",\\\"image_fulltext\\\":\\\"\\\",\\\"float_fulltext\\\":\\\"\\\",\\\"image_fulltext_alt\\\":\\\"\\\",\\\"image_fulltext_caption\\\":\\\"\\\"}\",\"urls\":\"{\\\"urla\\\":false,\\\"urlatext\\\":\\\"\\\",\\\"targeta\\\":\\\"\\\",\\\"urlb\\\":false,\\\"urlbtext\\\":\\\"\\\",\\\"targetb\\\":\\\"\\\",\\\"urlc\\\":false,\\\"urlctext\\\":\\\"\\\",\\\"targetc\\\":\\\"\\\"}\",\"attribs\":\"{\\\"article_layout\\\":\\\"\\\",\\\"show_title\\\":\\\"\\\",\\\"link_titles\\\":\\\"\\\",\\\"show_tags\\\":\\\"\\\",\\\"show_intro\\\":\\\"\\\",\\\"info_block_position\\\":\\\"\\\",\\\"info_block_show_title\\\":\\\"\\\",\\\"show_category\\\":\\\"\\\",\\\"link_category\\\":\\\"\\\",\\\"show_parent_category\\\":\\\"\\\",\\\"link_parent_category\\\":\\\"\\\",\\\"show_associations\\\":\\\"\\\",\\\"show_author\\\":\\\"\\\",\\\"link_author\\\":\\\"\\\",\\\"show_create_date\\\":\\\"\\\",\\\"show_modify_date\\\":\\\"\\\",\\\"show_publish_date\\\":\\\"\\\",\\\"show_item_navigation\\\":\\\"\\\",\\\"show_icons\\\":\\\"\\\",\\\"show_print_icon\\\":\\\"\\\",\\\"show_email_icon\\\":\\\"\\\",\\\"show_vote\\\":\\\"\\\",\\\"show_hits\\\":\\\"\\\",\\\"show_noauth\\\":\\\"\\\",\\\"urls_position\\\":\\\"\\\",\\\"alternative_readmore\\\":\\\"\\\",\\\"article_page_title\\\":\\\"\\\"}\",\"version\":7,\"ordering\":\"2\",\"metakey\":\"\",\"metadesc\":\"\",\"access\":\"1\",\"hits\":\"9\",\"metadata\":\"{\\\"robots\\\":\\\"\\\",\\\"author\\\":\\\"\\\",\\\"rights\\\":\\\"\\\",\\\"xreference\\\":\\\"\\\"}\",\"featured\":\"0\",\"language\":\"fa-IR\",\"xreference\":\"\",\"note\":\"\"}', 0),
(394, 24, 1, '', '2020-09-22 05:40:59', 226, 4800, '6d4468a5adf87361a88c4e02f0f57c0f2d742a7f', '{\"id\":24,\"asset_id\":\"133\",\"title\":\"\\u0628\\u0631\\u0646\\u0627\\u0645\\u0647 \\u062d\\u0636\\u0648\\u0631\",\"alias\":\"2020-03-15-19-23-51\",\"introtext\":\"<table style=\\\"height: 365px; width: 1096px;\\\">\\r\\n<tbody>\\r\\n<tr>\\r\\n<td>\\u0633\\u0627\\u0639\\u062a<\\/td>\\r\\n<td>8-10<\\/td>\\r\\n<td>10-12<\\/td>\\r\\n<td>12-14<\\/td>\\r\\n<td>14-16<\\/td>\\r\\n<td>16-18<\\/td>\\r\\n<td>18-20<\\/td>\\r\\n<\\/tr>\\r\\n<tr>\\r\\n<td>\\u0634\\u0646\\u0628\\u0647<\\/td>\\r\\n<td>\\u062f\\u0641\\u062a\\u0631 \\u0627\\u0631\\u062a\\u0628\\u0627\\u0637 \\u0628\\u0627 \\u0635\\u0646\\u0639\\u062a \\u062f\\u0627\\u0646\\u0634\\u06af\\u0627\\u0647<\\/td>\\r\\n<td>\\u062f\\u0641\\u062a\\u0631 \\u0631\\u062a\\u0628\\u0627\\u0637 \\u0628\\u0627 \\u0635\\u0646\\u0639\\u062a \\u062f\\u0627\\u0646\\u0634\\u06af\\u0627\\u0647<\\/td>\\r\\n<td>\\u062f\\u0641\\u062a\\u0631\\u0627\\u0631\\u062a\\u0628\\u0627\\u0637 \\u0628\\u0627 \\u0635\\u0646\\u0639\\u062a \\u062f\\u0627\\u0646\\u0634\\u06af\\u0627\\u0647<\\/td>\\r\\n<td>&nbsp;<\\/td>\\r\\n<td>&nbsp;<\\/td>\\r\\n<td>&nbsp;<\\/td>\\r\\n<\\/tr>\\r\\n<tr>\\r\\n<td>\\u06cc\\u06a9 \\u0634\\u0646\\u0628\\u0647<\\/td>\\r\\n<td>\\u062f\\u0641\\u062a\\u0631 \\u0627\\u0631\\u062a\\u0628\\u0627\\u0637 \\u0628\\u0627 \\u0635\\u0646\\u0639\\u062a \\u062f\\u0627\\u0646\\u0634\\u06af\\u0627\\u0647<\\/td>\\r\\n<td>\\u062f\\u0641\\u062a\\u0631\\u0627\\u0631\\u062a\\u0628\\u0627\\u0637 \\u0628\\u0627 \\u0635\\u0646\\u0639\\u062a \\u062f\\u0627\\u0646\\u0634\\u06af\\u0627\\u0647<\\/td>\\r\\n<td>\\u0641\\u0644\\u0632\\u06a9\\u0627\\u0631\\u06cc<\\/td>\\r\\n<td>&nbsp;<\\/td>\\r\\n<td>&nbsp;<\\/td>\\r\\n<td>&nbsp;<\\/td>\\r\\n<\\/tr>\\r\\n<tr>\\r\\n<td>\\u062f\\u0648\\u0634\\u0646\\u0628\\u0647<\\/td>\\r\\n<td>\\u0631\\u06cc\\u0627\\u0636\\u06cc \\u0648 \\u0622\\u0645\\u0627\\u0631 \\u062f\\u0631 \\u0639\\u0644\\u0648\\u0645 \\u0648\\u0631\\u0632\\u0634\\u06cc<\\/td>\\r\\n<td>\\u062f\\u0641\\u062a\\u0631 \\u0631\\u062a\\u0628\\u0627\\u0637 \\u0628\\u0627 \\u0635\\u0646\\u0639\\u062a \\u062f\\u0627\\u0646\\u0634\\u06af\\u0627\\u0647<\\/td>\\r\\n<td>\\u062f\\u0641\\u062a\\u0631 \\u0631\\u062a\\u0628\\u0627\\u0637 \\u0628\\u0627 \\u0635\\u0646\\u0639\\u062a \\u062f\\u0627\\u0646\\u0634\\u06af\\u0627\\u0647<\\/td>\\r\\n<td>&nbsp;<\\/td>\\r\\n<td>&nbsp;<\\/td>\\r\\n<td>&nbsp;<\\/td>\\r\\n<\\/tr>\\r\\n<tr>\\r\\n<td>\\u0633\\u0647 \\u0634\\u0646\\u0628\\u0647<\\/td>\\r\\n<td>\\u062f\\u0641\\u062a\\u0631 \\u0627\\u0631\\u062a\\u0628\\u0627\\u0637 \\u0628\\u0627 \\u0635\\u0646\\u0639\\u062a \\u062f\\u0627\\u0646\\u0634\\u06af\\u0627\\u0647<\\/td>\\r\\n<td>\\u062f\\u0641\\u062a\\u0631 \\u0627\\u0631\\u062a\\u0628\\u0627\\u0637 \\u0628\\u0627 \\u0635\\u0646\\u0639\\u062a \\u062f\\u0627\\u0646\\u0634\\u06af\\u0627\\u0647<\\/td>\\r\\n<td>\\u062f\\u0641\\u062a\\u0631 \\u0631\\u062a\\u0628\\u0627\\u0637 \\u0628\\u0627 \\u0635\\u0646\\u0639\\u062a \\u062f\\u0627\\u0646\\u0634\\u06af\\u0627\\u0647<\\/td>\\r\\n<td>&nbsp;<\\/td>\\r\\n<td>&nbsp;<\\/td>\\r\\n<td>&nbsp;<\\/td>\\r\\n<\\/tr>\\r\\n<tr>\\r\\n<td>\\u0686\\u0647\\u0627\\u0631\\u0634\\u0646\\u0628\\u0647<\\/td>\\r\\n<td>\\u062f\\u0648\\u0631\\u06a9\\u0627\\u0631\\u06cc<\\/td>\\r\\n<td>\\u062f\\u0648\\u0631\\u06a9\\u0627\\u0631\\u06cc<\\/td>\\r\\n<td>&nbsp;\\u062f\\u0648\\u0631\\u06a9\\u0627\\u0631\\u06cc<\\/td>\\r\\n<td>\\u062f\\u0648\\u0631 \\u06a9\\u0627\\u0631\\u06cc<\\/td>\\r\\n<td>\\r\\n<p>\\u0645\\u0628\\u0627\\u0646\\u06cc \\u06a9\\u0627\\u0631\\u0622\\u0641\\u0631\\u06cc\\u0646\\u06cc&nbsp;(\\u0647\\u0641\\u062a\\u0647 \\u0641\\u0631\\u062f)<\\/p>\\r\\n<\\/td>\\r\\n<td>\\u0645\\u0628\\u0627\\u0646\\u06cc \\u06a9\\u0627\\u0631\\u0622\\u0641\\u0631\\u06cc\\u0646\\u06cc&nbsp;<\\/td>\\r\\n<\\/tr>\\r\\n<\\/tbody>\\r\\n<\\/table>\\r\\n<p>&nbsp;<\\/p>\",\"fulltext\":\"\",\"state\":1,\"catid\":\"9\",\"created\":\"2020-03-15 19:23:51\",\"created_by\":\"223\",\"created_by_alias\":\"\",\"modified\":\"2020-09-22 05:40:59\",\"modified_by\":\"226\",\"checked_out\":\"226\",\"checked_out_time\":\"2020-09-22 05:37:10\",\"publish_up\":\"2020-03-15 19:23:51\",\"publish_down\":\"0000-00-00 00:00:00\",\"images\":\"{\\\"image_intro\\\":\\\"\\\",\\\"float_intro\\\":\\\"\\\",\\\"image_intro_alt\\\":\\\"\\\",\\\"image_intro_caption\\\":\\\"\\\",\\\"image_fulltext\\\":\\\"\\\",\\\"float_fulltext\\\":\\\"\\\",\\\"image_fulltext_alt\\\":\\\"\\\",\\\"image_fulltext_caption\\\":\\\"\\\"}\",\"urls\":\"{\\\"urla\\\":false,\\\"urlatext\\\":\\\"\\\",\\\"targeta\\\":\\\"\\\",\\\"urlb\\\":false,\\\"urlbtext\\\":\\\"\\\",\\\"targetb\\\":\\\"\\\",\\\"urlc\\\":false,\\\"urlctext\\\":\\\"\\\",\\\"targetc\\\":\\\"\\\"}\",\"attribs\":\"{\\\"article_layout\\\":\\\"\\\",\\\"show_title\\\":\\\"\\\",\\\"link_titles\\\":\\\"\\\",\\\"show_tags\\\":\\\"\\\",\\\"show_intro\\\":\\\"\\\",\\\"info_block_position\\\":\\\"\\\",\\\"info_block_show_title\\\":\\\"\\\",\\\"show_category\\\":\\\"\\\",\\\"link_category\\\":\\\"\\\",\\\"show_parent_category\\\":\\\"\\\",\\\"link_parent_category\\\":\\\"\\\",\\\"show_associations\\\":\\\"\\\",\\\"show_author\\\":\\\"\\\",\\\"link_author\\\":\\\"\\\",\\\"show_create_date\\\":\\\"\\\",\\\"show_modify_date\\\":\\\"\\\",\\\"show_publish_date\\\":\\\"\\\",\\\"show_item_navigation\\\":\\\"\\\",\\\"show_icons\\\":\\\"\\\",\\\"show_print_icon\\\":\\\"\\\",\\\"show_email_icon\\\":\\\"\\\",\\\"show_vote\\\":\\\"\\\",\\\"show_hits\\\":\\\"\\\",\\\"show_noauth\\\":\\\"\\\",\\\"urls_position\\\":\\\"\\\",\\\"alternative_readmore\\\":\\\"\\\",\\\"article_page_title\\\":\\\"\\\"}\",\"version\":8,\"ordering\":\"2\",\"metakey\":\"\",\"metadesc\":\"\",\"access\":\"1\",\"hits\":\"10\",\"metadata\":\"{\\\"robots\\\":\\\"\\\",\\\"author\\\":\\\"\\\",\\\"rights\\\":\\\"\\\",\\\"xreference\\\":\\\"\\\"}\",\"featured\":\"0\",\"language\":\"fa-IR\",\"xreference\":\"\",\"note\":\"\"}', 0);
INSERT INTO `s0xl4_ucm_history` (`version_id`, `ucm_item_id`, `ucm_type_id`, `version_note`, `save_date`, `editor_user_id`, `character_count`, `sha1_hash`, `version_data`, `keep_forever`) VALUES
(395, 24, 1, '', '2020-09-22 05:41:22', 226, 4834, 'eef9acc14fbf88e73af0db4587dea408de9bed72', '{\"id\":24,\"asset_id\":\"133\",\"title\":\"\\u0628\\u0631\\u0646\\u0627\\u0645\\u0647 \\u062d\\u0636\\u0648\\u0631\",\"alias\":\"2020-03-15-19-23-51\",\"introtext\":\"<table style=\\\"height: 365px; width: 1096px;\\\">\\r\\n<tbody>\\r\\n<tr>\\r\\n<td>\\u0633\\u0627\\u0639\\u062a<\\/td>\\r\\n<td>8-10<\\/td>\\r\\n<td>10-12<\\/td>\\r\\n<td>12-14<\\/td>\\r\\n<td>14-16<\\/td>\\r\\n<td>16-18<\\/td>\\r\\n<td>18-20<\\/td>\\r\\n<\\/tr>\\r\\n<tr>\\r\\n<td>\\u0634\\u0646\\u0628\\u0647<\\/td>\\r\\n<td>\\u062f\\u0641\\u062a\\u0631 \\u0627\\u0631\\u062a\\u0628\\u0627\\u0637 \\u0628\\u0627 \\u0635\\u0646\\u0639\\u062a \\u062f\\u0627\\u0646\\u0634\\u06af\\u0627\\u0647<\\/td>\\r\\n<td>\\u062f\\u0641\\u062a\\u0631 \\u0631\\u062a\\u0628\\u0627\\u0637 \\u0628\\u0627 \\u0635\\u0646\\u0639\\u062a \\u062f\\u0627\\u0646\\u0634\\u06af\\u0627\\u0647<\\/td>\\r\\n<td>\\u062f\\u0641\\u062a\\u0631\\u0627\\u0631\\u062a\\u0628\\u0627\\u0637 \\u0628\\u0627 \\u0635\\u0646\\u0639\\u062a \\u062f\\u0627\\u0646\\u0634\\u06af\\u0627\\u0647<\\/td>\\r\\n<td>&nbsp;<\\/td>\\r\\n<td>&nbsp;<\\/td>\\r\\n<td>&nbsp;<\\/td>\\r\\n<\\/tr>\\r\\n<tr>\\r\\n<td>\\u06cc\\u06a9 \\u0634\\u0646\\u0628\\u0647<\\/td>\\r\\n<td>\\u062f\\u0641\\u062a\\u0631 \\u0627\\u0631\\u062a\\u0628\\u0627\\u0637 \\u0628\\u0627 \\u0635\\u0646\\u0639\\u062a \\u062f\\u0627\\u0646\\u0634\\u06af\\u0627\\u0647<\\/td>\\r\\n<td>\\u062f\\u0641\\u062a\\u0631\\u0627\\u0631\\u062a\\u0628\\u0627\\u0637 \\u0628\\u0627 \\u0635\\u0646\\u0639\\u062a \\u062f\\u0627\\u0646\\u0634\\u06af\\u0627\\u0647<\\/td>\\r\\n<td>\\u0641\\u0644\\u0632\\u06a9\\u0627\\u0631\\u06cc<\\/td>\\r\\n<td>&nbsp;<\\/td>\\r\\n<td>&nbsp;<\\/td>\\r\\n<td>&nbsp;<\\/td>\\r\\n<\\/tr>\\r\\n<tr>\\r\\n<td>\\u062f\\u0648\\u0634\\u0646\\u0628\\u0647<\\/td>\\r\\n<td>\\u0631\\u06cc\\u0627\\u0636\\u06cc \\u0648 \\u0622\\u0645\\u0627\\u0631 \\u062f\\u0631 \\u0639\\u0644\\u0648\\u0645 \\u0648\\u0631\\u0632\\u0634\\u06cc<\\/td>\\r\\n<td>\\u062f\\u0641\\u062a\\u0631 \\u0631\\u062a\\u0628\\u0627\\u0637 \\u0628\\u0627 \\u0635\\u0646\\u0639\\u062a \\u062f\\u0627\\u0646\\u0634\\u06af\\u0627\\u0647<\\/td>\\r\\n<td>\\u062f\\u0641\\u062a\\u0631 \\u0631\\u062a\\u0628\\u0627\\u0637 \\u0628\\u0627 \\u0635\\u0646\\u0639\\u062a \\u062f\\u0627\\u0646\\u0634\\u06af\\u0627\\u0647<\\/td>\\r\\n<td>&nbsp;<\\/td>\\r\\n<td>&nbsp;<\\/td>\\r\\n<td>&nbsp;<\\/td>\\r\\n<\\/tr>\\r\\n<tr>\\r\\n<td>\\u0633\\u0647 \\u0634\\u0646\\u0628\\u0647<\\/td>\\r\\n<td>\\u062f\\u0641\\u062a\\u0631 \\u0627\\u0631\\u062a\\u0628\\u0627\\u0637 \\u0628\\u0627 \\u0635\\u0646\\u0639\\u062a \\u062f\\u0627\\u0646\\u0634\\u06af\\u0627\\u0647<\\/td>\\r\\n<td>\\u062f\\u0641\\u062a\\u0631 \\u0627\\u0631\\u062a\\u0628\\u0627\\u0637 \\u0628\\u0627 \\u0635\\u0646\\u0639\\u062a \\u062f\\u0627\\u0646\\u0634\\u06af\\u0627\\u0647<\\/td>\\r\\n<td>\\u062f\\u0641\\u062a\\u0631 \\u0631\\u062a\\u0628\\u0627\\u0637 \\u0628\\u0627 \\u0635\\u0646\\u0639\\u062a \\u062f\\u0627\\u0646\\u0634\\u06af\\u0627\\u0647<\\/td>\\r\\n<td>&nbsp;<\\/td>\\r\\n<td>&nbsp;<\\/td>\\r\\n<td>&nbsp;<\\/td>\\r\\n<\\/tr>\\r\\n<tr>\\r\\n<td>\\u0686\\u0647\\u0627\\u0631\\u0634\\u0646\\u0628\\u0647<\\/td>\\r\\n<td>\\u062f\\u0648\\u0631\\u06a9\\u0627\\u0631\\u06cc<\\/td>\\r\\n<td>\\u062f\\u0648\\u0631\\u06a9\\u0627\\u0631\\u06cc<\\/td>\\r\\n<td>&nbsp;\\u062f\\u0648\\u0631\\u06a9\\u0627\\u0631\\u06cc<\\/td>\\r\\n<td>\\u062f\\u0648\\u0631 \\u06a9\\u0627\\u0631\\u06cc<\\/td>\\r\\n<td>\\r\\n<p>\\u0645\\u0628\\u0627\\u0646\\u06cc \\u06a9\\u0627\\u0631\\u0622\\u0641\\u0631\\u06cc\\u0646\\u06cc&nbsp;(\\u0647\\u0641\\u062a\\u0647 \\u0641\\u0631\\u062f)<\\/p>\\r\\n<\\/td>\\r\\n<td>\\u0645\\u0628\\u0627\\u0646\\u06cc \\u06a9\\u0627\\u0631\\u0622\\u0641\\u0631\\u06cc\\u0646\\u06cc (\\u0647\\u0631 \\u0647\\u0641\\u062a\\u0647)<\\/td>\\r\\n<\\/tr>\\r\\n<\\/tbody>\\r\\n<\\/table>\\r\\n<p>&nbsp;<\\/p>\",\"fulltext\":\"\",\"state\":1,\"catid\":\"9\",\"created\":\"2020-03-15 19:23:51\",\"created_by\":\"223\",\"created_by_alias\":\"\",\"modified\":\"2020-09-22 05:41:22\",\"modified_by\":\"226\",\"checked_out\":\"226\",\"checked_out_time\":\"2020-09-22 05:40:59\",\"publish_up\":\"2020-03-15 19:23:51\",\"publish_down\":\"0000-00-00 00:00:00\",\"images\":\"{\\\"image_intro\\\":\\\"\\\",\\\"float_intro\\\":\\\"\\\",\\\"image_intro_alt\\\":\\\"\\\",\\\"image_intro_caption\\\":\\\"\\\",\\\"image_fulltext\\\":\\\"\\\",\\\"float_fulltext\\\":\\\"\\\",\\\"image_fulltext_alt\\\":\\\"\\\",\\\"image_fulltext_caption\\\":\\\"\\\"}\",\"urls\":\"{\\\"urla\\\":false,\\\"urlatext\\\":\\\"\\\",\\\"targeta\\\":\\\"\\\",\\\"urlb\\\":false,\\\"urlbtext\\\":\\\"\\\",\\\"targetb\\\":\\\"\\\",\\\"urlc\\\":false,\\\"urlctext\\\":\\\"\\\",\\\"targetc\\\":\\\"\\\"}\",\"attribs\":\"{\\\"article_layout\\\":\\\"\\\",\\\"show_title\\\":\\\"\\\",\\\"link_titles\\\":\\\"\\\",\\\"show_tags\\\":\\\"\\\",\\\"show_intro\\\":\\\"\\\",\\\"info_block_position\\\":\\\"\\\",\\\"info_block_show_title\\\":\\\"\\\",\\\"show_category\\\":\\\"\\\",\\\"link_category\\\":\\\"\\\",\\\"show_parent_category\\\":\\\"\\\",\\\"link_parent_category\\\":\\\"\\\",\\\"show_associations\\\":\\\"\\\",\\\"show_author\\\":\\\"\\\",\\\"link_author\\\":\\\"\\\",\\\"show_create_date\\\":\\\"\\\",\\\"show_modify_date\\\":\\\"\\\",\\\"show_publish_date\\\":\\\"\\\",\\\"show_item_navigation\\\":\\\"\\\",\\\"show_icons\\\":\\\"\\\",\\\"show_print_icon\\\":\\\"\\\",\\\"show_email_icon\\\":\\\"\\\",\\\"show_vote\\\":\\\"\\\",\\\"show_hits\\\":\\\"\\\",\\\"show_noauth\\\":\\\"\\\",\\\"urls_position\\\":\\\"\\\",\\\"alternative_readmore\\\":\\\"\\\",\\\"article_page_title\\\":\\\"\\\"}\",\"version\":9,\"ordering\":\"2\",\"metakey\":\"\",\"metadesc\":\"\",\"access\":\"1\",\"hits\":\"11\",\"metadata\":\"{\\\"robots\\\":\\\"\\\",\\\"author\\\":\\\"\\\",\\\"rights\\\":\\\"\\\",\\\"xreference\\\":\\\"\\\"}\",\"featured\":\"0\",\"language\":\"fa-IR\",\"xreference\":\"\",\"note\":\"\"}', 0),
(396, 24, 1, '', '2020-09-22 05:47:42', 226, 5915, 'ca7deecee0f72e000bfc3caf63aec98e2a7f72da', '{\"id\":24,\"asset_id\":\"133\",\"title\":\"\\u0628\\u0631\\u0646\\u0627\\u0645\\u0647 \\u062d\\u0636\\u0648\\u0631\",\"alias\":\"2020-03-15-19-23-51\",\"introtext\":\"<table style=\\\"height: 365px; width: 1096px;\\\">\\r\\n<tbody>\\r\\n<tr>\\r\\n<td>\\u0633\\u0627\\u0639\\u062a<\\/td>\\r\\n<td style=\\\"text-align: center;\\\">8-10<\\/td>\\r\\n<td style=\\\"text-align: center;\\\">10-12<\\/td>\\r\\n<td style=\\\"text-align: center;\\\">12-14<\\/td>\\r\\n<td style=\\\"text-align: center;\\\">14-16<\\/td>\\r\\n<td style=\\\"text-align: center;\\\">16-18<\\/td>\\r\\n<td style=\\\"text-align: center;\\\">18-20<\\/td>\\r\\n<\\/tr>\\r\\n<tr>\\r\\n<td>\\u0634\\u0646\\u0628\\u0647<\\/td>\\r\\n<td style=\\\"text-align: center;\\\">\\u062f\\u0641\\u062a\\u0631 \\u0627\\u0631\\u062a\\u0628\\u0627\\u0637 \\u0628\\u0627 \\u0635\\u0646\\u0639\\u062a \\u062f\\u0627\\u0646\\u0634\\u06af\\u0627\\u0647<\\/td>\\r\\n<td style=\\\"text-align: center;\\\">\\u062f\\u0641\\u062a\\u0631 \\u0631\\u062a\\u0628\\u0627\\u0637 \\u0628\\u0627 \\u0635\\u0646\\u0639\\u062a \\u062f\\u0627\\u0646\\u0634\\u06af\\u0627\\u0647<\\/td>\\r\\n<td style=\\\"text-align: center;\\\">\\u062f\\u0641\\u062a\\u0631\\u0627\\u0631\\u062a\\u0628\\u0627\\u0637 \\u0628\\u0627 \\u0635\\u0646\\u0639\\u062a \\u062f\\u0627\\u0646\\u0634\\u06af\\u0627\\u0647<\\/td>\\r\\n<td style=\\\"text-align: center;\\\">&nbsp;<\\/td>\\r\\n<td style=\\\"text-align: center;\\\">&nbsp;<\\/td>\\r\\n<td style=\\\"text-align: center;\\\">&nbsp;<\\/td>\\r\\n<\\/tr>\\r\\n<tr>\\r\\n<td>\\u06cc\\u06a9 \\u0634\\u0646\\u0628\\u0647<\\/td>\\r\\n<td style=\\\"text-align: center;\\\">\\u062f\\u0641\\u062a\\u0631 \\u0627\\u0631\\u062a\\u0628\\u0627\\u0637 \\u0628\\u0627 \\u0635\\u0646\\u0639\\u062a \\u062f\\u0627\\u0646\\u0634\\u06af\\u0627\\u0647<\\/td>\\r\\n<td style=\\\"text-align: center;\\\">\\u062f\\u0641\\u062a\\u0631\\u0627\\u0631\\u062a\\u0628\\u0627\\u0637 \\u0628\\u0627 \\u0635\\u0646\\u0639\\u062a \\u062f\\u0627\\u0646\\u0634\\u06af\\u0627\\u0647<\\/td>\\r\\n<td style=\\\"text-align: center;\\\">\\u0641\\u0644\\u0632\\u06a9\\u0627\\u0631\\u06cc<\\/td>\\r\\n<td style=\\\"text-align: center;\\\">&nbsp;<\\/td>\\r\\n<td style=\\\"text-align: center;\\\">&nbsp;<\\/td>\\r\\n<td style=\\\"text-align: center;\\\">&nbsp;<\\/td>\\r\\n<\\/tr>\\r\\n<tr>\\r\\n<td>\\u062f\\u0648\\u0634\\u0646\\u0628\\u0647<\\/td>\\r\\n<td style=\\\"text-align: center;\\\">\\u0631\\u06cc\\u0627\\u0636\\u06cc \\u0648 \\u0622\\u0645\\u0627\\u0631 \\u062f\\u0631 \\u0639\\u0644\\u0648\\u0645 \\u0648\\u0631\\u0632\\u0634\\u06cc<\\/td>\\r\\n<td style=\\\"text-align: center;\\\">\\u062f\\u0641\\u062a\\u0631 \\u0631\\u062a\\u0628\\u0627\\u0637 \\u0628\\u0627 \\u0635\\u0646\\u0639\\u062a \\u062f\\u0627\\u0646\\u0634\\u06af\\u0627\\u0647<\\/td>\\r\\n<td style=\\\"text-align: center;\\\">\\u062f\\u0641\\u062a\\u0631 \\u0631\\u062a\\u0628\\u0627\\u0637 \\u0628\\u0627 \\u0635\\u0646\\u0639\\u062a \\u062f\\u0627\\u0646\\u0634\\u06af\\u0627\\u0647<\\/td>\\r\\n<td style=\\\"text-align: center;\\\">&nbsp;<\\/td>\\r\\n<td style=\\\"text-align: center;\\\">&nbsp;<\\/td>\\r\\n<td style=\\\"text-align: center;\\\">&nbsp;<\\/td>\\r\\n<\\/tr>\\r\\n<tr>\\r\\n<td>\\u0633\\u0647 \\u0634\\u0646\\u0628\\u0647<\\/td>\\r\\n<td style=\\\"text-align: center;\\\">\\u062f\\u0641\\u062a\\u0631 \\u0627\\u0631\\u062a\\u0628\\u0627\\u0637 \\u0628\\u0627 \\u0635\\u0646\\u0639\\u062a \\u062f\\u0627\\u0646\\u0634\\u06af\\u0627\\u0647<\\/td>\\r\\n<td style=\\\"text-align: center;\\\">\\u062f\\u0641\\u062a\\u0631 \\u0627\\u0631\\u062a\\u0628\\u0627\\u0637 \\u0628\\u0627 \\u0635\\u0646\\u0639\\u062a \\u062f\\u0627\\u0646\\u0634\\u06af\\u0627\\u0647<\\/td>\\r\\n<td style=\\\"text-align: center;\\\">\\u062f\\u0641\\u062a\\u0631 \\u0631\\u062a\\u0628\\u0627\\u0637 \\u0628\\u0627 \\u0635\\u0646\\u0639\\u062a \\u062f\\u0627\\u0646\\u0634\\u06af\\u0627\\u0647<\\/td>\\r\\n<td style=\\\"text-align: center;\\\">&nbsp;<\\/td>\\r\\n<td style=\\\"text-align: center;\\\">&nbsp;<\\/td>\\r\\n<td style=\\\"text-align: center;\\\">&nbsp;<\\/td>\\r\\n<\\/tr>\\r\\n<tr>\\r\\n<td>\\u0686\\u0647\\u0627\\u0631\\u0634\\u0646\\u0628\\u0647<\\/td>\\r\\n<td style=\\\"text-align: center;\\\">\\u062f\\u0648\\u0631\\u06a9\\u0627\\u0631\\u06cc<\\/td>\\r\\n<td style=\\\"text-align: center;\\\">\\u062f\\u0648\\u0631\\u06a9\\u0627\\u0631\\u06cc<\\/td>\\r\\n<td style=\\\"text-align: center;\\\">&nbsp;\\u062f\\u0648\\u0631\\u06a9\\u0627\\u0631\\u06cc<\\/td>\\r\\n<td style=\\\"text-align: center;\\\">\\u062f\\u0648\\u0631 \\u06a9\\u0627\\u0631\\u06cc<\\/td>\\r\\n<td style=\\\"text-align: center;\\\">\\r\\n<p>\\u0645\\u0628\\u0627\\u0646\\u06cc \\u06a9\\u0627\\u0631\\u0622\\u0641\\u0631\\u06cc\\u0646\\u06cc&nbsp;(\\u0647\\u0641\\u062a\\u0647 \\u0641\\u0631\\u062f)<\\/p>\\r\\n<\\/td>\\r\\n<td style=\\\"text-align: center;\\\">\\u0645\\u0628\\u0627\\u0646\\u06cc \\u06a9\\u0627\\u0631\\u0622\\u0641\\u0631\\u06cc\\u0646\\u06cc (\\u0647\\u0631 \\u0647\\u0641\\u062a\\u0647)<\\/td>\\r\\n<\\/tr>\\r\\n<\\/tbody>\\r\\n<\\/table>\\r\\n<p>&nbsp;<\\/p>\",\"fulltext\":\"\",\"state\":1,\"catid\":\"9\",\"created\":\"2020-03-15 19:23:51\",\"created_by\":\"223\",\"created_by_alias\":\"\",\"modified\":\"2020-09-22 05:47:42\",\"modified_by\":\"226\",\"checked_out\":\"226\",\"checked_out_time\":\"2020-09-22 05:47:14\",\"publish_up\":\"2020-03-15 19:23:51\",\"publish_down\":\"0000-00-00 00:00:00\",\"images\":\"{\\\"image_intro\\\":\\\"\\\",\\\"float_intro\\\":\\\"\\\",\\\"image_intro_alt\\\":\\\"\\\",\\\"image_intro_caption\\\":\\\"\\\",\\\"image_fulltext\\\":\\\"\\\",\\\"float_fulltext\\\":\\\"\\\",\\\"image_fulltext_alt\\\":\\\"\\\",\\\"image_fulltext_caption\\\":\\\"\\\"}\",\"urls\":\"{\\\"urla\\\":false,\\\"urlatext\\\":\\\"\\\",\\\"targeta\\\":\\\"\\\",\\\"urlb\\\":false,\\\"urlbtext\\\":\\\"\\\",\\\"targetb\\\":\\\"\\\",\\\"urlc\\\":false,\\\"urlctext\\\":\\\"\\\",\\\"targetc\\\":\\\"\\\"}\",\"attribs\":\"{\\\"article_layout\\\":\\\"\\\",\\\"show_title\\\":\\\"\\\",\\\"link_titles\\\":\\\"\\\",\\\"show_tags\\\":\\\"\\\",\\\"show_intro\\\":\\\"\\\",\\\"info_block_position\\\":\\\"\\\",\\\"info_block_show_title\\\":\\\"\\\",\\\"show_category\\\":\\\"\\\",\\\"link_category\\\":\\\"\\\",\\\"show_parent_category\\\":\\\"\\\",\\\"link_parent_category\\\":\\\"\\\",\\\"show_associations\\\":\\\"\\\",\\\"show_author\\\":\\\"\\\",\\\"link_author\\\":\\\"\\\",\\\"show_create_date\\\":\\\"\\\",\\\"show_modify_date\\\":\\\"\\\",\\\"show_publish_date\\\":\\\"\\\",\\\"show_item_navigation\\\":\\\"\\\",\\\"show_icons\\\":\\\"\\\",\\\"show_print_icon\\\":\\\"\\\",\\\"show_email_icon\\\":\\\"\\\",\\\"show_vote\\\":\\\"\\\",\\\"show_hits\\\":\\\"\\\",\\\"show_noauth\\\":\\\"\\\",\\\"urls_position\\\":\\\"\\\",\\\"alternative_readmore\\\":\\\"\\\",\\\"article_page_title\\\":\\\"\\\"}\",\"version\":11,\"ordering\":\"2\",\"metakey\":\"\",\"metadesc\":\"\",\"access\":\"1\",\"hits\":\"13\",\"metadata\":\"{\\\"robots\\\":\\\"\\\",\\\"author\\\":\\\"\\\",\\\"rights\\\":\\\"\\\",\\\"xreference\\\":\\\"\\\"}\",\"featured\":\"0\",\"language\":\"fa-IR\",\"xreference\":\"\",\"note\":\"\"}', 0),
(397, 24, 1, '', '2020-09-26 09:45:21', 226, 5840, 'f53e515be63365c48574f6dad57b335053cfa254', '{\"id\":24,\"asset_id\":\"133\",\"title\":\"\\u0628\\u0631\\u0646\\u0627\\u0645\\u0647 \\u062d\\u0636\\u0648\\u0631\",\"alias\":\"2020-03-15-19-23-51\",\"introtext\":\"<table style=\\\"height: 365px; width: 1096px;\\\">\\r\\n<tbody>\\r\\n<tr>\\r\\n<td>\\u0633\\u0627\\u0639\\u062a<\\/td>\\r\\n<td style=\\\"text-align: center;\\\">8-10<\\/td>\\r\\n<td style=\\\"text-align: center;\\\">10-12<\\/td>\\r\\n<td style=\\\"text-align: center;\\\">12-14<\\/td>\\r\\n<td style=\\\"text-align: center;\\\">14-16<\\/td>\\r\\n<td style=\\\"text-align: center;\\\">16-18<\\/td>\\r\\n<td style=\\\"text-align: center;\\\">18-20<\\/td>\\r\\n<\\/tr>\\r\\n<tr>\\r\\n<td>\\u0634\\u0646\\u0628\\u0647<\\/td>\\r\\n<td style=\\\"text-align: center;\\\">\\u062f\\u0641\\u062a\\u0631 \\u0627\\u0631\\u062a\\u0628\\u0627\\u0637 \\u0628\\u0627 \\u0635\\u0646\\u0639\\u062a \\u062f\\u0627\\u0646\\u0634\\u06af\\u0627\\u0647<\\/td>\\r\\n<td style=\\\"text-align: center;\\\">\\u062d\\u0636\\u0648\\u0631 \\u062f\\u0631 \\u062f\\u0627\\u0646\\u0634\\u06a9\\u062f\\u0647<\\/td>\\r\\n<td style=\\\"text-align: center;\\\">\\u062f\\u0641\\u062a\\u0631\\u0627\\u0631\\u062a\\u0628\\u0627\\u0637 \\u0628\\u0627 \\u0635\\u0646\\u0639\\u062a \\u062f\\u0627\\u0646\\u0634\\u06af\\u0627\\u0647<\\/td>\\r\\n<td style=\\\"text-align: center;\\\">&nbsp;<\\/td>\\r\\n<td style=\\\"text-align: center;\\\">&nbsp;<\\/td>\\r\\n<td style=\\\"text-align: center;\\\">&nbsp;<\\/td>\\r\\n<\\/tr>\\r\\n<tr>\\r\\n<td>\\u06cc\\u06a9 \\u0634\\u0646\\u0628\\u0647<\\/td>\\r\\n<td style=\\\"text-align: center;\\\">\\u062f\\u0641\\u062a\\u0631 \\u0627\\u0631\\u062a\\u0628\\u0627\\u0637 \\u0628\\u0627 \\u0635\\u0646\\u0639\\u062a \\u062f\\u0627\\u0646\\u0634\\u06af\\u0627\\u0647<\\/td>\\r\\n<td style=\\\"text-align: center;\\\">\\u062d\\u0636\\u0648\\u0631 \\u062f\\u0631 \\u062f\\u0627\\u0646\\u0634\\u06a9\\u062f\\u0647<\\/td>\\r\\n<td style=\\\"text-align: center;\\\">\\u0641\\u0644\\u0632\\u06a9\\u0627\\u0631\\u06cc<\\/td>\\r\\n<td style=\\\"text-align: center;\\\">\\u062d\\u0636\\u0648\\u0631 \\u062f\\u0631 \\u062f\\u0627\\u0646\\u0634\\u06a9\\u062f\\u0647&nbsp;<\\/td>\\r\\n<td style=\\\"text-align: center;\\\">&nbsp;<\\/td>\\r\\n<td style=\\\"text-align: center;\\\">&nbsp;<\\/td>\\r\\n<\\/tr>\\r\\n<tr>\\r\\n<td>\\u062f\\u0648\\u0634\\u0646\\u0628\\u0647<\\/td>\\r\\n<td style=\\\"text-align: center;\\\">\\u0631\\u06cc\\u0627\\u0636\\u06cc \\u0648 \\u0622\\u0645\\u0627\\u0631 \\u062f\\u0631 \\u0639\\u0644\\u0648\\u0645 \\u0648\\u0631\\u0632\\u0634\\u06cc<\\/td>\\r\\n<td style=\\\"text-align: center;\\\">\\u062f\\u0641\\u062a\\u0631 \\u0631\\u062a\\u0628\\u0627\\u0637 \\u0628\\u0627 \\u0635\\u0646\\u0639\\u062a \\u062f\\u0627\\u0646\\u0634\\u06af\\u0627\\u0647<\\/td>\\r\\n<td style=\\\"text-align: center;\\\">\\u062d\\u0636\\u0648\\u0631 \\u062f\\u0631 \\u062f\\u0627\\u0646\\u0634\\u06a9\\u062f\\u0647<\\/td>\\r\\n<td style=\\\"text-align: center;\\\">\\u062d\\u0636\\u0648\\u0631 \\u062f\\u0631 \\u062f\\u0627\\u0646\\u0634\\u06a9\\u062f\\u0647&nbsp;<\\/td>\\r\\n<td style=\\\"text-align: center;\\\">&nbsp;<\\/td>\\r\\n<td style=\\\"text-align: center;\\\">&nbsp;<\\/td>\\r\\n<\\/tr>\\r\\n<tr>\\r\\n<td>\\u0633\\u0647 \\u0634\\u0646\\u0628\\u0647<\\/td>\\r\\n<td style=\\\"text-align: center;\\\">\\u062f\\u0641\\u062a\\u0631 \\u0627\\u0631\\u062a\\u0628\\u0627\\u0637 \\u0628\\u0627 \\u0635\\u0646\\u0639\\u062a \\u062f\\u0627\\u0646\\u0634\\u06af\\u0627\\u0647<\\/td>\\r\\n<td style=\\\"text-align: center;\\\">\\u062d\\u0636\\u0648\\u0631 \\u062f\\u0631 \\u062f\\u0627\\u0646\\u0634\\u06a9\\u062f\\u0647<\\/td>\\r\\n<td style=\\\"text-align: center;\\\">\\u062f\\u0641\\u062a\\u0631 \\u0631\\u062a\\u0628\\u0627\\u0637 \\u0628\\u0627 \\u0635\\u0646\\u0639\\u062a \\u062f\\u0627\\u0646\\u0634\\u06af\\u0627\\u0647<\\/td>\\r\\n<td style=\\\"text-align: center;\\\">&nbsp;<\\/td>\\r\\n<td style=\\\"text-align: center;\\\">&nbsp;<\\/td>\\r\\n<td style=\\\"text-align: center;\\\">&nbsp;<\\/td>\\r\\n<\\/tr>\\r\\n<tr>\\r\\n<td>\\u0686\\u0647\\u0627\\u0631\\u0634\\u0646\\u0628\\u0647<\\/td>\\r\\n<td style=\\\"text-align: center;\\\">\\u062f\\u0648\\u0631\\u06a9\\u0627\\u0631\\u06cc<\\/td>\\r\\n<td style=\\\"text-align: center;\\\">\\u062f\\u0648\\u0631\\u06a9\\u0627\\u0631\\u06cc<\\/td>\\r\\n<td style=\\\"text-align: center;\\\">&nbsp;\\u062f\\u0648\\u0631\\u06a9\\u0627\\u0631\\u06cc<\\/td>\\r\\n<td style=\\\"text-align: center;\\\">\\u062f\\u0648\\u0631 \\u06a9\\u0627\\u0631\\u06cc<\\/td>\\r\\n<td style=\\\"text-align: center;\\\">\\r\\n<p>\\u0645\\u0628\\u0627\\u0646\\u06cc \\u06a9\\u0627\\u0631\\u0622\\u0641\\u0631\\u06cc\\u0646\\u06cc&nbsp;(\\u0647\\u0641\\u062a\\u0647 \\u0641\\u0631\\u062f)<\\/p>\\r\\n<\\/td>\\r\\n<td style=\\\"text-align: center;\\\">\\u0645\\u0628\\u0627\\u0646\\u06cc \\u06a9\\u0627\\u0631\\u0622\\u0641\\u0631\\u06cc\\u0646\\u06cc (\\u0647\\u0631 \\u0647\\u0641\\u062a\\u0647)<\\/td>\\r\\n<\\/tr>\\r\\n<\\/tbody>\\r\\n<\\/table>\\r\\n<p>&nbsp;<\\/p>\",\"fulltext\":\"\",\"state\":1,\"catid\":\"9\",\"created\":\"2020-03-15 19:23:51\",\"created_by\":\"223\",\"created_by_alias\":\"\",\"modified\":\"2020-09-26 09:45:21\",\"modified_by\":\"226\",\"checked_out\":\"226\",\"checked_out_time\":\"2020-09-26 09:43:39\",\"publish_up\":\"2020-03-15 19:23:51\",\"publish_down\":\"0000-00-00 00:00:00\",\"images\":\"{\\\"image_intro\\\":\\\"\\\",\\\"float_intro\\\":\\\"\\\",\\\"image_intro_alt\\\":\\\"\\\",\\\"image_intro_caption\\\":\\\"\\\",\\\"image_fulltext\\\":\\\"\\\",\\\"float_fulltext\\\":\\\"\\\",\\\"image_fulltext_alt\\\":\\\"\\\",\\\"image_fulltext_caption\\\":\\\"\\\"}\",\"urls\":\"{\\\"urla\\\":false,\\\"urlatext\\\":\\\"\\\",\\\"targeta\\\":\\\"\\\",\\\"urlb\\\":false,\\\"urlbtext\\\":\\\"\\\",\\\"targetb\\\":\\\"\\\",\\\"urlc\\\":false,\\\"urlctext\\\":\\\"\\\",\\\"targetc\\\":\\\"\\\"}\",\"attribs\":\"{\\\"article_layout\\\":\\\"\\\",\\\"show_title\\\":\\\"\\\",\\\"link_titles\\\":\\\"\\\",\\\"show_tags\\\":\\\"\\\",\\\"show_intro\\\":\\\"\\\",\\\"info_block_position\\\":\\\"\\\",\\\"info_block_show_title\\\":\\\"\\\",\\\"show_category\\\":\\\"\\\",\\\"link_category\\\":\\\"\\\",\\\"show_parent_category\\\":\\\"\\\",\\\"link_parent_category\\\":\\\"\\\",\\\"show_associations\\\":\\\"\\\",\\\"show_author\\\":\\\"\\\",\\\"link_author\\\":\\\"\\\",\\\"show_create_date\\\":\\\"\\\",\\\"show_modify_date\\\":\\\"\\\",\\\"show_publish_date\\\":\\\"\\\",\\\"show_item_navigation\\\":\\\"\\\",\\\"show_icons\\\":\\\"\\\",\\\"show_print_icon\\\":\\\"\\\",\\\"show_email_icon\\\":\\\"\\\",\\\"show_vote\\\":\\\"\\\",\\\"show_hits\\\":\\\"\\\",\\\"show_noauth\\\":\\\"\\\",\\\"urls_position\\\":\\\"\\\",\\\"alternative_readmore\\\":\\\"\\\",\\\"article_page_title\\\":\\\"\\\"}\",\"version\":12,\"ordering\":\"2\",\"metakey\":\"\",\"metadesc\":\"\",\"access\":\"1\",\"hits\":\"15\",\"metadata\":\"{\\\"robots\\\":\\\"\\\",\\\"author\\\":\\\"\\\",\\\"rights\\\":\\\"\\\",\\\"xreference\\\":\\\"\\\"}\",\"featured\":\"0\",\"language\":\"fa-IR\",\"xreference\":\"\",\"note\":\"\"}', 0);

-- --------------------------------------------------------

--
-- Table structure for table `s0xl4_updates`
--

CREATE TABLE `s0xl4_updates` (
  `update_id` int(11) NOT NULL,
  `update_site_id` int(11) DEFAULT '0',
  `extension_id` int(11) DEFAULT '0',
  `name` varchar(100) COLLATE utf8mb4_unicode_ci DEFAULT '',
  `description` text COLLATE utf8mb4_unicode_ci NOT NULL,
  `element` varchar(100) COLLATE utf8mb4_unicode_ci DEFAULT '',
  `type` varchar(20) COLLATE utf8mb4_unicode_ci DEFAULT '',
  `folder` varchar(20) COLLATE utf8mb4_unicode_ci DEFAULT '',
  `client_id` tinyint(3) DEFAULT '0',
  `version` varchar(32) COLLATE utf8mb4_unicode_ci DEFAULT '',
  `data` text COLLATE utf8mb4_unicode_ci NOT NULL,
  `detailsurl` text COLLATE utf8mb4_unicode_ci NOT NULL,
  `infourl` text COLLATE utf8mb4_unicode_ci NOT NULL,
  `extra_query` varchar(1000) COLLATE utf8mb4_unicode_ci DEFAULT ''
) ENGINE=InnoDB DEFAULT CHARSET=utf8mb4 COLLATE=utf8mb4_unicode_ci COMMENT='Available Updates';

--
-- Dumping data for table `s0xl4_updates`
--

INSERT INTO `s0xl4_updates` (`update_id`, `update_site_id`, `extension_id`, `name`, `description`, `element`, `type`, `folder`, `client_id`, `version`, `data`, `detailsurl`, `infourl`, `extra_query`) VALUES
(32, 1, 700, 'Joomla', '', 'joomla', 'file', '', 0, '3.9.16', '', 'https://update.joomla.org/core/sts/extension_sts.xml', '', ''),
(33, 1, 0, 'Joomla', '', 'joomla', 'file', '', 0, '3.9.18', '', 'https://update.joomla.org/core/sts/extension_sts.xml', '', ''),
(34, 1, 0, 'Joomla', '', 'joomla', 'file', '', 0, '3.9.18', '', 'https://update.joomla.org/core/sts/extension_sts.xml', '', ''),
(35, 1, 0, 'Joomla', '', 'joomla', 'file', '', 0, '3.9.18', '', 'https://update.joomla.org/core/sts/extension_sts.xml', '', ''),
(36, 1, 0, 'Joomla', '', 'joomla', 'file', '', 0, '3.9.18', '', 'https://update.joomla.org/core/sts/extension_sts.xml', '', ''),
(37, 1, 0, 'Joomla', '', 'joomla', 'file', '', 0, '3.9.19', '', 'https://update.joomla.org/core/sts/extension_sts.xml', '', ''),
(38, 1, 0, 'Joomla', '', 'joomla', 'file', '', 0, '3.9.19', '', 'https://update.joomla.org/core/sts/extension_sts.xml', '', ''),
(39, 1, 0, 'Joomla', '', 'joomla', 'file', '', 0, '3.9.19', '', 'https://update.joomla.org/core/sts/extension_sts.xml', '', ''),
(40, 1, 0, 'Joomla', '', 'joomla', 'file', '', 0, '3.9.19', '', 'https://update.joomla.org/core/sts/extension_sts.xml', '', ''),
(41, 1, 0, 'Joomla', '', 'joomla', 'file', '', 0, '3.9.22', '', 'https://update.joomla.org/core/sts/extension_sts.xml', '', ''),
(42, 1, 0, 'Joomla', '', 'joomla', 'file', '', 0, '3.9.22', '', 'https://update.joomla.org/core/sts/extension_sts.xml', '', '');

-- --------------------------------------------------------

--
-- Table structure for table `s0xl4_update_sites`
--

CREATE TABLE `s0xl4_update_sites` (
  `update_site_id` int(11) NOT NULL,
  `name` varchar(100) COLLATE utf8mb4_unicode_ci DEFAULT '',
  `type` varchar(20) COLLATE utf8mb4_unicode_ci DEFAULT '',
  `location` text COLLATE utf8mb4_unicode_ci NOT NULL,
  `enabled` int(11) DEFAULT '0',
  `last_check_timestamp` bigint(20) DEFAULT '0',
  `extra_query` varchar(1000) COLLATE utf8mb4_unicode_ci DEFAULT ''
) ENGINE=InnoDB DEFAULT CHARSET=utf8mb4 COLLATE=utf8mb4_unicode_ci COMMENT='Update Sites';

--
-- Dumping data for table `s0xl4_update_sites`
--

INSERT INTO `s0xl4_update_sites` (`update_site_id`, `name`, `type`, `location`, `enabled`, `last_check_timestamp`, `extra_query`) VALUES
(1, 'Joomla! Core', 'collection', 'https://update.joomla.org/core/list.xml', 1, 1603276090, ''),
(2, 'Accredited Joomla! Translations', 'collection', 'https://update.joomla.org/language/translationlist_3.xml', 0, 0, ''),
(3, 'Joomla! Update Component Update Site', 'extension', 'https://update.joomla.org/core/extensions/com_joomlaupdate.xml', 1, 1603276092, ''),
(4, 'Accredited Joomla! Translations', 'collection', 'http://update.joomla.org/language/translationlist_3.xml', 0, 0, ''),
(5, 'JCE Editor Package', 'collection', 'https://cdn.joomlacontenteditor.net/updates/xml/pkg_jce_pro.xml', 0, 0, ''),
(6, 'RSFirewall!', 'extension', 'https://www.rsjoomla.com/updates/com_rsfirewall/Component/com_rsfirewall.xml', 0, 0, ''),
(7, 'RocketTheme Update Directory', 'collection', 'http://updates.rockettheme.com/joomla/updates.xml', 0, 0, ''),
(9, 'plg_nsfontawesome', 'extension', 'https://nswd.co/updater/nsfontawesome-update.xml', 0, 0, ''),
(10, 'RSForm! Pro', 'extension', 'https://www.rsjoomla.com/updates/com_rsform/Component/com_rsform.xml', 0, 0, ''),
(12, 'Ignite Gallery Component Update', 'extension', 'http://www.ignitegallery.com/update/xml/component-update.xml', 0, 0, '');

-- --------------------------------------------------------

--
-- Table structure for table `s0xl4_update_sites_extensions`
--

CREATE TABLE `s0xl4_update_sites_extensions` (
  `update_site_id` int(11) NOT NULL DEFAULT '0',
  `extension_id` int(11) NOT NULL DEFAULT '0'
) ENGINE=InnoDB DEFAULT CHARSET=utf8mb4 COLLATE=utf8mb4_unicode_ci COMMENT='Links extensions to update sites';

--
-- Dumping data for table `s0xl4_update_sites_extensions`
--

INSERT INTO `s0xl4_update_sites_extensions` (`update_site_id`, `extension_id`) VALUES
(1, 700),
(2, 802),
(3, 28),
(4, 10002),
(5, 10012),
(6, 10014),
(7, 10021),
(7, 10022),
(9, 10027),
(10, 10032),
(12, 10041);

-- --------------------------------------------------------

--
-- Table structure for table `s0xl4_usergroups`
--

CREATE TABLE `s0xl4_usergroups` (
  `id` int(10) UNSIGNED NOT NULL COMMENT 'Primary Key',
  `parent_id` int(10) UNSIGNED NOT NULL DEFAULT '0' COMMENT 'Adjacency List Reference Id',
  `lft` int(11) NOT NULL DEFAULT '0' COMMENT 'Nested set lft.',
  `rgt` int(11) NOT NULL DEFAULT '0' COMMENT 'Nested set rgt.',
  `title` varchar(100) COLLATE utf8mb4_unicode_ci NOT NULL DEFAULT ''
) ENGINE=InnoDB DEFAULT CHARSET=utf8mb4 COLLATE=utf8mb4_unicode_ci;

--
-- Dumping data for table `s0xl4_usergroups`
--

INSERT INTO `s0xl4_usergroups` (`id`, `parent_id`, `lft`, `rgt`, `title`) VALUES
(1, 0, 1, 18, 'Public'),
(2, 1, 8, 15, 'Registered'),
(3, 2, 9, 14, 'Author'),
(4, 3, 10, 13, 'Editor'),
(5, 4, 11, 12, 'Publisher'),
(6, 1, 4, 7, 'Manager'),
(7, 6, 5, 6, 'Administrator'),
(8, 1, 16, 17, 'Super Users'),
(9, 1, 2, 3, 'Guest');

-- --------------------------------------------------------

--
-- Table structure for table `s0xl4_user_keys`
--

CREATE TABLE `s0xl4_user_keys` (
  `id` int(10) UNSIGNED NOT NULL,
  `user_id` varchar(150) COLLATE utf8mb4_unicode_ci NOT NULL,
  `token` varchar(255) COLLATE utf8mb4_unicode_ci NOT NULL,
  `series` varchar(191) COLLATE utf8mb4_unicode_ci NOT NULL,
  `invalid` tinyint(4) NOT NULL,
  `time` varchar(200) COLLATE utf8mb4_unicode_ci NOT NULL,
  `uastring` varchar(255) COLLATE utf8mb4_unicode_ci NOT NULL
) ENGINE=InnoDB DEFAULT CHARSET=utf8mb4 COLLATE=utf8mb4_unicode_ci;

-- --------------------------------------------------------

--
-- Table structure for table `s0xl4_user_notes`
--

CREATE TABLE `s0xl4_user_notes` (
  `id` int(10) UNSIGNED NOT NULL,
  `user_id` int(10) UNSIGNED NOT NULL DEFAULT '0',
  `catid` int(10) UNSIGNED NOT NULL DEFAULT '0',
  `subject` varchar(100) COLLATE utf8mb4_unicode_ci NOT NULL DEFAULT '',
  `body` text COLLATE utf8mb4_unicode_ci NOT NULL,
  `state` tinyint(3) NOT NULL DEFAULT '0',
  `checked_out` int(10) UNSIGNED NOT NULL DEFAULT '0',
  `checked_out_time` datetime NOT NULL DEFAULT '0000-00-00 00:00:00',
  `created_user_id` int(10) UNSIGNED NOT NULL DEFAULT '0',
  `created_time` datetime NOT NULL DEFAULT '0000-00-00 00:00:00',
  `modified_user_id` int(10) UNSIGNED NOT NULL,
  `modified_time` datetime NOT NULL DEFAULT '0000-00-00 00:00:00',
  `review_time` datetime NOT NULL DEFAULT '0000-00-00 00:00:00',
  `publish_up` datetime NOT NULL DEFAULT '0000-00-00 00:00:00',
  `publish_down` datetime NOT NULL DEFAULT '0000-00-00 00:00:00'
) ENGINE=InnoDB DEFAULT CHARSET=utf8mb4 COLLATE=utf8mb4_unicode_ci;

-- --------------------------------------------------------

--
-- Table structure for table `s0xl4_user_profiles`
--

CREATE TABLE `s0xl4_user_profiles` (
  `user_id` int(11) NOT NULL,
  `profile_key` varchar(100) COLLATE utf8mb4_unicode_ci NOT NULL,
  `profile_value` text COLLATE utf8mb4_unicode_ci NOT NULL,
  `ordering` int(11) NOT NULL DEFAULT '0'
) ENGINE=InnoDB DEFAULT CHARSET=utf8mb4 COLLATE=utf8mb4_unicode_ci COMMENT='Simple user profile storage table';

-- --------------------------------------------------------

--
-- Table structure for table `s0xl4_user_usergroup_map`
--

CREATE TABLE `s0xl4_user_usergroup_map` (
  `user_id` int(10) UNSIGNED NOT NULL DEFAULT '0' COMMENT 'Foreign Key to #__users.id',
  `group_id` int(10) UNSIGNED NOT NULL DEFAULT '0' COMMENT 'Foreign Key to #__usergroups.id'
) ENGINE=InnoDB DEFAULT CHARSET=utf8mb4 COLLATE=utf8mb4_unicode_ci;

--
-- Dumping data for table `s0xl4_user_usergroup_map`
--

INSERT INTO `s0xl4_user_usergroup_map` (`user_id`, `group_id`) VALUES
(223, 8),
(225, 7),
(226, 6);

-- --------------------------------------------------------

--
-- Table structure for table `s0xl4_utf8_conversion`
--

CREATE TABLE `s0xl4_utf8_conversion` (
  `converted` tinyint(4) NOT NULL DEFAULT '0'
) ENGINE=InnoDB DEFAULT CHARSET=utf8mb4 COLLATE=utf8mb4_unicode_ci;

--
-- Dumping data for table `s0xl4_utf8_conversion`
--

INSERT INTO `s0xl4_utf8_conversion` (`converted`) VALUES
(2);

-- --------------------------------------------------------

--
-- Table structure for table `s0xl4_viewlevels`
--

CREATE TABLE `s0xl4_viewlevels` (
  `id` int(10) UNSIGNED NOT NULL COMMENT 'Primary Key',
  `title` varchar(100) COLLATE utf8mb4_unicode_ci NOT NULL DEFAULT '',
  `ordering` int(11) NOT NULL DEFAULT '0',
  `rules` varchar(5120) COLLATE utf8mb4_unicode_ci NOT NULL COMMENT 'JSON encoded access control.'
) ENGINE=InnoDB DEFAULT CHARSET=utf8mb4 COLLATE=utf8mb4_unicode_ci;

--
-- Dumping data for table `s0xl4_viewlevels`
--

INSERT INTO `s0xl4_viewlevels` (`id`, `title`, `ordering`, `rules`) VALUES
(1, 'Public', 0, '[1]'),
(2, 'Registered', 2, '[6,2,8]'),
(3, 'Special', 3, '[6,3,8]'),
(5, 'Guest', 1, '[9]'),
(6, 'Super Users', 4, '[8]');

-- --------------------------------------------------------

--
-- Table structure for table `s0xl4_wf_profiles`
--

CREATE TABLE `s0xl4_wf_profiles` (
  `id` int(11) NOT NULL,
  `name` varchar(255) NOT NULL,
  `description` text NOT NULL,
  `users` text NOT NULL,
  `types` text NOT NULL,
  `components` text NOT NULL,
  `area` tinyint(3) NOT NULL,
  `device` varchar(255) NOT NULL,
  `rows` text NOT NULL,
  `plugins` text NOT NULL,
  `published` tinyint(3) NOT NULL,
  `ordering` int(11) NOT NULL,
  `checked_out` int(11) NOT NULL,
  `checked_out_time` datetime NOT NULL,
  `params` text NOT NULL
) ENGINE=InnoDB DEFAULT CHARSET=utf8;

--
-- Dumping data for table `s0xl4_wf_profiles`
--

INSERT INTO `s0xl4_wf_profiles` (`id`, `name`, `description`, `users`, `types`, `components`, `area`, `device`, `rows`, `plugins`, `published`, `ordering`, `checked_out`, `checked_out_time`, `params`) VALUES
(1, 'Default', 'Default Profile for all users', '', '3,4,5,6,8,7', '', 0, 'desktop,tablet,phone', 'help,newdocument,undo,redo,spacer,bold,italic,underline,strikethrough,justifyfull,justifycenter,justifyleft,justifyright,spacer,blockquote,formatselect,styleselect,removeformat,cleanup;fontselect,fontsizeselect,fontcolor,spacer,clipboard,indent,outdent,lists,sub,sup,textcase,charmap,hr;directionality,fullscreen,print,searchreplace,spacer,table,style,xhtmlxtras;visualaid,visualchars,visualblocks,nonbreaking,anchor,unlink,link,imgmanager_ext,mediamanager,filemanager,templatemanager,caption,microdata,textpattern,spellchecker,article', 'formatselect,styleselect,cleanup,fontselect,fontsizeselect,fontcolor,clipboard,lists,textcase,charmap,hr,directionality,fullscreen,print,searchreplace,table,style,xhtmlxtras,visualchars,visualblocks,nonbreaking,anchor,link,imgmanager_ext,mediamanager,filemanager,templatemanager,caption,microdata,textpattern,spellchecker,article,spellchecker,article,browser,contextmenu,inlinepopups,media,preview,source', 1, 1, 0, '0000-00-00 00:00:00', ''),
(2, 'Front End', 'Sample Front-end Profile', '', '3,4,5', '', 1, 'desktop,tablet,phone', 'help,newdocument,undo,redo,spacer,bold,italic,underline,strikethrough,justifyfull,justifycenter,justifyleft,justifyright,spacer,formatselect,styleselect;clipboard,searchreplace,indent,outdent,lists,cleanup,charmap,removeformat,hr,sub,sup,textcase,nonbreaking,visualchars,visualblocks;fullscreen,print,visualaid,style,xhtmlxtras,anchor,unlink,link,imgmanager,spellchecker,article', 'charmap,contextmenu,inlinepopups,help,clipboard,searchreplace,fullscreen,preview,print,style,textcase,nonbreaking,visualchars,visualblocks,xhtmlxtras,imgmanager,anchor,link,spellchecker,article,lists,formatselect,styleselect,hr', 0, 2, 0, '0000-00-00 00:00:00', ''),
(3, 'Blogger', 'Simple Blogging Profile', '', '3,4,5,6,8,7', '', 0, 'desktop,tablet,phone', 'bold,italic,strikethrough,lists,blockquote,spacer,justifyleft,justifycenter,justifyright,spacer,link,unlink,imgmanager,article,spellchecker,fullscreen,kitchensink;formatselect,styleselect,underline,justifyfull,clipboard,removeformat,charmap,indent,outdent,undo,redo,help', 'link,imgmanager,article,spellchecker,fullscreen,kitchensink,clipboard,contextmenu,inlinepopups,lists,formatselect,styleselect,textpattern', 0, 3, 0, '0000-00-00 00:00:00', '{\"editor\":{\"toggle\":\"0\"}}'),
(4, 'Mobile', 'Sample Mobile Profile', '', '3,4,5,6,8,7', '', 0, 'tablet,phone', 'undo,redo,spacer,bold,italic,underline,formatselect,spacer,justifyleft,justifycenter,justifyfull,justifyright,spacer,fullscreen,kitchensink;styleselect,lists,spellchecker,article,link,unlink', 'fullscreen,kitchensink,spellchecker,article,link,inlinepopups,lists,formatselect,styleselect,textpattern', 0, 4, 0, '0000-00-00 00:00:00', '{\"editor\":{\"toolbar_theme\":\"mobile\",\"resizing\":\"0\",\"resize_horizontal\":\"0\",\"resizing_use_cookie\":\"0\",\"toggle\":\"0\",\"links\":{\"popups\":{\"default\":\"\",\"jcemediabox\":{\"enable\":\"0\"},\"window\":{\"enable\":\"0\"}}}}}'),
(5, 'Markdown', 'Sample Markdown Profile', '', '6,7,3,4,5,8', '', 0, 'desktop,tablet,phone', 'fullscreen,justifyleft,justifycenter,justifyfull,justifyright,link,unlink,imgmanager,styleselect', 'fullscreen,link,imgmanager,styleselect,inlinepopups,media,textpattern', 0, 5, 0, '0000-00-00 00:00:00', '{\"editor\":{\"toolbar_theme\":\"mobile\"}}');

--
-- Indexes for dumped tables
--

--
-- Indexes for table `s0xl4_action_logs`
--
ALTER TABLE `s0xl4_action_logs`
  ADD PRIMARY KEY (`id`),
  ADD KEY `idx_user_id` (`user_id`),
  ADD KEY `idx_user_id_logdate` (`user_id`,`log_date`),
  ADD KEY `idx_user_id_extension` (`user_id`,`extension`),
  ADD KEY `idx_extension_item_id` (`extension`,`item_id`);

--
-- Indexes for table `s0xl4_action_logs_extensions`
--
ALTER TABLE `s0xl4_action_logs_extensions`
  ADD PRIMARY KEY (`id`);

--
-- Indexes for table `s0xl4_action_logs_users`
--
ALTER TABLE `s0xl4_action_logs_users`
  ADD PRIMARY KEY (`user_id`),
  ADD KEY `idx_notify` (`notify`);

--
-- Indexes for table `s0xl4_action_log_config`
--
ALTER TABLE `s0xl4_action_log_config`
  ADD PRIMARY KEY (`id`);

--
-- Indexes for table `s0xl4_assets`
--
ALTER TABLE `s0xl4_assets`
  ADD PRIMARY KEY (`id`),
  ADD UNIQUE KEY `idx_asset_name` (`name`),
  ADD KEY `idx_lft_rgt` (`lft`,`rgt`),
  ADD KEY `idx_parent_id` (`parent_id`);

--
-- Indexes for table `s0xl4_associations`
--
ALTER TABLE `s0xl4_associations`
  ADD PRIMARY KEY (`context`,`id`),
  ADD KEY `idx_key` (`key`);

--
-- Indexes for table `s0xl4_banners`
--
ALTER TABLE `s0xl4_banners`
  ADD PRIMARY KEY (`id`),
  ADD KEY `idx_state` (`state`),
  ADD KEY `idx_own_prefix` (`own_prefix`),
  ADD KEY `idx_metakey_prefix` (`metakey_prefix`(100)),
  ADD KEY `idx_banner_catid` (`catid`),
  ADD KEY `idx_language` (`language`);

--
-- Indexes for table `s0xl4_banner_clients`
--
ALTER TABLE `s0xl4_banner_clients`
  ADD PRIMARY KEY (`id`),
  ADD KEY `idx_own_prefix` (`own_prefix`),
  ADD KEY `idx_metakey_prefix` (`metakey_prefix`(100));

--
-- Indexes for table `s0xl4_banner_tracks`
--
ALTER TABLE `s0xl4_banner_tracks`
  ADD PRIMARY KEY (`track_date`,`track_type`,`banner_id`),
  ADD KEY `idx_track_date` (`track_date`),
  ADD KEY `idx_track_type` (`track_type`),
  ADD KEY `idx_banner_id` (`banner_id`);

--
-- Indexes for table `s0xl4_categories`
--
ALTER TABLE `s0xl4_categories`
  ADD PRIMARY KEY (`id`),
  ADD KEY `cat_idx` (`extension`,`published`,`access`),
  ADD KEY `idx_access` (`access`),
  ADD KEY `idx_checkout` (`checked_out`),
  ADD KEY `idx_path` (`path`(100)),
  ADD KEY `idx_left_right` (`lft`,`rgt`),
  ADD KEY `idx_alias` (`alias`(100)),
  ADD KEY `idx_language` (`language`);

--
-- Indexes for table `s0xl4_contact_details`
--
ALTER TABLE `s0xl4_contact_details`
  ADD PRIMARY KEY (`id`),
  ADD KEY `idx_access` (`access`),
  ADD KEY `idx_checkout` (`checked_out`),
  ADD KEY `idx_state` (`published`),
  ADD KEY `idx_catid` (`catid`),
  ADD KEY `idx_createdby` (`created_by`),
  ADD KEY `idx_featured_catid` (`featured`,`catid`),
  ADD KEY `idx_language` (`language`),
  ADD KEY `idx_xreference` (`xreference`);

--
-- Indexes for table `s0xl4_content`
--
ALTER TABLE `s0xl4_content`
  ADD PRIMARY KEY (`id`),
  ADD KEY `idx_access` (`access`),
  ADD KEY `idx_checkout` (`checked_out`),
  ADD KEY `idx_state` (`state`),
  ADD KEY `idx_catid` (`catid`),
  ADD KEY `idx_createdby` (`created_by`),
  ADD KEY `idx_featured_catid` (`featured`,`catid`),
  ADD KEY `idx_language` (`language`),
  ADD KEY `idx_xreference` (`xreference`),
  ADD KEY `idx_alias` (`alias`(191));

--
-- Indexes for table `s0xl4_contentitem_tag_map`
--
ALTER TABLE `s0xl4_contentitem_tag_map`
  ADD UNIQUE KEY `uc_ItemnameTagid` (`type_id`,`content_item_id`,`tag_id`),
  ADD KEY `idx_tag_type` (`tag_id`,`type_id`),
  ADD KEY `idx_date_id` (`tag_date`,`tag_id`),
  ADD KEY `idx_core_content_id` (`core_content_id`);

--
-- Indexes for table `s0xl4_content_frontpage`
--
ALTER TABLE `s0xl4_content_frontpage`
  ADD PRIMARY KEY (`content_id`);

--
-- Indexes for table `s0xl4_content_rating`
--
ALTER TABLE `s0xl4_content_rating`
  ADD PRIMARY KEY (`content_id`);

--
-- Indexes for table `s0xl4_content_types`
--
ALTER TABLE `s0xl4_content_types`
  ADD PRIMARY KEY (`type_id`),
  ADD KEY `idx_alias` (`type_alias`(100));

--
-- Indexes for table `s0xl4_extensions`
--
ALTER TABLE `s0xl4_extensions`
  ADD PRIMARY KEY (`extension_id`),
  ADD KEY `element_clientid` (`element`,`client_id`),
  ADD KEY `element_folder_clientid` (`element`,`folder`,`client_id`),
  ADD KEY `extension` (`type`,`element`,`folder`,`client_id`);

--
-- Indexes for table `s0xl4_fields`
--
ALTER TABLE `s0xl4_fields`
  ADD PRIMARY KEY (`id`),
  ADD KEY `idx_checkout` (`checked_out`),
  ADD KEY `idx_state` (`state`),
  ADD KEY `idx_created_user_id` (`created_user_id`),
  ADD KEY `idx_access` (`access`),
  ADD KEY `idx_context` (`context`(191)),
  ADD KEY `idx_language` (`language`);

--
-- Indexes for table `s0xl4_fields_categories`
--
ALTER TABLE `s0xl4_fields_categories`
  ADD PRIMARY KEY (`field_id`,`category_id`);

--
-- Indexes for table `s0xl4_fields_groups`
--
ALTER TABLE `s0xl4_fields_groups`
  ADD PRIMARY KEY (`id`),
  ADD KEY `idx_checkout` (`checked_out`),
  ADD KEY `idx_state` (`state`),
  ADD KEY `idx_created_by` (`created_by`),
  ADD KEY `idx_access` (`access`),
  ADD KEY `idx_context` (`context`(191)),
  ADD KEY `idx_language` (`language`);

--
-- Indexes for table `s0xl4_fields_values`
--
ALTER TABLE `s0xl4_fields_values`
  ADD KEY `idx_field_id` (`field_id`),
  ADD KEY `idx_item_id` (`item_id`(191));

--
-- Indexes for table `s0xl4_finder_filters`
--
ALTER TABLE `s0xl4_finder_filters`
  ADD PRIMARY KEY (`filter_id`);

--
-- Indexes for table `s0xl4_finder_links`
--
ALTER TABLE `s0xl4_finder_links`
  ADD PRIMARY KEY (`link_id`),
  ADD KEY `idx_type` (`type_id`),
  ADD KEY `idx_title` (`title`(100)),
  ADD KEY `idx_md5` (`md5sum`),
  ADD KEY `idx_url` (`url`(75)),
  ADD KEY `idx_published_list` (`published`,`state`,`access`,`publish_start_date`,`publish_end_date`,`list_price`),
  ADD KEY `idx_published_sale` (`published`,`state`,`access`,`publish_start_date`,`publish_end_date`,`sale_price`);

--
-- Indexes for table `s0xl4_finder_links_terms0`
--
ALTER TABLE `s0xl4_finder_links_terms0`
  ADD PRIMARY KEY (`link_id`,`term_id`),
  ADD KEY `idx_term_weight` (`term_id`,`weight`),
  ADD KEY `idx_link_term_weight` (`link_id`,`term_id`,`weight`);

--
-- Indexes for table `s0xl4_finder_links_terms1`
--
ALTER TABLE `s0xl4_finder_links_terms1`
  ADD PRIMARY KEY (`link_id`,`term_id`),
  ADD KEY `idx_term_weight` (`term_id`,`weight`),
  ADD KEY `idx_link_term_weight` (`link_id`,`term_id`,`weight`);

--
-- Indexes for table `s0xl4_finder_links_terms2`
--
ALTER TABLE `s0xl4_finder_links_terms2`
  ADD PRIMARY KEY (`link_id`,`term_id`),
  ADD KEY `idx_term_weight` (`term_id`,`weight`),
  ADD KEY `idx_link_term_weight` (`link_id`,`term_id`,`weight`);

--
-- Indexes for table `s0xl4_finder_links_terms3`
--
ALTER TABLE `s0xl4_finder_links_terms3`
  ADD PRIMARY KEY (`link_id`,`term_id`),
  ADD KEY `idx_term_weight` (`term_id`,`weight`),
  ADD KEY `idx_link_term_weight` (`link_id`,`term_id`,`weight`);

--
-- Indexes for table `s0xl4_finder_links_terms4`
--
ALTER TABLE `s0xl4_finder_links_terms4`
  ADD PRIMARY KEY (`link_id`,`term_id`),
  ADD KEY `idx_term_weight` (`term_id`,`weight`),
  ADD KEY `idx_link_term_weight` (`link_id`,`term_id`,`weight`);

--
-- Indexes for table `s0xl4_finder_links_terms5`
--
ALTER TABLE `s0xl4_finder_links_terms5`
  ADD PRIMARY KEY (`link_id`,`term_id`),
  ADD KEY `idx_term_weight` (`term_id`,`weight`),
  ADD KEY `idx_link_term_weight` (`link_id`,`term_id`,`weight`);

--
-- Indexes for table `s0xl4_finder_links_terms6`
--
ALTER TABLE `s0xl4_finder_links_terms6`
  ADD PRIMARY KEY (`link_id`,`term_id`),
  ADD KEY `idx_term_weight` (`term_id`,`weight`),
  ADD KEY `idx_link_term_weight` (`link_id`,`term_id`,`weight`);

--
-- Indexes for table `s0xl4_finder_links_terms7`
--
ALTER TABLE `s0xl4_finder_links_terms7`
  ADD PRIMARY KEY (`link_id`,`term_id`),
  ADD KEY `idx_term_weight` (`term_id`,`weight`),
  ADD KEY `idx_link_term_weight` (`link_id`,`term_id`,`weight`);

--
-- Indexes for table `s0xl4_finder_links_terms8`
--
ALTER TABLE `s0xl4_finder_links_terms8`
  ADD PRIMARY KEY (`link_id`,`term_id`),
  ADD KEY `idx_term_weight` (`term_id`,`weight`),
  ADD KEY `idx_link_term_weight` (`link_id`,`term_id`,`weight`);

--
-- Indexes for table `s0xl4_finder_links_terms9`
--
ALTER TABLE `s0xl4_finder_links_terms9`
  ADD PRIMARY KEY (`link_id`,`term_id`),
  ADD KEY `idx_term_weight` (`term_id`,`weight`),
  ADD KEY `idx_link_term_weight` (`link_id`,`term_id`,`weight`);

--
-- Indexes for table `s0xl4_finder_links_termsa`
--
ALTER TABLE `s0xl4_finder_links_termsa`
  ADD PRIMARY KEY (`link_id`,`term_id`),
  ADD KEY `idx_term_weight` (`term_id`,`weight`),
  ADD KEY `idx_link_term_weight` (`link_id`,`term_id`,`weight`);

--
-- Indexes for table `s0xl4_finder_links_termsb`
--
ALTER TABLE `s0xl4_finder_links_termsb`
  ADD PRIMARY KEY (`link_id`,`term_id`),
  ADD KEY `idx_term_weight` (`term_id`,`weight`),
  ADD KEY `idx_link_term_weight` (`link_id`,`term_id`,`weight`);

--
-- Indexes for table `s0xl4_finder_links_termsc`
--
ALTER TABLE `s0xl4_finder_links_termsc`
  ADD PRIMARY KEY (`link_id`,`term_id`),
  ADD KEY `idx_term_weight` (`term_id`,`weight`),
  ADD KEY `idx_link_term_weight` (`link_id`,`term_id`,`weight`);

--
-- Indexes for table `s0xl4_finder_links_termsd`
--
ALTER TABLE `s0xl4_finder_links_termsd`
  ADD PRIMARY KEY (`link_id`,`term_id`),
  ADD KEY `idx_term_weight` (`term_id`,`weight`),
  ADD KEY `idx_link_term_weight` (`link_id`,`term_id`,`weight`);

--
-- Indexes for table `s0xl4_finder_links_termse`
--
ALTER TABLE `s0xl4_finder_links_termse`
  ADD PRIMARY KEY (`link_id`,`term_id`),
  ADD KEY `idx_term_weight` (`term_id`,`weight`),
  ADD KEY `idx_link_term_weight` (`link_id`,`term_id`,`weight`);

--
-- Indexes for table `s0xl4_finder_links_termsf`
--
ALTER TABLE `s0xl4_finder_links_termsf`
  ADD PRIMARY KEY (`link_id`,`term_id`),
  ADD KEY `idx_term_weight` (`term_id`,`weight`),
  ADD KEY `idx_link_term_weight` (`link_id`,`term_id`,`weight`);

--
-- Indexes for table `s0xl4_finder_taxonomy`
--
ALTER TABLE `s0xl4_finder_taxonomy`
  ADD PRIMARY KEY (`id`),
  ADD KEY `parent_id` (`parent_id`),
  ADD KEY `state` (`state`),
  ADD KEY `ordering` (`ordering`),
  ADD KEY `access` (`access`),
  ADD KEY `idx_parent_published` (`parent_id`,`state`,`access`);

--
-- Indexes for table `s0xl4_finder_taxonomy_map`
--
ALTER TABLE `s0xl4_finder_taxonomy_map`
  ADD PRIMARY KEY (`link_id`,`node_id`),
  ADD KEY `link_id` (`link_id`),
  ADD KEY `node_id` (`node_id`);

--
-- Indexes for table `s0xl4_finder_terms`
--
ALTER TABLE `s0xl4_finder_terms`
  ADD PRIMARY KEY (`term_id`),
  ADD UNIQUE KEY `idx_term` (`term`),
  ADD KEY `idx_term_phrase` (`term`,`phrase`),
  ADD KEY `idx_stem_phrase` (`stem`,`phrase`),
  ADD KEY `idx_soundex_phrase` (`soundex`,`phrase`);

--
-- Indexes for table `s0xl4_finder_terms_common`
--
ALTER TABLE `s0xl4_finder_terms_common`
  ADD KEY `idx_word_lang` (`term`,`language`),
  ADD KEY `idx_lang` (`language`);

--
-- Indexes for table `s0xl4_finder_tokens`
--
ALTER TABLE `s0xl4_finder_tokens`
  ADD KEY `idx_word` (`term`),
  ADD KEY `idx_context` (`context`);

--
-- Indexes for table `s0xl4_finder_tokens_aggregate`
--
ALTER TABLE `s0xl4_finder_tokens_aggregate`
  ADD KEY `token` (`term`),
  ADD KEY `keyword_id` (`term_id`);

--
-- Indexes for table `s0xl4_finder_types`
--
ALTER TABLE `s0xl4_finder_types`
  ADD PRIMARY KEY (`id`),
  ADD UNIQUE KEY `title` (`title`);

--
-- Indexes for table `s0xl4_igallery`
--
ALTER TABLE `s0xl4_igallery`
  ADD PRIMARY KEY (`id`),
  ADD KEY `ordering` (`ordering`),
  ADD KEY `date` (`date`),
  ADD KEY `published` (`published`),
  ADD KEY `hits` (`hits`),
  ADD KEY `publish_up` (`publish_up`),
  ADD KEY `publish_down` (`publish_down`),
  ADD KEY `moderate` (`moderate`),
  ADD KEY `profile` (`profile`);

--
-- Indexes for table `s0xl4_igallery_img`
--
ALTER TABLE `s0xl4_igallery_img`
  ADD PRIMARY KEY (`id`),
  ADD KEY `gallery_id` (`gallery_id`),
  ADD KEY `ordering` (`ordering`),
  ADD KEY `date` (`date`),
  ADD KEY `user` (`user`),
  ADD KEY `access` (`access`),
  ADD KEY `published` (`published`),
  ADD KEY `hits` (`hits`),
  ADD KEY `menu_image` (`menu_image`),
  ADD KEY `publish_up` (`publish_up`),
  ADD KEY `publish_down` (`publish_down`),
  ADD KEY `moderate` (`moderate`);

--
-- Indexes for table `s0xl4_igallery_profiles`
--
ALTER TABLE `s0xl4_igallery_profiles`
  ADD PRIMARY KEY (`id`);

--
-- Indexes for table `s0xl4_igallery_ratings`
--
ALTER TABLE `s0xl4_igallery_ratings`
  ADD PRIMARY KEY (`id`),
  ADD KEY `image_id` (`image_id`),
  ADD KEY `published` (`published`);

--
-- Indexes for table `s0xl4_languages`
--
ALTER TABLE `s0xl4_languages`
  ADD PRIMARY KEY (`lang_id`),
  ADD UNIQUE KEY `idx_sef` (`sef`),
  ADD UNIQUE KEY `idx_langcode` (`lang_code`),
  ADD KEY `idx_access` (`access`),
  ADD KEY `idx_ordering` (`ordering`);

--
-- Indexes for table `s0xl4_menu`
--
ALTER TABLE `s0xl4_menu`
  ADD PRIMARY KEY (`id`),
  ADD UNIQUE KEY `idx_client_id_parent_id_alias_language` (`client_id`,`parent_id`,`alias`(100),`language`),
  ADD KEY `idx_componentid` (`component_id`,`menutype`,`published`,`access`),
  ADD KEY `idx_menutype` (`menutype`),
  ADD KEY `idx_left_right` (`lft`,`rgt`),
  ADD KEY `idx_alias` (`alias`(100)),
  ADD KEY `idx_path` (`path`(100)),
  ADD KEY `idx_language` (`language`);

--
-- Indexes for table `s0xl4_menu_types`
--
ALTER TABLE `s0xl4_menu_types`
  ADD PRIMARY KEY (`id`),
  ADD UNIQUE KEY `idx_menutype` (`menutype`);

--
-- Indexes for table `s0xl4_messages`
--
ALTER TABLE `s0xl4_messages`
  ADD PRIMARY KEY (`message_id`),
  ADD KEY `useridto_state` (`user_id_to`,`state`);

--
-- Indexes for table `s0xl4_messages_cfg`
--
ALTER TABLE `s0xl4_messages_cfg`
  ADD UNIQUE KEY `idx_user_var_name` (`user_id`,`cfg_name`);

--
-- Indexes for table `s0xl4_modules`
--
ALTER TABLE `s0xl4_modules`
  ADD PRIMARY KEY (`id`),
  ADD KEY `published` (`published`,`access`),
  ADD KEY `newsfeeds` (`module`,`published`),
  ADD KEY `idx_language` (`language`);

--
-- Indexes for table `s0xl4_modules_menu`
--
ALTER TABLE `s0xl4_modules_menu`
  ADD PRIMARY KEY (`moduleid`,`menuid`);

--
-- Indexes for table `s0xl4_newsfeeds`
--
ALTER TABLE `s0xl4_newsfeeds`
  ADD PRIMARY KEY (`id`),
  ADD KEY `idx_access` (`access`),
  ADD KEY `idx_checkout` (`checked_out`),
  ADD KEY `idx_state` (`published`),
  ADD KEY `idx_catid` (`catid`),
  ADD KEY `idx_createdby` (`created_by`),
  ADD KEY `idx_language` (`language`),
  ADD KEY `idx_xreference` (`xreference`);

--
-- Indexes for table `s0xl4_overrider`
--
ALTER TABLE `s0xl4_overrider`
  ADD PRIMARY KEY (`id`);

--
-- Indexes for table `s0xl4_postinstall_messages`
--
ALTER TABLE `s0xl4_postinstall_messages`
  ADD PRIMARY KEY (`postinstall_message_id`);

--
-- Indexes for table `s0xl4_privacy_consents`
--
ALTER TABLE `s0xl4_privacy_consents`
  ADD PRIMARY KEY (`id`),
  ADD KEY `idx_user_id` (`user_id`);

--
-- Indexes for table `s0xl4_privacy_requests`
--
ALTER TABLE `s0xl4_privacy_requests`
  ADD PRIMARY KEY (`id`);

--
-- Indexes for table `s0xl4_redirect_links`
--
ALTER TABLE `s0xl4_redirect_links`
  ADD PRIMARY KEY (`id`),
  ADD KEY `idx_old_url` (`old_url`(100)),
  ADD KEY `idx_link_modifed` (`modified_date`);

--
-- Indexes for table `s0xl4_rokcandy`
--
ALTER TABLE `s0xl4_rokcandy`
  ADD PRIMARY KEY (`id`);

--
-- Indexes for table `s0xl4_rsfirewall_configuration`
--
ALTER TABLE `s0xl4_rsfirewall_configuration`
  ADD PRIMARY KEY (`name`);

--
-- Indexes for table `s0xl4_rsfirewall_exceptions`
--
ALTER TABLE `s0xl4_rsfirewall_exceptions`
  ADD PRIMARY KEY (`id`);

--
-- Indexes for table `s0xl4_rsfirewall_feeds`
--
ALTER TABLE `s0xl4_rsfirewall_feeds`
  ADD PRIMARY KEY (`id`);

--
-- Indexes for table `s0xl4_rsfirewall_hashes`
--
ALTER TABLE `s0xl4_rsfirewall_hashes`
  ADD PRIMARY KEY (`id`);

--
-- Indexes for table `s0xl4_rsfirewall_lists`
--
ALTER TABLE `s0xl4_rsfirewall_lists`
  ADD PRIMARY KEY (`id`),
  ADD KEY `published` (`published`),
  ADD KEY `type` (`type`),
  ADD KEY `ip` (`ip`);

--
-- Indexes for table `s0xl4_rsfirewall_logs`
--
ALTER TABLE `s0xl4_rsfirewall_logs`
  ADD PRIMARY KEY (`id`),
  ADD KEY `ip` (`ip`);

--
-- Indexes for table `s0xl4_rsfirewall_offenders`
--
ALTER TABLE `s0xl4_rsfirewall_offenders`
  ADD PRIMARY KEY (`id`);

--
-- Indexes for table `s0xl4_rsfirewall_signatures`
--
ALTER TABLE `s0xl4_rsfirewall_signatures`
  ADD PRIMARY KEY (`signature`,`type`);

--
-- Indexes for table `s0xl4_rsfirewall_snapshots`
--
ALTER TABLE `s0xl4_rsfirewall_snapshots`
  ADD PRIMARY KEY (`id`);

--
-- Indexes for table `s0xl4_rsform_calculations`
--
ALTER TABLE `s0xl4_rsform_calculations`
  ADD PRIMARY KEY (`id`);

--
-- Indexes for table `s0xl4_rsform_components`
--
ALTER TABLE `s0xl4_rsform_components`
  ADD UNIQUE KEY `ComponentId` (`ComponentId`),
  ADD KEY `ComponentTypeId` (`ComponentTypeId`),
  ADD KEY `FormId` (`FormId`);

--
-- Indexes for table `s0xl4_rsform_component_types`
--
ALTER TABLE `s0xl4_rsform_component_types`
  ADD PRIMARY KEY (`ComponentTypeId`);

--
-- Indexes for table `s0xl4_rsform_component_type_fields`
--
ALTER TABLE `s0xl4_rsform_component_type_fields`
  ADD KEY `ComponentTypeId` (`ComponentTypeId`);

--
-- Indexes for table `s0xl4_rsform_conditions`
--
ALTER TABLE `s0xl4_rsform_conditions`
  ADD PRIMARY KEY (`id`),
  ADD KEY `form_id` (`form_id`),
  ADD KEY `component_id` (`component_id`);

--
-- Indexes for table `s0xl4_rsform_condition_details`
--
ALTER TABLE `s0xl4_rsform_condition_details`
  ADD PRIMARY KEY (`id`),
  ADD KEY `condition_id` (`condition_id`),
  ADD KEY `component_id` (`component_id`);

--
-- Indexes for table `s0xl4_rsform_config`
--
ALTER TABLE `s0xl4_rsform_config`
  ADD PRIMARY KEY (`SettingName`);

--
-- Indexes for table `s0xl4_rsform_directory`
--
ALTER TABLE `s0xl4_rsform_directory`
  ADD PRIMARY KEY (`formId`);

--
-- Indexes for table `s0xl4_rsform_directory_fields`
--
ALTER TABLE `s0xl4_rsform_directory_fields`
  ADD UNIQUE KEY `formId` (`formId`,`componentId`);

--
-- Indexes for table `s0xl4_rsform_emails`
--
ALTER TABLE `s0xl4_rsform_emails`
  ADD PRIMARY KEY (`id`);

--
-- Indexes for table `s0xl4_rsform_forms`
--
ALTER TABLE `s0xl4_rsform_forms`
  ADD PRIMARY KEY (`FormId`);

--
-- Indexes for table `s0xl4_rsform_mappings`
--
ALTER TABLE `s0xl4_rsform_mappings`
  ADD PRIMARY KEY (`id`);

--
-- Indexes for table `s0xl4_rsform_posts`
--
ALTER TABLE `s0xl4_rsform_posts`
  ADD PRIMARY KEY (`form_id`);

--
-- Indexes for table `s0xl4_rsform_properties`
--
ALTER TABLE `s0xl4_rsform_properties`
  ADD UNIQUE KEY `PropertyId` (`PropertyId`),
  ADD KEY `ComponentId` (`ComponentId`);

--
-- Indexes for table `s0xl4_rsform_submissions`
--
ALTER TABLE `s0xl4_rsform_submissions`
  ADD PRIMARY KEY (`SubmissionId`),
  ADD KEY `FormId` (`FormId`),
  ADD KEY `SubmissionId` (`SubmissionId`,`FormId`,`DateSubmitted`),
  ADD KEY `SubmissionHash` (`SubmissionHash`);

--
-- Indexes for table `s0xl4_rsform_submission_columns`
--
ALTER TABLE `s0xl4_rsform_submission_columns`
  ADD PRIMARY KEY (`FormId`,`ColumnName`,`ColumnStatic`);

--
-- Indexes for table `s0xl4_rsform_submission_values`
--
ALTER TABLE `s0xl4_rsform_submission_values`
  ADD PRIMARY KEY (`SubmissionValueId`),
  ADD KEY `FormId` (`FormId`),
  ADD KEY `SubmissionId` (`SubmissionId`);

--
-- Indexes for table `s0xl4_rsform_translations`
--
ALTER TABLE `s0xl4_rsform_translations`
  ADD PRIMARY KEY (`id`),
  ADD KEY `form_id` (`form_id`);

--
-- Indexes for table `s0xl4_schemas`
--
ALTER TABLE `s0xl4_schemas`
  ADD PRIMARY KEY (`extension_id`,`version_id`);

--
-- Indexes for table `s0xl4_tags`
--
ALTER TABLE `s0xl4_tags`
  ADD PRIMARY KEY (`id`),
  ADD KEY `tag_idx` (`published`,`access`),
  ADD KEY `idx_access` (`access`),
  ADD KEY `idx_checkout` (`checked_out`),
  ADD KEY `idx_path` (`path`(100)),
  ADD KEY `idx_left_right` (`lft`,`rgt`),
  ADD KEY `idx_alias` (`alias`(100)),
  ADD KEY `idx_language` (`language`);

--
-- Indexes for table `s0xl4_template_styles`
--
ALTER TABLE `s0xl4_template_styles`
  ADD PRIMARY KEY (`id`),
  ADD KEY `idx_template` (`template`),
  ADD KEY `idx_client_id` (`client_id`),
  ADD KEY `idx_client_id_home` (`client_id`,`home`);

--
-- Indexes for table `s0xl4_ucm_base`
--
ALTER TABLE `s0xl4_ucm_base`
  ADD PRIMARY KEY (`ucm_id`),
  ADD KEY `idx_ucm_item_id` (`ucm_item_id`),
  ADD KEY `idx_ucm_type_id` (`ucm_type_id`),
  ADD KEY `idx_ucm_language_id` (`ucm_language_id`);

--
-- Indexes for table `s0xl4_ucm_content`
--
ALTER TABLE `s0xl4_ucm_content`
  ADD PRIMARY KEY (`core_content_id`),
  ADD KEY `tag_idx` (`core_state`,`core_access`),
  ADD KEY `idx_access` (`core_access`),
  ADD KEY `idx_alias` (`core_alias`(100)),
  ADD KEY `idx_language` (`core_language`),
  ADD KEY `idx_title` (`core_title`(100)),
  ADD KEY `idx_modified_time` (`core_modified_time`),
  ADD KEY `idx_created_time` (`core_created_time`),
  ADD KEY `idx_content_type` (`core_type_alias`(100)),
  ADD KEY `idx_core_modified_user_id` (`core_modified_user_id`),
  ADD KEY `idx_core_checked_out_user_id` (`core_checked_out_user_id`),
  ADD KEY `idx_core_created_user_id` (`core_created_user_id`),
  ADD KEY `idx_core_type_id` (`core_type_id`);

--
-- Indexes for table `s0xl4_ucm_history`
--
ALTER TABLE `s0xl4_ucm_history`
  ADD PRIMARY KEY (`version_id`),
  ADD KEY `idx_ucm_item_id` (`ucm_type_id`,`ucm_item_id`),
  ADD KEY `idx_save_date` (`save_date`);

--
-- Indexes for table `s0xl4_updates`
--
ALTER TABLE `s0xl4_updates`
  ADD PRIMARY KEY (`update_id`);

--
-- Indexes for table `s0xl4_update_sites`
--
ALTER TABLE `s0xl4_update_sites`
  ADD PRIMARY KEY (`update_site_id`);

--
-- Indexes for table `s0xl4_update_sites_extensions`
--
ALTER TABLE `s0xl4_update_sites_extensions`
  ADD PRIMARY KEY (`update_site_id`,`extension_id`);

--
-- Indexes for table `s0xl4_usergroups`
--
ALTER TABLE `s0xl4_usergroups`
  ADD PRIMARY KEY (`id`),
  ADD UNIQUE KEY `idx_usergroup_parent_title_lookup` (`parent_id`,`title`),
  ADD KEY `idx_usergroup_title_lookup` (`title`),
  ADD KEY `idx_usergroup_adjacency_lookup` (`parent_id`),
  ADD KEY `idx_usergroup_nested_set_lookup` (`lft`,`rgt`) USING BTREE;

--
-- Indexes for table `s0xl4_user_keys`
--
ALTER TABLE `s0xl4_user_keys`
  ADD PRIMARY KEY (`id`),
  ADD UNIQUE KEY `series` (`series`),
  ADD KEY `user_id` (`user_id`);

--
-- Indexes for table `s0xl4_user_notes`
--
ALTER TABLE `s0xl4_user_notes`
  ADD PRIMARY KEY (`id`),
  ADD KEY `idx_user_id` (`user_id`),
  ADD KEY `idx_category_id` (`catid`);

--
-- Indexes for table `s0xl4_user_profiles`
--
ALTER TABLE `s0xl4_user_profiles`
  ADD UNIQUE KEY `idx_user_id_profile_key` (`user_id`,`profile_key`);

--
-- Indexes for table `s0xl4_user_usergroup_map`
--
ALTER TABLE `s0xl4_user_usergroup_map`
  ADD PRIMARY KEY (`user_id`,`group_id`);

--
-- Indexes for table `s0xl4_viewlevels`
--
ALTER TABLE `s0xl4_viewlevels`
  ADD PRIMARY KEY (`id`),
  ADD UNIQUE KEY `idx_assetgroup_title_lookup` (`title`);

--
-- Indexes for table `s0xl4_wf_profiles`
--
ALTER TABLE `s0xl4_wf_profiles`
  ADD PRIMARY KEY (`id`);

--
-- AUTO_INCREMENT for dumped tables
--

--
-- AUTO_INCREMENT for table `s0xl4_action_logs`
--
ALTER TABLE `s0xl4_action_logs`
  MODIFY `id` int(10) UNSIGNED NOT NULL AUTO_INCREMENT, AUTO_INCREMENT=2718;

--
-- AUTO_INCREMENT for table `s0xl4_action_logs_extensions`
--
ALTER TABLE `s0xl4_action_logs_extensions`
  MODIFY `id` int(10) UNSIGNED NOT NULL AUTO_INCREMENT, AUTO_INCREMENT=19;

--
-- AUTO_INCREMENT for table `s0xl4_action_log_config`
--
ALTER TABLE `s0xl4_action_log_config`
  MODIFY `id` int(10) UNSIGNED NOT NULL AUTO_INCREMENT, AUTO_INCREMENT=20;

--
-- AUTO_INCREMENT for table `s0xl4_assets`
--
ALTER TABLE `s0xl4_assets`
  MODIFY `id` int(10) UNSIGNED NOT NULL AUTO_INCREMENT COMMENT 'Primary Key', AUTO_INCREMENT=138;

--
-- AUTO_INCREMENT for table `s0xl4_banners`
--
ALTER TABLE `s0xl4_banners`
  MODIFY `id` int(11) NOT NULL AUTO_INCREMENT;

--
-- AUTO_INCREMENT for table `s0xl4_banner_clients`
--
ALTER TABLE `s0xl4_banner_clients`
  MODIFY `id` int(11) NOT NULL AUTO_INCREMENT;

--
-- AUTO_INCREMENT for table `s0xl4_categories`
--
ALTER TABLE `s0xl4_categories`
  MODIFY `id` int(11) NOT NULL AUTO_INCREMENT, AUTO_INCREMENT=13;

--
-- AUTO_INCREMENT for table `s0xl4_contact_details`
--
ALTER TABLE `s0xl4_contact_details`
  MODIFY `id` int(11) NOT NULL AUTO_INCREMENT;

--
-- AUTO_INCREMENT for table `s0xl4_content`
--
ALTER TABLE `s0xl4_content`
  MODIFY `id` int(10) UNSIGNED NOT NULL AUTO_INCREMENT, AUTO_INCREMENT=29;

--
-- AUTO_INCREMENT for table `s0xl4_content_types`
--
ALTER TABLE `s0xl4_content_types`
  MODIFY `type_id` int(10) UNSIGNED NOT NULL AUTO_INCREMENT, AUTO_INCREMENT=14;

--
-- AUTO_INCREMENT for table `s0xl4_extensions`
--
ALTER TABLE `s0xl4_extensions`
  MODIFY `extension_id` int(11) NOT NULL AUTO_INCREMENT, AUTO_INCREMENT=10042;

--
-- AUTO_INCREMENT for table `s0xl4_fields`
--
ALTER TABLE `s0xl4_fields`
  MODIFY `id` int(10) UNSIGNED NOT NULL AUTO_INCREMENT;

--
-- AUTO_INCREMENT for table `s0xl4_fields_groups`
--
ALTER TABLE `s0xl4_fields_groups`
  MODIFY `id` int(10) UNSIGNED NOT NULL AUTO_INCREMENT;

--
-- AUTO_INCREMENT for table `s0xl4_finder_filters`
--
ALTER TABLE `s0xl4_finder_filters`
  MODIFY `filter_id` int(10) UNSIGNED NOT NULL AUTO_INCREMENT;

--
-- AUTO_INCREMENT for table `s0xl4_finder_links`
--
ALTER TABLE `s0xl4_finder_links`
  MODIFY `link_id` int(10) UNSIGNED NOT NULL AUTO_INCREMENT;

--
-- AUTO_INCREMENT for table `s0xl4_finder_taxonomy`
--
ALTER TABLE `s0xl4_finder_taxonomy`
  MODIFY `id` int(10) UNSIGNED NOT NULL AUTO_INCREMENT, AUTO_INCREMENT=2;

--
-- AUTO_INCREMENT for table `s0xl4_finder_terms`
--
ALTER TABLE `s0xl4_finder_terms`
  MODIFY `term_id` int(10) UNSIGNED NOT NULL AUTO_INCREMENT;

--
-- AUTO_INCREMENT for table `s0xl4_finder_types`
--
ALTER TABLE `s0xl4_finder_types`
  MODIFY `id` int(10) UNSIGNED NOT NULL AUTO_INCREMENT;

--
-- AUTO_INCREMENT for table `s0xl4_igallery`
--
ALTER TABLE `s0xl4_igallery`
  MODIFY `id` int(9) NOT NULL AUTO_INCREMENT;

--
-- AUTO_INCREMENT for table `s0xl4_igallery_img`
--
ALTER TABLE `s0xl4_igallery_img`
  MODIFY `id` int(9) NOT NULL AUTO_INCREMENT;

--
-- AUTO_INCREMENT for table `s0xl4_igallery_profiles`
--
ALTER TABLE `s0xl4_igallery_profiles`
  MODIFY `id` int(5) NOT NULL AUTO_INCREMENT, AUTO_INCREMENT=2;

--
-- AUTO_INCREMENT for table `s0xl4_igallery_ratings`
--
ALTER TABLE `s0xl4_igallery_ratings`
  MODIFY `id` int(11) NOT NULL AUTO_INCREMENT;

--
-- AUTO_INCREMENT for table `s0xl4_languages`
--
ALTER TABLE `s0xl4_languages`
  MODIFY `lang_id` int(11) UNSIGNED NOT NULL AUTO_INCREMENT, AUTO_INCREMENT=3;

--
-- AUTO_INCREMENT for table `s0xl4_menu`
--
ALTER TABLE `s0xl4_menu`
  MODIFY `id` int(11) NOT NULL AUTO_INCREMENT, AUTO_INCREMENT=180;

--
-- AUTO_INCREMENT for table `s0xl4_menu_types`
--
ALTER TABLE `s0xl4_menu_types`
  MODIFY `id` int(10) UNSIGNED NOT NULL AUTO_INCREMENT, AUTO_INCREMENT=7;

--
-- AUTO_INCREMENT for table `s0xl4_messages`
--
ALTER TABLE `s0xl4_messages`
  MODIFY `message_id` int(10) UNSIGNED NOT NULL AUTO_INCREMENT;

--
-- AUTO_INCREMENT for table `s0xl4_modules`
--
ALTER TABLE `s0xl4_modules`
  MODIFY `id` int(11) NOT NULL AUTO_INCREMENT, AUTO_INCREMENT=118;

--
-- AUTO_INCREMENT for table `s0xl4_newsfeeds`
--
ALTER TABLE `s0xl4_newsfeeds`
  MODIFY `id` int(10) UNSIGNED NOT NULL AUTO_INCREMENT;

--
-- AUTO_INCREMENT for table `s0xl4_overrider`
--
ALTER TABLE `s0xl4_overrider`
  MODIFY `id` int(10) NOT NULL AUTO_INCREMENT COMMENT 'Primary Key';

--
-- AUTO_INCREMENT for table `s0xl4_postinstall_messages`
--
ALTER TABLE `s0xl4_postinstall_messages`
  MODIFY `postinstall_message_id` bigint(20) UNSIGNED NOT NULL AUTO_INCREMENT, AUTO_INCREMENT=10;

--
-- AUTO_INCREMENT for table `s0xl4_privacy_consents`
--
ALTER TABLE `s0xl4_privacy_consents`
  MODIFY `id` int(10) UNSIGNED NOT NULL AUTO_INCREMENT;

--
-- AUTO_INCREMENT for table `s0xl4_privacy_requests`
--
ALTER TABLE `s0xl4_privacy_requests`
  MODIFY `id` int(10) UNSIGNED NOT NULL AUTO_INCREMENT;

--
-- AUTO_INCREMENT for table `s0xl4_redirect_links`
--
ALTER TABLE `s0xl4_redirect_links`
  MODIFY `id` int(10) UNSIGNED NOT NULL AUTO_INCREMENT;

--
-- AUTO_INCREMENT for table `s0xl4_rokcandy`
--
ALTER TABLE `s0xl4_rokcandy`
  MODIFY `id` int(11) UNSIGNED NOT NULL AUTO_INCREMENT, AUTO_INCREMENT=29;

--
-- AUTO_INCREMENT for table `s0xl4_rsfirewall_exceptions`
--
ALTER TABLE `s0xl4_rsfirewall_exceptions`
  MODIFY `id` int(11) NOT NULL AUTO_INCREMENT;

--
-- AUTO_INCREMENT for table `s0xl4_rsfirewall_feeds`
--
ALTER TABLE `s0xl4_rsfirewall_feeds`
  MODIFY `id` int(11) NOT NULL AUTO_INCREMENT, AUTO_INCREMENT=2;

--
-- AUTO_INCREMENT for table `s0xl4_rsfirewall_hashes`
--
ALTER TABLE `s0xl4_rsfirewall_hashes`
  MODIFY `id` int(11) NOT NULL AUTO_INCREMENT, AUTO_INCREMENT=341;

--
-- AUTO_INCREMENT for table `s0xl4_rsfirewall_lists`
--
ALTER TABLE `s0xl4_rsfirewall_lists`
  MODIFY `id` int(11) NOT NULL AUTO_INCREMENT;

--
-- AUTO_INCREMENT for table `s0xl4_rsfirewall_logs`
--
ALTER TABLE `s0xl4_rsfirewall_logs`
  MODIFY `id` int(11) NOT NULL AUTO_INCREMENT;

--
-- AUTO_INCREMENT for table `s0xl4_rsfirewall_offenders`
--
ALTER TABLE `s0xl4_rsfirewall_offenders`
  MODIFY `id` int(11) NOT NULL AUTO_INCREMENT;

--
-- AUTO_INCREMENT for table `s0xl4_rsfirewall_snapshots`
--
ALTER TABLE `s0xl4_rsfirewall_snapshots`
  MODIFY `id` int(11) NOT NULL AUTO_INCREMENT;

--
-- AUTO_INCREMENT for table `s0xl4_rsform_calculations`
--
ALTER TABLE `s0xl4_rsform_calculations`
  MODIFY `id` int(11) NOT NULL AUTO_INCREMENT;

--
-- AUTO_INCREMENT for table `s0xl4_rsform_components`
--
ALTER TABLE `s0xl4_rsform_components`
  MODIFY `ComponentId` int(11) NOT NULL AUTO_INCREMENT, AUTO_INCREMENT=23;

--
-- AUTO_INCREMENT for table `s0xl4_rsform_component_types`
--
ALTER TABLE `s0xl4_rsform_component_types`
  MODIFY `ComponentTypeId` int(11) NOT NULL AUTO_INCREMENT, AUTO_INCREMENT=412;

--
-- AUTO_INCREMENT for table `s0xl4_rsform_conditions`
--
ALTER TABLE `s0xl4_rsform_conditions`
  MODIFY `id` int(11) NOT NULL AUTO_INCREMENT;

--
-- AUTO_INCREMENT for table `s0xl4_rsform_condition_details`
--
ALTER TABLE `s0xl4_rsform_condition_details`
  MODIFY `id` int(11) NOT NULL AUTO_INCREMENT;

--
-- AUTO_INCREMENT for table `s0xl4_rsform_emails`
--
ALTER TABLE `s0xl4_rsform_emails`
  MODIFY `id` int(11) NOT NULL AUTO_INCREMENT;

--
-- AUTO_INCREMENT for table `s0xl4_rsform_forms`
--
ALTER TABLE `s0xl4_rsform_forms`
  MODIFY `FormId` int(11) NOT NULL AUTO_INCREMENT, AUTO_INCREMENT=3;

--
-- AUTO_INCREMENT for table `s0xl4_rsform_mappings`
--
ALTER TABLE `s0xl4_rsform_mappings`
  MODIFY `id` int(11) NOT NULL AUTO_INCREMENT;

--
-- AUTO_INCREMENT for table `s0xl4_rsform_properties`
--
ALTER TABLE `s0xl4_rsform_properties`
  MODIFY `PropertyId` int(11) NOT NULL AUTO_INCREMENT, AUTO_INCREMENT=151;

--
-- AUTO_INCREMENT for table `s0xl4_rsform_submissions`
--
ALTER TABLE `s0xl4_rsform_submissions`
  MODIFY `SubmissionId` int(11) NOT NULL AUTO_INCREMENT;

--
-- AUTO_INCREMENT for table `s0xl4_rsform_submission_values`
--
ALTER TABLE `s0xl4_rsform_submission_values`
  MODIFY `SubmissionValueId` int(11) NOT NULL AUTO_INCREMENT;

--
-- AUTO_INCREMENT for table `s0xl4_rsform_translations`
--
ALTER TABLE `s0xl4_rsform_translations`
  MODIFY `id` int(11) NOT NULL AUTO_INCREMENT;

--
-- AUTO_INCREMENT for table `s0xl4_tags`
--
ALTER TABLE `s0xl4_tags`
  MODIFY `id` int(10) UNSIGNED NOT NULL AUTO_INCREMENT, AUTO_INCREMENT=2;

--
-- AUTO_INCREMENT for table `s0xl4_template_styles`
--
ALTER TABLE `s0xl4_template_styles`
  MODIFY `id` int(10) UNSIGNED NOT NULL AUTO_INCREMENT, AUTO_INCREMENT=20;

--
-- AUTO_INCREMENT for table `s0xl4_ucm_content`
--
ALTER TABLE `s0xl4_ucm_content`
  MODIFY `core_content_id` int(10) UNSIGNED NOT NULL AUTO_INCREMENT;

--
-- AUTO_INCREMENT for table `s0xl4_ucm_history`
--
ALTER TABLE `s0xl4_ucm_history`
  MODIFY `version_id` int(10) UNSIGNED NOT NULL AUTO_INCREMENT, AUTO_INCREMENT=398;

--
-- AUTO_INCREMENT for table `s0xl4_updates`
--
ALTER TABLE `s0xl4_updates`
  MODIFY `update_id` int(11) NOT NULL AUTO_INCREMENT, AUTO_INCREMENT=43;

--
-- AUTO_INCREMENT for table `s0xl4_update_sites`
--
ALTER TABLE `s0xl4_update_sites`
  MODIFY `update_site_id` int(11) NOT NULL AUTO_INCREMENT, AUTO_INCREMENT=13;

--
-- AUTO_INCREMENT for table `s0xl4_usergroups`
--
ALTER TABLE `s0xl4_usergroups`
  MODIFY `id` int(10) UNSIGNED NOT NULL AUTO_INCREMENT COMMENT 'Primary Key', AUTO_INCREMENT=10;

--
-- AUTO_INCREMENT for table `s0xl4_user_keys`
--
ALTER TABLE `s0xl4_user_keys`
  MODIFY `id` int(10) UNSIGNED NOT NULL AUTO_INCREMENT;

--
-- AUTO_INCREMENT for table `s0xl4_user_notes`
--
ALTER TABLE `s0xl4_user_notes`
  MODIFY `id` int(10) UNSIGNED NOT NULL AUTO_INCREMENT;

--
-- AUTO_INCREMENT for table `s0xl4_viewlevels`
--
ALTER TABLE `s0xl4_viewlevels`
  MODIFY `id` int(10) UNSIGNED NOT NULL AUTO_INCREMENT COMMENT 'Primary Key', AUTO_INCREMENT=7;

--
-- AUTO_INCREMENT for table `s0xl4_wf_profiles`
--
ALTER TABLE `s0xl4_wf_profiles`
  MODIFY `id` int(11) NOT NULL AUTO_INCREMENT, AUTO_INCREMENT=6;
COMMIT;

